{"id":19222,"date":"2024-11-20T15:45:55","date_gmt":"2024-11-20T14:45:55","guid":{"rendered":"https:\/\/semmelweis.hu\/informatika\/?page_id=19222"},"modified":"2024-11-21T10:26:20","modified_gmt":"2024-11-21T09:26:20","slug":"outlook-emailek-nyomon-kovetese","status":"publish","type":"page","link":"https:\/\/semmelweis.hu\/informatika\/o365\/tutorial-anyagok\/outlook-emailek-nyomon-kovetese\/","title":{"rendered":"Outlook emailek nyomon k\u00f6vet\u00e9se"},"content":{"rendered":"<p><strong>Emailek nyomon k\u00f6vet\u00e9se \u2013 k\u00e9zbes\u00edt\u00e9si \u00e9s olvas\u00e1si visszaigazol\u00e1sok<\/strong><\/p>\n<p><strong>\u00a0<\/strong><\/p>\n<ol>\n<li><strong>Telep\u00edtett Outlook<\/strong><\/li>\n<\/ol>\n<p>\nLehet\u0151s\u00e9g\u00fcnk van a level\u00fcnk k\u00e9zbes\u00edt\u00e9s\u00e9t \u00e9s\/vagy olvas\u00e1s\u00e1nak st\u00e1tusz\u00e1t megk\u00e9rni a c\u00edmzett\u0151l, hogy megbizonyosodhassuk a level\u00fcnk sikeres elk\u00fcld\u00e9s\u00e9t illet\u0151en.<\/p>\n<p>Ehhez az Outlook f\u0151oldal bal fels\u0151 sark\u00e1ban nyomjunk az <em>\u00daj email<\/em> gombra, majd kattintsunk a<em> Be\u00e1ll\u00edt\u00e1sok<\/em> f\u00fclre,<\/p>\n<p><img loading=\"lazy\" decoding=\"async\" class=\"size-full wp-image-19225 aligncenter\" src=\"https:\/\/semmelweis.hu\/informatika\/files\/2024\/11\/Kep1.png\" alt=\"\" width=\"604\" height=\"265\" srcset=\"https:\/\/semmelweis.hu\/informatika\/files\/2024\/11\/Kep1.png 604w, https:\/\/semmelweis.hu\/informatika\/files\/2024\/11\/Kep1-400x175.png 400w\" sizes=\"auto, (max-width: 604px) 100vw, 604px\" \/><\/p>\n<p>\u2026majd a <em>K\u00e9zbes\u00edt\u00e9si visszaigazol\u00e1s k\u00e9r\u00e9se<\/em> \u00e9s <em>Olvas\u00e1si visszaigazol\u00e1s k\u00e9r\u00e9se<\/em> mez\u0151k mell\u00e9 <strong>tegy\u00fcnk pip\u00e1t<\/strong>.<\/p>\n<p><img loading=\"lazy\" decoding=\"async\" class=\"size-full wp-image-19227 aligncenter\" src=\"https:\/\/semmelweis.hu\/informatika\/files\/2024\/11\/Kep2.png\" alt=\"\" width=\"605\" height=\"298\" srcset=\"https:\/\/semmelweis.hu\/informatika\/files\/2024\/11\/Kep2.png 605w, https:\/\/semmelweis.hu\/informatika\/files\/2024\/11\/Kep2-400x197.png 400w\" sizes=\"auto, (max-width: 605px) 100vw, 605px\" \/><\/p>\n<p>Ezzel a be\u00e1ll\u00edt\u00e1ssal visszaigazol\u00e1st kapunk email form\u00e1ban, hogy a c\u00edmzett megkapta-e, illetve olvasta-e a level\u00fcnket.<\/p>\n<p><strong>Fontos: ez a be\u00e1ll\u00edt\u00e1s csak az aktu\u00e1lis lev\u00e9lre vonatkozik, a teljes Outlook-fi\u00f3kunkra vonatkoz\u00f3an lentebb tal\u00e1lhat le\u00edr\u00e1st!<\/strong><\/p>\n<p>&nbsp;<\/p>\n<p>Ahhoz, hogy az egyes visszaigazol\u00f3 emaileket \u00e1tl\u00e1that\u00f3bban tudjuk kezelni,<strong> sz\u00fcks\u00e9ges lehet egy \u00e1thelyez\u00e9si szab\u00e1ly l\u00e9trehoz\u00e1sa<\/strong>.<\/p>\n<p>Ehhez kattintsunk jobb klikkel egy m\u00e1r be\u00e9rkezett lev\u00e9lre, \u00e9s v\u00e1lasszuk az <em>\u00dczenetek automatikus \u00e1thelyez\u00e9se, ha a felad\u00f3 Microsoft Outlook<\/em>-opci\u00f3t.<\/p>\n<p><img loading=\"lazy\" decoding=\"async\" class=\"size-full wp-image-19228 aligncenter\" src=\"https:\/\/semmelweis.hu\/informatika\/files\/2024\/11\/Kep3.png\" alt=\"\" width=\"605\" height=\"398\" srcset=\"https:\/\/semmelweis.hu\/informatika\/files\/2024\/11\/Kep3.png 605w, https:\/\/semmelweis.hu\/informatika\/files\/2024\/11\/Kep3-400x263.png 400w, https:\/\/semmelweis.hu\/informatika\/files\/2024\/11\/Kep3-203x135.png 203w\" sizes=\"auto, (max-width: 605px) 100vw, 605px\" \/><\/p>\n<p>Hat\u00e1rozzunk meg ezeknek a leveleknek egy c\u00e9l k\u00f6nyvt\u00e1rat, \u00e9s hozzunk l\u00e9tre <em>a Be\u00e9rkezett \u00fczenetek<\/em> k\u00f6zt egy \u00faj mapp\u00e1t az <em>\u00daj mappa\u2026<\/em> gombra kattintva. Nevezz\u00fck el, \u00e9s kattintsunk az <em>OK<\/em>-gombra.<\/p>\n<p><img loading=\"lazy\" decoding=\"async\" class=\"size-full wp-image-19229 aligncenter\" src=\"https:\/\/semmelweis.hu\/informatika\/files\/2024\/11\/Kep4.png\" alt=\"\" width=\"605\" height=\"315\" srcset=\"https:\/\/semmelweis.hu\/informatika\/files\/2024\/11\/Kep4.png 605w, https:\/\/semmelweis.hu\/informatika\/files\/2024\/11\/Kep4-400x208.png 400w\" sizes=\"auto, (max-width: 605px) 100vw, 605px\" \/><\/p>\n<p>Kor\u00e1bbi \u00e9rtes\u00edt\u00e9seinket \u00edgy k\u00f6nnyen nyomon tudjuk k\u00f6vetni, amennyiben az im\u00e9nt meghat\u00e1rozott mapp\u00e1ba kattintunk. Fontos: \u00e9rdemes id\u0151r\u0151l-id\u0151re t\u00f6r\u00f6lni \u00e9s aktualiz\u00e1lni a mapp\u00e1t, hogy \u00e1tl\u00e1that\u00f3bbak legyenek az egyes \u00e9rtes\u00edt\u00e9sek.<\/p>\n<p><img loading=\"lazy\" decoding=\"async\" class=\"size-full wp-image-19231 aligncenter\" src=\"https:\/\/semmelweis.hu\/informatika\/files\/2024\/11\/Kep5.png\" alt=\"\" width=\"604\" height=\"293\" srcset=\"https:\/\/semmelweis.hu\/informatika\/files\/2024\/11\/Kep5.png 604w, https:\/\/semmelweis.hu\/informatika\/files\/2024\/11\/Kep5-400x194.png 400w\" sizes=\"auto, (max-width: 604px) 100vw, 604px\" \/><\/p>\n<p>\u00cdme egy p\u00e9lda egy k\u00e9zbes\u00edt\u00e9si hiba\u00fczenetre:<\/p>\n<p><img loading=\"lazy\" decoding=\"async\" class=\"size-full wp-image-19232 aligncenter\" src=\"https:\/\/semmelweis.hu\/informatika\/files\/2024\/11\/Kep6.png\" alt=\"\" width=\"1386\" height=\"476\" srcset=\"https:\/\/semmelweis.hu\/informatika\/files\/2024\/11\/Kep6.png 1386w, https:\/\/semmelweis.hu\/informatika\/files\/2024\/11\/Kep6-400x137.png 400w, https:\/\/semmelweis.hu\/informatika\/files\/2024\/11\/Kep6-1024x352.png 1024w, https:\/\/semmelweis.hu\/informatika\/files\/2024\/11\/Kep6-768x264.png 768w, https:\/\/semmelweis.hu\/informatika\/files\/2024\/11\/Kep6-753x259.png 753w\" sizes=\"auto, (max-width: 1386px) 100vw, 1386px\" \/><\/p>\n<p>Ha szeretn\u00e9nk, ha nem csak egyes leveleken, de <strong>a teljes levelez\u00e9s\u00fcnkre is hat\u00e1ssal lenn\u00e9nek a k\u00e9zbes\u00edt\u00e9si \u00e9s olvas\u00e1si visszaigazol\u00e1sok<\/strong>, \u00fagy a param\u00e9terez\u00e9sek a k\u00f6vetkez\u0151k:<\/p>\n<p>&nbsp;<\/p>\n<p>V\u00e1lasszuk az Outlook ablak bal fels\u0151 sark\u00e1ban a <em>F\u00e1jl<\/em>-f\u00fclet,<\/p>\n<p><img loading=\"lazy\" decoding=\"async\" class=\"size-full wp-image-19233 aligncenter\" src=\"https:\/\/semmelweis.hu\/informatika\/files\/2024\/11\/Kep7.png\" alt=\"\" width=\"605\" height=\"487\" srcset=\"https:\/\/semmelweis.hu\/informatika\/files\/2024\/11\/Kep7.png 605w, https:\/\/semmelweis.hu\/informatika\/files\/2024\/11\/Kep7-400x322.png 400w\" sizes=\"auto, (max-width: 605px) 100vw, 605px\" \/><\/p>\n<p>\u2026 \u00e9s kattintsunk bal alul a <em>Be\u00e1ll\u00edt\u00e1sokra<\/em>.<br \/>\n<img loading=\"lazy\" decoding=\"async\" class=\"size-full wp-image-19234 aligncenter\" src=\"https:\/\/semmelweis.hu\/informatika\/files\/2024\/11\/Kep8.png\" alt=\"\" width=\"604\" height=\"493\" srcset=\"https:\/\/semmelweis.hu\/informatika\/files\/2024\/11\/Kep8.png 604w, https:\/\/semmelweis.hu\/informatika\/files\/2024\/11\/Kep8-400x326.png 400w\" sizes=\"auto, (max-width: 604px) 100vw, 604px\" \/><\/p>\n<p>Kattintsunk az oldals\u00f3 s\u00e1vban a Levelek-gombra,<\/p>\n<p><img loading=\"lazy\" decoding=\"async\" class=\"size-full wp-image-19235 aligncenter\" src=\"https:\/\/semmelweis.hu\/informatika\/files\/2024\/11\/Kep9.png\" alt=\"\" width=\"605\" height=\"434\" srcset=\"https:\/\/semmelweis.hu\/informatika\/files\/2024\/11\/Kep9.png 605w, https:\/\/semmelweis.hu\/informatika\/files\/2024\/11\/Kep9-400x287.png 400w\" sizes=\"auto, (max-width: 605px) 100vw, 605px\" \/><\/p>\n<p>\u2026majd g\u00f6rgess\u00fcnk le <em>Nyomon k\u00f6vet\u00e9s<\/em>-szekci\u00f3ra, \u00e9s v\u00e1lasszuk a <em>Mindig k\u00fcldj\u00f6n olvas\u00e1si visszaigazol\u00e1st-<\/em>opci\u00f3t.<\/p>\n<p><img loading=\"lazy\" decoding=\"async\" class=\"size-full wp-image-19236 aligncenter\" src=\"https:\/\/semmelweis.hu\/informatika\/files\/2024\/11\/Kep10.png\" alt=\"\" width=\"605\" height=\"436\" srcset=\"https:\/\/semmelweis.hu\/informatika\/files\/2024\/11\/Kep10.png 605w, https:\/\/semmelweis.hu\/informatika\/files\/2024\/11\/Kep10-400x288.png 400w\" sizes=\"auto, (max-width: 605px) 100vw, 605px\" \/><\/p>\n<p>Amennyiben <em>olvas\u00e1si visszaigazol\u00e1st szeretn\u00e9nk k\u00e9rni, amely meger\u0151s\u00edti, hogy a c\u00edmzett megtekintette az \u00fczenetet<\/em>, \u00fagy v\u00e1lasszuk a vonatkoz\u00f3 opci\u00f3t, \u00e9s pip\u00e1ljuk be.<\/p>\n<p><img loading=\"lazy\" decoding=\"async\" class=\"size-full wp-image-19237 aligncenter\" src=\"https:\/\/semmelweis.hu\/informatika\/files\/2024\/11\/Kep11.png\" alt=\"\" width=\"605\" height=\"437\" srcset=\"https:\/\/semmelweis.hu\/informatika\/files\/2024\/11\/Kep11.png 605w, https:\/\/semmelweis.hu\/informatika\/files\/2024\/11\/Kep11-400x289.png 400w\" sizes=\"auto, (max-width: 605px) 100vw, 605px\" \/><\/p>\n<p>&nbsp;<\/p>\n<ol start=\"2\">\n<li><strong>B\u00f6ng\u00e9sz\u0151s Outlook<\/strong><\/li>\n<\/ol>\n<p>&nbsp;<\/p>\n<p><strong>Lehet\u0151s\u00e9g\u00fcnk van a level\u00fcnk k\u00e9zbes\u00edt\u00e9s\u00e9t \u00e9s\/vagy olvas\u00e1s\u00e1nak st\u00e1tusz\u00e1t megk\u00e9rni a c\u00edmzett\u0151l b\u00f6ng\u00e9sz\u0151ben<\/strong>, a <a href=\"https:\/\/outlook.office.com\/\">https:\/\/outlook.office.com\/<\/a> oldalon kereszt\u00fcl is.<\/p>\n<p>Ehhez navig\u00e1ljunk a <a href=\"https:\/\/outlook.office.com\/mail\/options\/mail\/handling\">https:\/\/outlook.office.com\/mail\/options\/mail\/handling<\/a> oldalra (<em>Be\u00e1ll\u00edt\u00e1sok \u2013 Posta \u2013 \u00dczenetkezel\u00e9s<\/em>), ahol az <em>Olvas\u00e1si visszaigazol\u00e1sok<\/em>-szekci\u00f3 alatt defini\u00e1lhatjuk a visszajelz\u00e9sek esetis\u00e9g\u00e9t.<\/p>\n<p><img loading=\"lazy\" decoding=\"async\" class=\"size-full wp-image-19238 aligncenter\" src=\"https:\/\/semmelweis.hu\/informatika\/files\/2024\/11\/Kep12.png\" alt=\"\" width=\"604\" height=\"410\" srcset=\"https:\/\/semmelweis.hu\/informatika\/files\/2024\/11\/Kep12.png 604w, https:\/\/semmelweis.hu\/informatika\/files\/2024\/11\/Kep12-400x272.png 400w, https:\/\/semmelweis.hu\/informatika\/files\/2024\/11\/Kep12-175x120.png 175w\" sizes=\"auto, (max-width: 604px) 100vw, 604px\" \/><\/p>\n<p><strong>Fontos: az Outlook az egym\u00e1shoz k\u00f6thet\u0151 leveleket csoportokba gy\u0171jti, \u00edgy \u00f6nk\u00e9ntelen\u00fcl is figyelmen k\u00edv\u00fcl hagyhatunk v\u00e1lasz\u00fczeneteket.<\/strong><\/p>\n<p>\u00c9pp ez\u00e9rt fontos be\u00e1ll\u00edtani a <a href=\"https:\/\/outlook.office.com\/mail\/options\/mail\/layout\">https:\/\/outlook.office.com\/mail\/options\/mail\/layout<\/a> oldalon (<em>Be\u00e1ll\u00edt\u00e1sok \u2013 Posta \u2013 Elrendez\u00e9s<\/em>), hogy az<em> \u00dczenetek rendez\u00e9s\u00e9nek mell\u0151z\u00e9se <\/em><strong>be legyen kapcsolva<\/strong>, valamint hogy az <em>Emailek megjelen\u00edt\u00e9se k\u00fcl\u00f6n\u00e1ll\u00f3 \u00fczenetekk\u00e9nt<\/em> <strong>legyen kiv\u00e1lasztva<\/strong>!<\/p>\n<p><img loading=\"lazy\" decoding=\"async\" class=\"size-full wp-image-19239 aligncenter\" src=\"https:\/\/semmelweis.hu\/informatika\/files\/2024\/11\/Kep13.png\" alt=\"\" width=\"605\" height=\"411\" srcset=\"https:\/\/semmelweis.hu\/informatika\/files\/2024\/11\/Kep13.png 605w, https:\/\/semmelweis.hu\/informatika\/files\/2024\/11\/Kep13-400x272.png 400w, https:\/\/semmelweis.hu\/informatika\/files\/2024\/11\/Kep13-175x120.png 175w\" sizes=\"auto, (max-width: 605px) 100vw, 605px\" \/><\/p>\n<p><strong>Fontos: Ahhoz, hogy minden levelet (melyet a saj\u00e1t @semmelweis.hu-s c\u00edm\u00fcnkre k\u00fcldtek) marad\u00e9ktalanul l\u00e1thassuk, sz\u00fcks\u00e9ges l\u00e9p\u00e9s a Sz\u0171rt levelek kikapcsol\u00e1sa!<\/strong><\/p>\n<p>Ezt b\u00f6ng\u00e9sz\u0151ben a fentebb \u00edrt m\u00f3don, a telep\u00edtett v\u00e1ltozatban pedig a <em>N\u00e9zet<\/em>-men\u00fcpont alatt a Sz\u0171rt levelek megjelen\u00edt\u00e9se gombra tudjuk be-, illetve kikapcsolni.<\/p>\n<p>&nbsp;<\/p>\n<p><strong>O365 Helpdesk<\/strong><\/p>\n<p><a href=\"mailto:o365helpdesk@semmelweis.hu\">o365helpdesk@semmelweis.hu<\/a><\/p>\n<p><a href=\"tel:+36%2030%20016%204702\">+36 30 016 4702<\/a><\/p>\n","protected":false},"excerpt":{"rendered":"<p>Emailek nyomon k\u00f6vet\u00e9se \u2013 k\u00e9zbes\u00edt\u00e9si \u00e9s olvas\u00e1si visszaigazol\u00e1sok \u00a0 Telep\u00edtett Outlook Lehet\u0151s\u00e9g\u00fcnk van a level\u00fcnk k\u00e9zbes\u00edt\u00e9s\u00e9t \u00e9s\/vagy olvas\u00e1s\u00e1nak st\u00e1tusz\u00e1t megk\u00e9rni a c\u00edmzett\u0151l, hogy megbizonyosodhassuk a level\u00fcnk sikeres elk\u00fcld\u00e9s\u00e9t illet\u0151en. Ehhez az Outlook f\u0151oldal bal fels\u0151 sark\u00e1ban nyomjunk az \u00daj email gombra, majd kattintsunk a Be\u00e1ll\u00edt\u00e1sok f\u00fclre, \u2026majd a K\u00e9zbes\u00edt\u00e9si visszaigazol\u00e1s k\u00e9r\u00e9se \u00e9s Olvas\u00e1si visszaigazol\u00e1s k\u00e9r\u00e9se &hellip;<\/p>\n","protected":false},"author":102084,"featured_media":0,"parent":16372,"menu_order":0,"comment_status":"closed","ping_status":"closed","template":"","meta":{"_acf_changed":false,"footnotes":""},"categories":[],"tags":[],"class_list":["post-19222","page","type-page","status-publish","hentry"],"acf":[],"_links":{"self":[{"href":"https:\/\/semmelweis.hu\/informatika\/wp-json\/wp\/v2\/pages\/19222","targetHints":{"allow":["GET"]}}],"collection":[{"href":"https:\/\/semmelweis.hu\/informatika\/wp-json\/wp\/v2\/pages"}],"about":[{"href":"https:\/\/semmelweis.hu\/informatika\/wp-json\/wp\/v2\/types\/page"}],"author":[{"embeddable":true,"href":"https:\/\/semmelweis.hu\/informatika\/wp-json\/wp\/v2\/users\/102084"}],"replies":[{"embeddable":true,"href":"https:\/\/semmelweis.hu\/informatika\/wp-json\/wp\/v2\/comments?post=19222"}],"version-history":[{"count":4,"href":"https:\/\/semmelweis.hu\/informatika\/wp-json\/wp\/v2\/pages\/19222\/revisions"}],"predecessor-version":[{"id":19240,"href":"https:\/\/semmelweis.hu\/informatika\/wp-json\/wp\/v2\/pages\/19222\/revisions\/19240"}],"up":[{"embeddable":true,"href":"https:\/\/semmelweis.hu\/informatika\/wp-json\/wp\/v2\/pages\/16372"}],"wp:attachment":[{"href":"https:\/\/semmelweis.hu\/informatika\/wp-json\/wp\/v2\/media?parent=19222"}],"wp:term":[{"taxonomy":"category","embeddable":true,"href":"https:\/\/semmelweis.hu\/informatika\/wp-json\/wp\/v2\/categories?post=19222"},{"taxonomy":"post_tag","embeddable":true,"href":"https:\/\/semmelweis.hu\/informatika\/wp-json\/wp\/v2\/tags?post=19222"}],"curies":[{"name":"wp","href":"https:\/\/api.w.org\/{rel}","templated":true}]}}