{"id":17223,"date":"2022-12-06T14:29:55","date_gmt":"2022-12-06T13:29:55","guid":{"rendered":"https:\/\/semmelweis.hu\/informatika\/?page_id=17223"},"modified":"2023-01-10T14:18:29","modified_gmt":"2023-01-10T13:18:29","slug":"hibajelzes","status":"publish","type":"page","link":"https:\/\/semmelweis.hu\/informatika\/egyeb-szolgaltatasok\/egyeb-szolgaltatasok-2\/semmelweis-mobilapplikacio\/hibajelzes\/","title":{"rendered":"Hibajelz\u00e9s"},"content":{"rendered":"<p style=\"text-align: center;\"><span style=\"font-size: 18pt;\">Mobil applik\u00e1ci\u00f3 hibabejelent\u00e9s<\/span><\/p>\n\n<div class=\"wpcf7 no-js\" id=\"wpcf7-f17239-o1\" lang=\"hu-HU\" dir=\"ltr\" data-wpcf7-id=\"17239\">\n<div class=\"screen-reader-response\"><p role=\"status\" aria-live=\"polite\" aria-atomic=\"true\"><\/p> <ul><\/ul><\/div>\n<form action=\"\/informatika\/wp-json\/wp\/v2\/pages\/17223#wpcf7-f17239-o1\" method=\"post\" class=\"wpcf7-form init\" aria-label=\"Kapcsolatfelv\u00e9teli \u0171rlap\" enctype=\"multipart\/form-data\" novalidate=\"novalidate\" data-status=\"init\">\n<div style=\"display: none;\">\n<input type=\"hidden\" name=\"_wpcf7\" value=\"17239\" \/>\n<input type=\"hidden\" name=\"_wpcf7_version\" value=\"6.0.5\" \/>\n<input type=\"hidden\" name=\"_wpcf7_locale\" value=\"hu_HU\" \/>\n<input type=\"hidden\" name=\"_wpcf7_unit_tag\" value=\"wpcf7-f17239-o1\" \/>\n<input type=\"hidden\" name=\"_wpcf7_container_post\" value=\"0\" \/>\n<input type=\"hidden\" name=\"_wpcf7_posted_data_hash\" value=\"\" \/>\n<input type=\"hidden\" name=\"_wpcf7_recaptcha_response\" value=\"\" \/>\n<\/div>\n<p>*(K\u00f6telez\u0151en kit\u00f6ltend\u0151 mez\u0151)\n<\/p>\n<p><label>N\u00e9v*<br \/>\n<span class=\"wpcf7-form-control-wrap\" data-name=\"aname\"><input size=\"40\" maxlength=\"400\" class=\"wpcf7-form-control wpcf7-text wpcf7-validates-as-required\" aria-required=\"true\" aria-invalid=\"false\" value=\"\" type=\"text\" name=\"aname\" \/><\/span> <\/label>\n<\/p>\n<p><label>E-mail c\u00edm*<br \/>\n<span class=\"wpcf7-form-control-wrap\" data-name=\"aemail\"><input size=\"40\" maxlength=\"400\" class=\"wpcf7-form-control wpcf7-email wpcf7-validates-as-required wpcf7-text wpcf7-validates-as-email\" aria-required=\"true\" aria-invalid=\"false\" value=\"\" type=\"email\" name=\"aemail\" \/><\/span> <\/label>\n<\/p>\n<p><span class=\"wpcf7-form-control-wrap\" data-name=\"masneveben\"><span class=\"wpcf7-form-control wpcf7-checkbox\"><span class=\"wpcf7-list-item first last\"><label><input type=\"checkbox\" name=\"masneveben[]\" value=\"M\u00e1s nev\u00e9ben teszem a bejelent\u00e9st\" \/><span class=\"wpcf7-list-item-label\">M\u00e1s nev\u00e9ben teszem a bejelent\u00e9st<\/span><\/label><\/span><\/span><\/span><br \/>\n<label>Kateg\u00f3ria*<br \/>\n<span class=\"wpcf7-form-control-wrap\" data-name=\"akategoria\"><select class=\"wpcf7-form-control wpcf7-select wpcf7-validates-as-required\" aria-required=\"true\" aria-invalid=\"false\" name=\"akategoria\"><option value=\"\">&#8212; K\u00e9rj\u00fck, v\u00e1lasszon egy opci\u00f3t &#8212;<\/option><option value=\"Hibajelz\u00e9s\">Hibajelz\u00e9s<\/option><option value=\"Fejleszt\u00e9si javaslat\">Fejleszt\u00e9si javaslat<\/option><\/select><\/span> <\/label>\n<\/p>\n<p><label>Milyen oper\u00e1ci\u00f3s rendszert haszn\u00e1l?*<br \/>\n<span class=\"wpcf7-form-control-wrap\" data-name=\"aos\"><select class=\"wpcf7-form-control wpcf7-select wpcf7-validates-as-required\" aria-required=\"true\" aria-invalid=\"false\" name=\"aos\"><option value=\"\">&#8212; K\u00e9rj\u00fck, v\u00e1lasszon egy opci\u00f3t &#8212;<\/option><option value=\"iOS\">iOS<\/option><option value=\"Android\">Android<\/option><\/select><\/span> <\/label>\n<\/p>\n<p><label>Milyen b\u00f6ng\u00e9sz\u0151t haszn\u00e1l?*<br \/>\n<span class=\"wpcf7-form-control-wrap\" data-name=\"abrowser\"><select class=\"wpcf7-form-control wpcf7-select wpcf7-validates-as-required\" aria-required=\"true\" aria-invalid=\"false\" name=\"abrowser\"><option value=\"\">&#8212; K\u00e9rj\u00fck, v\u00e1lasszon egy opci\u00f3t &#8212;<\/option><option value=\"Google Chrome\">Google Chrome<\/option><option value=\"Firefox\">Firefox<\/option><option value=\"Opera\">Opera<\/option><option value=\"Microsoft Edge\">Microsoft Edge<\/option><option value=\"Safari\">Safari<\/option><option value=\"Epic Privacy Browser\">Epic Privacy Browser<\/option><option value=\"Egy\u00e9b\">Egy\u00e9b<\/option><\/select><\/span> <\/label>\n<\/p>\n<p><label>Hibajelz\u00e9s sz\u00f6vege*<br \/>\n<span class=\"wpcf7-form-control-wrap\" data-name=\"szoveg\"><textarea cols=\"40\" rows=\"10\" maxlength=\"2000\" class=\"wpcf7-form-control wpcf7-textarea wpcf7-validates-as-required\" aria-required=\"true\" aria-invalid=\"false\" name=\"szoveg\"><\/textarea><\/span><\/label>\n<\/p>\n<p><label>K\u00e9perny\u0151k\u00e9p<br \/>\n<span class=\"wpcf7-form-control-wrap\" data-name=\"screnshot\"><input size=\"40\" class=\"wpcf7-form-control wpcf7-file\" accept=\"audio\/*,video\/*,image\/*\" aria-invalid=\"false\" type=\"file\" name=\"screnshot\" \/><\/span><\/label>\n<\/p>\n<p><span class=\"wpcf7-form-control-wrap\" data-name=\"your-consent\"><span class=\"wpcf7-form-control wpcf7-acceptance\"><span class=\"wpcf7-list-item\"><label><input type=\"checkbox\" name=\"your-consent\" value=\"1\" aria-invalid=\"false\" \/><span class=\"wpcf7-list-item-label\">Elfogadom az <a href=\"\/\/semmelweis.hu\/adatvedelem\/&quot;\" target=\"&quot;_blank&quot;\" rel=\"&quot;noopener&quot; noopener\">Adatkezel\u00e9si szab\u00e1lyzatot<\/a><\/span><\/label><\/span><\/span><\/span>\n<\/p>\n<input class=\"wpcf7-form-control wpcf7-hidden\" value=\"\" type=\"hidden\" name=\"auseragent\" \/>\n<p><input class=\"wpcf7-form-control wpcf7-submit has-spinner\" type=\"submit\" value=\"Bek\u00fcld\u00e9s\" \/>\n<\/p><div class=\"wpcf7-response-output\" aria-hidden=\"true\"><\/div>\n<\/form>\n<\/div>\n\n","protected":false},"excerpt":{"rendered":"<p>Mobil applik\u00e1ci\u00f3 hibabejelent\u00e9s<\/p>\n","protected":false},"author":101614,"featured_media":0,"parent":17218,"menu_order":0,"comment_status":"closed","ping_status":"closed","template":"","meta":{"_acf_changed":false,"footnotes":""},"categories":[],"tags":[],"class_list":["post-17223","page","type-page","status-publish","hentry"],"acf":[],"_links":{"self":[{"href":"https:\/\/semmelweis.hu\/informatika\/wp-json\/wp\/v2\/pages\/17223","targetHints":{"allow":["GET"]}}],"collection":[{"href":"https:\/\/semmelweis.hu\/informatika\/wp-json\/wp\/v2\/pages"}],"about":[{"href":"https:\/\/semmelweis.hu\/informatika\/wp-json\/wp\/v2\/types\/page"}],"author":[{"embeddable":true,"href":"https:\/\/semmelweis.hu\/informatika\/wp-json\/wp\/v2\/users\/101614"}],"replies":[{"embeddable":true,"href":"https:\/\/semmelweis.hu\/informatika\/wp-json\/wp\/v2\/comments?post=17223"}],"version-history":[{"count":10,"href":"https:\/\/semmelweis.hu\/informatika\/wp-json\/wp\/v2\/pages\/17223\/revisions"}],"predecessor-version":[{"id":17269,"href":"https:\/\/semmelweis.hu\/informatika\/wp-json\/wp\/v2\/pages\/17223\/revisions\/17269"}],"up":[{"embeddable":true,"href":"https:\/\/semmelweis.hu\/informatika\/wp-json\/wp\/v2\/pages\/17218"}],"wp:attachment":[{"href":"https:\/\/semmelweis.hu\/informatika\/wp-json\/wp\/v2\/media?parent=17223"}],"wp:term":[{"taxonomy":"category","embeddable":true,"href":"https:\/\/semmelweis.hu\/informatika\/wp-json\/wp\/v2\/categories?post=17223"},{"taxonomy":"post_tag","embeddable":true,"href":"https:\/\/semmelweis.hu\/informatika\/wp-json\/wp\/v2\/tags?post=17223"}],"curies":[{"name":"wp","href":"https:\/\/api.w.org\/{rel}","templated":true}]}}