{"id":16880,"date":"2022-07-18T09:44:39","date_gmt":"2022-07-18T07:44:39","guid":{"rendered":"https:\/\/semmelweis.hu\/informatika\/?page_id=16880"},"modified":"2022-07-21T16:35:34","modified_gmt":"2022-07-21T14:35:34","slug":"o365-tarhelyek-felhasznaloi-szabalyok","status":"publish","type":"page","link":"https:\/\/semmelweis.hu\/informatika\/o365\/tajekoztatok-szabalyzatok\/o365-tarhelyek-felhasznaloi-szabalyok\/","title":{"rendered":"O365 t\u00e1rhely felhaszn\u00e1l\u00f3i szab\u00e1lyok"},"content":{"rendered":"<h2 style=\"text-align: center\"><span style=\"font-size: 36pt\"><strong>O365 t\u00e1rhely <\/strong><\/span><\/h2>\n<h2 style=\"text-align: center\"><span style=\"font-size: 24pt\">Felhaszn\u00e1l\u00f3i szab\u00e1lyok<\/span><\/h2>\n<p>Az O365-ben 2 f\u00e9le alkalmaz\u00e1sban, a OneDrive-ban \u00e9s a SharePointban, 4 f\u00e9le m\u00f3don lehet t\u00e1rhelyhez jutni. Csak munkahelyi\/munk\u00e1hoz sz\u00fcks\u00e9ges f\u00e1jlok ker\u00fclhetnek fel a t\u00e1rhelyekre, szenzit\u00edv adatokat ezen t\u00e1rhelyeken TILOS t\u00e1rolni!\u00a0<\/p>\n<p>&nbsp;<\/p>\n<p><strong>Egy\u00e9ni t\u00e1rhely:<\/strong><\/p>\n<ul>\n<li>A OneDrive t\u00e1rhely, mely 1 Tb-os kapacit\u00e1s\u00fa, automatikusan l\u00e9trej\u00f6n \u00e9s alanyi jogon j\u00e1r minden felhaszn\u00e1l\u00f3nak \u00e9s a felhaszn\u00e1l\u00f3 szervezetb\u0151l val\u00f3 t\u00e1voz\u00e1s\u00e1ig m\u0171k\u00f6dik. A t\u00e1rhely rendszergazd\u00e1ja maga a felhaszn\u00e1l\u00f3.<\/li>\n<li>A m\u00e1s felhaszn\u00e1l\u00f3val val\u00f3 dokumentum megoszt\u00e1s nem v\u00e9gleges, legfeljebb 9 h\u00f3napra oszthat\u00f3 meg f\u00e1jl m\u00e1ssal, ut\u00e1na a megoszt\u00e1s megsz\u0171nik. K\u00fcls\u0151 (egyetemi O365 el\u0151fizet\u00e9ssel nem rendelkez\u0151) partnerrel nem tud f\u00e1jlt megosztani.<\/li>\n<li>A OneDrive-ban a f\u00e1jlokat az l\u00e1tja \u00e9s az szerkesztheti, aki l\u00e9trehozta azt\/akivel megosztott\u00e1k. T\u00f6r\u00f6lni csak az tudja, aki l\u00e9trehozta azt.\u00a0<\/li>\n<\/ul>\n<p><strong>\u00a0<\/strong><\/p>\n<p><strong>Kiscsoportos t\u00e1rhelyek:<\/strong><\/p>\n<ul>\n<li>Amennyiben a Teams-ben egy csapatot\/ csoport hoz l\u00e9tre, \u00fagy l\u00e9trej\u00f6n egy 200 Mb-os t\u00e1rhely, m\u00e9gpedig a SharePointon. A t\u00e1rhely \u00e9lettartam\u00e1t \u00e9s el\u00e9rhet\u0151s\u00e9g\u00e9t a csapatot\/csoportot l\u00e9trehoz\u00f3 felhaszn\u00e1l\u00f3 szab\u00e1lyozza, aki egyben a rendszergazd\u00e1ja is a t\u00e1rhelynek. K\u00fcls\u0151 (egyetemi O365 el\u0151fizet\u00e9ssel nem rendelkez\u0151) partnerrel nem tud f\u00e1jlt megosztani.<\/li>\n<li>SharePointban minden olyan felhaszn\u00e1l\u00f3 l\u00e1tja a f\u00e1jlokat, akik az adott t\u00e1rhely tagjai, vagy akikkel meg van osztva. A f\u00e1jlokat szerkeszteni \u00e9s t\u00f6r\u00f6lni tudja, akivel az adott f\u00e1jl vagy mappa szerkeszt\u00e9si joggal meg van osztva.\u00a0<\/li>\n<\/ul>\n<p>&nbsp;<\/p>\n<p><strong>Szervezeti \u00e9s Projekt t\u00e1rhelyek<\/strong><\/p>\n<p>A SharePoint alkalmaz\u00e1sban k\u00e9t f\u00e9le m\u00f3don j\u00f6n l\u00e9tre t\u00e1rhely a szervezeti egys\u00e9geknek.<\/p>\n<ul>\n<li>A szervezeti egys\u00e9gek r\u00e9sz\u00e9re automatikusan 1 db 2 Tb-os dokumentum t\u00e1rhely j\u00f6n l\u00e9tre az O365 bevezet\u00e9si \u00fctem\u00e9nek megfelel\u0151en. A t\u00e1rhely haszn\u00e1lat id\u0151tartama nem korl\u00e1tozott.\n<ul>\n<li>Egy SZMR-ben meghat\u00e1rozott f\u0151szervezeti egys\u00e9gnek, csak egy SharePoint oldala lehet.<\/li>\n<li>Egy Sharepoint oldalon bel\u00fcl a helyi rendszergazda hozza l\u00e9tre az als\u00f3bb szint\u0171 szervezeti egys\u00e9gek t\u00e1rhelyeit.\u00a0<\/li>\n<li>A szervezeti t\u00e1rhelyeken bel\u00fcli tematikus mapp\u00e1kat a felhaszn\u00e1l\u00f3 hozza l\u00e9tre. (Az egyes szervezeti egys\u00e9gek k\u00fcl\u00f6n szab\u00e1lyozhatj\u00e1k a tematikus t\u00e1rhelyek l\u00e9trehoz\u00e1s\u00e1nak \u00e9s haszn\u00e1lat\u00e1nak szab\u00e1lyait.)<\/li>\n<\/ul>\n<\/li>\n<li>A projektekhez webes ig\u00e9nyl\u0151 fel\u00fcleten k\u00e9relmezhet\u0151 t\u00e1rhely. Ezzel a t\u00e1rhellyel egy\u00fctt j\u00e1r egy Teams csoport, ami a kommunik\u00e1ci\u00f3t hivatott t\u00e1mogatni projekten bel\u00fcl. A t\u00e1rhely haszn\u00e1lati id\u0151tartama projekt id\u0151tartam\u00e1hoz igazodik. A t\u00e1rhelyr\u0151l k\u00fcls\u0151 felhaszn\u00e1l\u00f3val t\u00e1rhely \u00e9s dokumentum megoszthat\u00f3.<\/li>\n<li>SharePointban minden olyan felhaszn\u00e1l\u00f3 l\u00e1tja a f\u00e1jlokat, akik az adott t\u00e1rhely tagjai, vagy akikkel meg van osztva. A f\u00e1jlokat szerkeszteni \u00e9s t\u00f6r\u00f6lni tudja, akivel az adott f\u00e1jl vagy mappa szerkeszt\u00e9si joggal meg van osztva.\u00a0<\/li>\n<li>Sharepoint-ban nem lehet olyan t\u00e1rhelyet l\u00e9trehozni, ami szem\u00e9lyes hozz\u00e1f\u00e9r\u00e9s\u0171. (Erre a c\u00e9lra a OneDrive szolg\u00e1l)<\/li>\n<li>A SharePointon minden f\u00e1jl megosztott, ez\u00e9rt a SharePointon ne helyezzen el olyan dokumentumot, amit m\u00e1ssal nem k\u00edv\u00e1n megosztani!\u00a0<\/li>\n<\/ul>\n","protected":false},"excerpt":{"rendered":"<p>O365 t\u00e1rhely Felhaszn\u00e1l\u00f3i szab\u00e1lyok Az O365-ben 2 f\u00e9le alkalmaz\u00e1sban, a OneDrive-ban \u00e9s a SharePointban, 4 f\u00e9le m\u00f3don lehet t\u00e1rhelyhez jutni. Csak munkahelyi\/munk\u00e1hoz sz\u00fcks\u00e9ges f\u00e1jlok ker\u00fclhetnek fel a t\u00e1rhelyekre, szenzit\u00edv adatokat ezen t\u00e1rhelyeken TILOS t\u00e1rolni!\u00a0 &nbsp; Egy\u00e9ni t\u00e1rhely: A OneDrive t\u00e1rhely, mely 1 Tb-os kapacit\u00e1s\u00fa, automatikusan l\u00e9trej\u00f6n \u00e9s alanyi jogon j\u00e1r minden felhaszn\u00e1l\u00f3nak \u00e9s a felhaszn\u00e1l\u00f3 &hellip;<\/p>\n","protected":false},"author":101934,"featured_media":0,"parent":16370,"menu_order":20,"comment_status":"closed","ping_status":"closed","template":"","meta":{"_acf_changed":false,"footnotes":""},"categories":[],"tags":[],"class_list":["post-16880","page","type-page","status-publish","hentry"],"acf":[],"_links":{"self":[{"href":"https:\/\/semmelweis.hu\/informatika\/wp-json\/wp\/v2\/pages\/16880","targetHints":{"allow":["GET"]}}],"collection":[{"href":"https:\/\/semmelweis.hu\/informatika\/wp-json\/wp\/v2\/pages"}],"about":[{"href":"https:\/\/semmelweis.hu\/informatika\/wp-json\/wp\/v2\/types\/page"}],"author":[{"embeddable":true,"href":"https:\/\/semmelweis.hu\/informatika\/wp-json\/wp\/v2\/users\/101934"}],"replies":[{"embeddable":true,"href":"https:\/\/semmelweis.hu\/informatika\/wp-json\/wp\/v2\/comments?post=16880"}],"version-history":[{"count":4,"href":"https:\/\/semmelweis.hu\/informatika\/wp-json\/wp\/v2\/pages\/16880\/revisions"}],"predecessor-version":[{"id":17024,"href":"https:\/\/semmelweis.hu\/informatika\/wp-json\/wp\/v2\/pages\/16880\/revisions\/17024"}],"up":[{"embeddable":true,"href":"https:\/\/semmelweis.hu\/informatika\/wp-json\/wp\/v2\/pages\/16370"}],"wp:attachment":[{"href":"https:\/\/semmelweis.hu\/informatika\/wp-json\/wp\/v2\/media?parent=16880"}],"wp:term":[{"taxonomy":"category","embeddable":true,"href":"https:\/\/semmelweis.hu\/informatika\/wp-json\/wp\/v2\/categories?post=16880"},{"taxonomy":"post_tag","embeddable":true,"href":"https:\/\/semmelweis.hu\/informatika\/wp-json\/wp\/v2\/tags?post=16880"}],"curies":[{"name":"wp","href":"https:\/\/api.w.org\/{rel}","templated":true}]}}