{"id":12978,"date":"2019-04-08T08:00:49","date_gmt":"2019-04-08T06:00:49","guid":{"rendered":"http:\/\/semmelweis.hu\/informatika\/?page_id=12978"},"modified":"2019-04-08T08:00:49","modified_gmt":"2019-04-08T06:00:49","slug":"intelligens-korlap-v2","status":"publish","type":"page","link":"https:\/\/semmelweis.hu\/informatika\/medsol\/medsol-felhasznaloi-segedletek\/intelligens-korlap-v2\/","title":{"rendered":"Intelligens k\u00f3rlap V2"},"content":{"rendered":"<p style=\"text-align: justify;margin: 6.0pt 0cm 6.0pt 0cm\"><span lang=\"HU\" style=\"font-size: 10.5pt;font-family: 'Arial','sans-serif';color: #252525\">Az e-MedSolution integr\u00e1lt k\u00f3rh\u00e1zi informatikai rendszer Intelligens k\u00f3rlap funkci\u00f3ja egyes\u00edti a web alap\u00fa megjelen\u00edt\u00e9s \u00e9s gyorsbillenty\u0171k haszn\u00e1lat\u00e1nak egyszer\u0171s\u00e9g\u00e9t.<\/span><\/p>\n<p style=\"text-align: justify;margin: 6.0pt 0cm 6.0pt 0cm\"><span lang=\"HU\" style=\"font-size: 10.5pt;font-family: 'Arial','sans-serif';color: #252525\">Az eset kiv\u00e1laszt\u00e1sa ut\u00e1n egy megjelen\u00e9si lapon k\u00f6zvetlen\u00fcl is el\u00e9rhet\u0151k a funkci\u00f3k egy kattint\u00e1ssal, de a funkci\u00f3khoz kapcsolt billenty\u0171k sz\u00e9les v\u00e1laszt\u00e9k\u00e1val az eg\u00e9r n\u00e9lk\u00fcli gyors haszn\u00e1lat is el\u00e9rhet\u0151.<\/span><\/p>\n<p>Az \u00faj funkci\u00f3k le\u00edr\u00e1sa <a href=\"https:\/\/semmelweis.hu\/informatika\/files\/2019\/04\/T-Intelligens-K\u00f3rlap-V2.docx\">itt<\/a> tal\u00e1lhat\u00f3<\/p>\n","protected":false},"excerpt":{"rendered":"<p>Az e-MedSolution integr\u00e1lt k\u00f3rh\u00e1zi informatikai rendszer Intelligens k\u00f3rlap funkci\u00f3ja egyes\u00edti a web alap\u00fa megjelen\u00edt\u00e9s \u00e9s gyorsbillenty\u0171k haszn\u00e1lat\u00e1nak egyszer\u0171s\u00e9g\u00e9t.<br \/>\nAz eset kiv\u00e1laszt\u00e1sa ut\u00e1n egy megjelen\u00e9si lapon k\u00f6zvetlen\u00fcl is el\u00e9rhet\u0151k a funkci\u00f3k egy kattint\u00e1ssal, de a funkci\u00f3khoz kapcsolt billenty\u0171k sz\u00e9les v\u00e1laszt\u00e9k\u00e1val az eg\u00e9r n\u00e9lk\u00fcli gyors haszn\u00e1lat is el\u00e9rhet\u0151.<br \/>\nAz \u00faj funkci\u00f3k le\u00edr\u00e1sa <a href=\"https:\/\/semmelweis.hu\/informatika\/files\/2019\/04\/T-Intelligens-K\u00f3rlap-V2.docx\">itt<\/a> tal\u00e1lhat\u00f3<\/p>\n","protected":false},"author":363,"featured_media":0,"parent":11063,"menu_order":30,"comment_status":"closed","ping_status":"closed","template":"","meta":{"_acf_changed":false,"footnotes":""},"categories":[],"tags":[],"class_list":["post-12978","page","type-page","status-publish","hentry"],"acf":[],"_links":{"self":[{"href":"https:\/\/semmelweis.hu\/informatika\/wp-json\/wp\/v2\/pages\/12978","targetHints":{"allow":["GET"]}}],"collection":[{"href":"https:\/\/semmelweis.hu\/informatika\/wp-json\/wp\/v2\/pages"}],"about":[{"href":"https:\/\/semmelweis.hu\/informatika\/wp-json\/wp\/v2\/types\/page"}],"author":[{"embeddable":true,"href":"https:\/\/semmelweis.hu\/informatika\/wp-json\/wp\/v2\/users\/363"}],"replies":[{"embeddable":true,"href":"https:\/\/semmelweis.hu\/informatika\/wp-json\/wp\/v2\/comments?post=12978"}],"version-history":[{"count":2,"href":"https:\/\/semmelweis.hu\/informatika\/wp-json\/wp\/v2\/pages\/12978\/revisions"}],"predecessor-version":[{"id":13396,"href":"https:\/\/semmelweis.hu\/informatika\/wp-json\/wp\/v2\/pages\/12978\/revisions\/13396"}],"up":[{"embeddable":true,"href":"https:\/\/semmelweis.hu\/informatika\/wp-json\/wp\/v2\/pages\/11063"}],"wp:attachment":[{"href":"https:\/\/semmelweis.hu\/informatika\/wp-json\/wp\/v2\/media?parent=12978"}],"wp:term":[{"taxonomy":"category","embeddable":true,"href":"https:\/\/semmelweis.hu\/informatika\/wp-json\/wp\/v2\/categories?post=12978"},{"taxonomy":"post_tag","embeddable":true,"href":"https:\/\/semmelweis.hu\/informatika\/wp-json\/wp\/v2\/tags?post=12978"}],"curies":[{"name":"wp","href":"https:\/\/api.w.org\/{rel}","templated":true}]}}