{"id":743,"date":"2020-07-13T14:59:18","date_gmt":"2020-07-13T12:59:18","guid":{"rendered":"https:\/\/semmelweis.hu\/igazsagugy\/?page_id=743"},"modified":"2026-03-19T09:00:16","modified_gmt":"2026-03-19T08:00:16","slug":"elhunytakkal-kapcsolatos-ugyintezes","status":"publish","type":"page","link":"https:\/\/semmelweis.hu\/igazsagugy\/elhunytakkal-kapcsolatos-ugyintezes\/","title":{"rendered":"Elhunyt \u00fcgyint\u00e9z\u00e9s"},"content":{"rendered":"<h4><strong>Inform\u00e1ci\u00f3k az elhunytakkal kapcsolatos \u00fcgyint\u00e9z\u00e9sr\u0151l<\/strong><\/h4>\n<p><strong>\u00dcgyint\u00e9z\u00e9s helye:\u00a0<br \/>\n<\/strong>Budapest IX. ker\u00fclet, Lenhoss\u00e9k utca 42.<\/p>\n<p><strong>\u00dcgyf\u00e9lfogad\u00e1si id\u0151:<br \/>\n<\/strong>H\u00e9tf\u0151t\u0151l-cs\u00fct\u00f6rt\u00f6kig: 09:00 \u2013 14:00<br \/>\nP\u00e9nteken: 09:00 \u2013 13:00<\/p>\n<p><strong>Telefonsz\u00e1m (\u00fcgyf\u00e9lfogad\u00e1si id\u0151ben):<br \/>\n<\/strong>+36-1\/215-1827 <br \/>\n+36-1\/215-7300, 53462-es mell\u00e9k<\/p>\n<p><strong>Elhunytak megtekint\u00e9se:<br \/>\n<\/strong>Kedden \u00e9s cs\u00fct\u00f6rt\u00f6k\u00f6n: 12.30-13.30 (el\u0151zetes egyeztet\u00e9st k\u00f6vet\u0151en)<\/p>\n<div class=\"keretes w-100\">\n<p><strong>\u00dcgyint\u00e9z\u00e9si hat\u00e1rid\u0151:<\/strong><\/p>\n<p>T\u00e1j\u00e9koztatjuk a Tisztelt hozz\u00e1tartoz\u00f3kat, hogy amennyiben a Halottvizsg\u00e1lati bizony\u00edtv\u00e1ny \u00e1tv\u00e9tel\u00e9t\u0151l sz\u00e1m\u00edtott 8 napon bel\u00fcl az elhunyt eltemettet\u00e9s\u00e9r\u0151l nem int\u00e9zkednek, a Patol\u00f3giai, Igazs\u00e1g\u00fcgyi \u00e9s Biztos\u00edt\u00e1s-orvostani Int\u00e9zet k\u00f6teless\u00e9ge, hogy az elhunyt k\u00f6ztemet\u00e9s\u00e9nek megrendel\u00e9s\u00e9vel kapcsolatban az illet\u00e9kes \u00f6nkorm\u00e1nyzatot megkeresse.<\/p>\n<\/div>\n<p><strong>Hivatali kapu:<\/strong><\/p>\n<p>Hossz\u00fa n\u00e9v: Semmelweis Egyetem<\/p>\n<p>R\u00f6vid n\u00e9v: SEMEDUNIV (KRID: 648905308)<\/p>\n<p>T\u00e1rgy: SE_PIBOI_SZAKERTES<\/p>\n<p>&nbsp;<\/p>\n<h4><strong>T\u00e1rol\u00e1si, h\u0171t\u00e9si d\u00edjak<\/strong><\/h4>\n<h4><span style=\"font-size: 14pt\"><strong>2025. m\u00e1rcius 22-t\u0151l:<\/strong><\/span><\/h4>\n<h5>Feln\u0151ttek eset\u00e9n<\/h5>\n<table class=\"bottom-border\" style=\"width: 100%;border-collapse: collapse;border-style: none;height: 178px\">\n<tbody>\n<tr style=\"height: 32px\">\n<td style=\"width: 50%;height: 32px\"><strong>T\u00e1rol\u00e1si id\u0151\u00a0<\/strong><\/td>\n<td style=\"width: 50%;height: 32px\"><strong>Fizetend\u0151<\/strong><\/td>\n<\/tr>\n<tr style=\"height: 32px\">\n<td style=\"width: 50%;height: 32px\">1-5\u00a0 nap egys\u00e9gesen<\/td>\n<td style=\"width: 50%;height: 32px\">51.000.-Ft<\/td>\n<\/tr>\n<tr style=\"height: 32px\">\n<td style=\"width: 50%;height: 32px\">6-10\u00a0 nap egys\u00e9gesen<\/td>\n<td style=\"width: 50%;height: 32px\">tov\u00e1bbi 19.000.-Ft<\/td>\n<\/tr>\n<tr style=\"height: 82px\">\n<td style=\"width: 50%;text-align: left;height: 82px\">\n<p>11 napt\u00f3l<br \/>\n(a fenti \u00f6sszegen fel\u00fcl)<\/p>\n<\/td>\n<td style=\"width: 50%;height: 82px\">\n<p>tov\u00e1bbi 7.500.-Ft\/ megkezdett h\u0171t\u00e9si nap<\/p>\n<\/td>\n<\/tr>\n<\/tbody>\n<\/table>\n<h5>Gyermekek eset\u00e9n<\/h5>\n<table class=\"bottom-border\" style=\"border-collapse: collapse;width: 100%\">\n<tbody>\n<tr>\n<td style=\"width: 50%\"><strong>T\u00e1rol\u00e1si id\u0151\u00a0<\/strong><\/td>\n<td style=\"width: 50%\"><strong>Fizetend\u0151<\/strong><\/td>\n<\/tr>\n<tr>\n<td style=\"width: 50%\">12 \u00e9ves kor alatt<\/td>\n<td style=\"width: 50%\">d\u00edjmentes<\/td>\n<\/tr>\n<tr>\n<td style=\"width: 50%\">12 -18 \u00e9ves kor k\u00f6z\u00f6tt<\/td>\n<td style=\"width: 50%\">\u00a0<\/td>\n<\/tr>\n<tr>\n<td style=\"width: 50%;padding-left: 40px\">1-10 nap<\/td>\n<td style=\"width: 50%\">25.000.-Ft<\/td>\n<\/tr>\n<tr>\n<td style=\"width: 50%;padding-left: 40px\">\n<p>11 napt\u00f3l<br \/>\n(a fenti \u00f6sszegen fel\u00fcl)<\/p>\n<\/td>\n<td style=\"width: 50%\">\n<p>7.500 Ft\/ megkezdett h\u0171t\u00e9si nap<\/p>\n<\/td>\n<\/tr>\n<\/tbody>\n<\/table>\n<p><strong>A fenti d\u00edjak 27% \u00c1fa-t tartalmaznak.<\/strong><\/p>\n<p>A fenti d\u00edjakat bankk\u00e1rty\u00e1s fizet\u00e9si m\u00f3ddal javasoljuk kiegyenl\u00edteni.<\/p>\n<p>&nbsp;<\/p>\n<p>&nbsp;<\/p>\n","protected":false},"excerpt":{"rendered":"<p>Inform\u00e1ci\u00f3k az elhunytakkal kapcsolatos \u00fcgyint\u00e9z\u00e9sr\u0151l \u00dcgyint\u00e9z\u00e9s helye:\u00a0 Budapest IX. ker\u00fclet, Lenhoss\u00e9k utca 42. \u00dcgyf\u00e9lfogad\u00e1si id\u0151: H\u00e9tf\u0151t\u0151l-cs\u00fct\u00f6rt\u00f6kig: 09:00 \u2013 14:00 P\u00e9nteken: 09:00 \u2013 13:00 Telefonsz\u00e1m (\u00fcgyf\u00e9lfogad\u00e1si id\u0151ben): +36-1\/215-1827 +36-1\/215-7300, 53462-es mell\u00e9k Elhunytak megtekint\u00e9se: Kedden \u00e9s cs\u00fct\u00f6rt\u00f6k\u00f6n: 12.30-13.30 (el\u0151zetes egyeztet\u00e9st k\u00f6vet\u0151en) \u00dcgyint\u00e9z\u00e9si hat\u00e1rid\u0151: T\u00e1j\u00e9koztatjuk a Tisztelt hozz\u00e1tartoz\u00f3kat, hogy amennyiben a Halottvizsg\u00e1lati bizony\u00edtv\u00e1ny \u00e1tv\u00e9tel\u00e9t\u0151l sz\u00e1m\u00edtott 8 napon bel\u00fcl &hellip;<\/p>\n","protected":false},"author":136,"featured_media":0,"parent":0,"menu_order":6,"comment_status":"closed","ping_status":"closed","template":"","meta":{"_acf_changed":false,"footnotes":""},"categories":[],"tags":[],"class_list":["post-743","page","type-page","status-publish","hentry"],"acf":[],"_links":{"self":[{"href":"https:\/\/semmelweis.hu\/igazsagugy\/wp-json\/wp\/v2\/pages\/743","targetHints":{"allow":["GET"]}}],"collection":[{"href":"https:\/\/semmelweis.hu\/igazsagugy\/wp-json\/wp\/v2\/pages"}],"about":[{"href":"https:\/\/semmelweis.hu\/igazsagugy\/wp-json\/wp\/v2\/types\/page"}],"author":[{"embeddable":true,"href":"https:\/\/semmelweis.hu\/igazsagugy\/wp-json\/wp\/v2\/users\/136"}],"replies":[{"embeddable":true,"href":"https:\/\/semmelweis.hu\/igazsagugy\/wp-json\/wp\/v2\/comments?post=743"}],"version-history":[{"count":12,"href":"https:\/\/semmelweis.hu\/igazsagugy\/wp-json\/wp\/v2\/pages\/743\/revisions"}],"predecessor-version":[{"id":1317,"href":"https:\/\/semmelweis.hu\/igazsagugy\/wp-json\/wp\/v2\/pages\/743\/revisions\/1317"}],"wp:attachment":[{"href":"https:\/\/semmelweis.hu\/igazsagugy\/wp-json\/wp\/v2\/media?parent=743"}],"wp:term":[{"taxonomy":"category","embeddable":true,"href":"https:\/\/semmelweis.hu\/igazsagugy\/wp-json\/wp\/v2\/categories?post=743"},{"taxonomy":"post_tag","embeddable":true,"href":"https:\/\/semmelweis.hu\/igazsagugy\/wp-json\/wp\/v2\/tags?post=743"}],"curies":[{"name":"wp","href":"https:\/\/api.w.org\/{rel}","templated":true}]}}