{"id":50,"date":"2012-10-05T15:21:34","date_gmt":"2012-10-05T13:21:34","guid":{"rendered":"http:\/\/semmelweis-egyetem.hu\/igazsagugy\/?page_id=50"},"modified":"2023-05-31T13:13:37","modified_gmt":"2023-05-31T11:13:37","slug":"szabadon-valaszthato-specialkollegium","status":"publish","type":"page","link":"https:\/\/semmelweis.hu\/igazsagugy\/oktatas\/szabadon-valaszthato-specialkollegium\/","title":{"rendered":"Szabadon v\u00e1laszthat\u00f3 speci\u00e1lkoll\u00e9gium"},"content":{"rendered":"<h2>\u201eFejezetek az igazs\u00e1g\u00fcgyi orvostan t\u00e1rgyk\u00f6r\u00e9b\u0151l\u201d<\/h2>\n<p>&nbsp;<\/p>\n<p>ELTE \u00c1llam- \u00e9s Jogtudom\u00e1nyi Kar &#8211; I. f\u00e9l\u00e9v<br \/>\nP\u00e1zm\u00e1ny P\u00e9ter Katolikus Egyetem \u00c1llam- \u00e9s Jogtudom\u00e1nyi Kar &#8211; II. f\u00e9l\u00e9v<\/p>\n<p><strong>El\u0151ad\u00f3k:<\/strong><\/p>\n<ul>\n<li>Dr. S\u00f3tonyi P\u00e9ter egyetemi tan\u00e1r<\/li>\n<li>Dr. L\u00e1szik Andr\u00e1s egyetemi adjunktus<\/li>\n<\/ul>\n","protected":false},"excerpt":{"rendered":"<p>\u201eFejezetek az igazs\u00e1g\u00fcgyi orvostan t\u00e1rgyk\u00f6r\u00e9b\u0151l\u201d<br \/>\n&nbsp;<br \/>\nELTE \u00c1llam- \u00e9s Jogtudom\u00e1nyi Kar &#8211; I. f\u00e9l\u00e9v<br \/>\nP\u00e1zm\u00e1ny P\u00e9ter Katolikus Egyetem \u00c1llam- \u00e9s Jogtudom\u00e1nyi Kar &#8211; II. f\u00e9l\u00e9v<br \/>\nEl\u0151ad\u00f3k:<\/p>\n<p>Dr. S\u00f3tonyi P\u00e9ter egyetemi tan\u00e1r<br \/>\nDr. L\u00e1szik Andr\u00e1s egyetemi adjunktus<\/p>\n","protected":false},"author":136,"featured_media":0,"parent":18,"menu_order":4,"comment_status":"open","ping_status":"closed","template":"","meta":{"_acf_changed":false,"footnotes":""},"categories":[],"tags":[],"class_list":["post-50","page","type-page","status-publish","hentry"],"acf":[],"_links":{"self":[{"href":"https:\/\/semmelweis.hu\/igazsagugy\/wp-json\/wp\/v2\/pages\/50","targetHints":{"allow":["GET"]}}],"collection":[{"href":"https:\/\/semmelweis.hu\/igazsagugy\/wp-json\/wp\/v2\/pages"}],"about":[{"href":"https:\/\/semmelweis.hu\/igazsagugy\/wp-json\/wp\/v2\/types\/page"}],"author":[{"embeddable":true,"href":"https:\/\/semmelweis.hu\/igazsagugy\/wp-json\/wp\/v2\/users\/136"}],"replies":[{"embeddable":true,"href":"https:\/\/semmelweis.hu\/igazsagugy\/wp-json\/wp\/v2\/comments?post=50"}],"version-history":[{"count":1,"href":"https:\/\/semmelweis.hu\/igazsagugy\/wp-json\/wp\/v2\/pages\/50\/revisions"}],"predecessor-version":[{"id":334,"href":"https:\/\/semmelweis.hu\/igazsagugy\/wp-json\/wp\/v2\/pages\/50\/revisions\/334"}],"up":[{"embeddable":true,"href":"https:\/\/semmelweis.hu\/igazsagugy\/wp-json\/wp\/v2\/pages\/18"}],"wp:attachment":[{"href":"https:\/\/semmelweis.hu\/igazsagugy\/wp-json\/wp\/v2\/media?parent=50"}],"wp:term":[{"taxonomy":"category","embeddable":true,"href":"https:\/\/semmelweis.hu\/igazsagugy\/wp-json\/wp\/v2\/categories?post=50"},{"taxonomy":"post_tag","embeddable":true,"href":"https:\/\/semmelweis.hu\/igazsagugy\/wp-json\/wp\/v2\/tags?post=50"}],"curies":[{"name":"wp","href":"https:\/\/api.w.org\/{rel}","templated":true}]}}