{"id":499,"date":"2017-01-29T22:37:21","date_gmt":"2017-01-29T21:37:21","guid":{"rendered":"http:\/\/semmelweis.hu\/igazsagugy\/?page_id=499"},"modified":"2024-09-19T14:32:40","modified_gmt":"2024-09-19T12:32:40","slug":"igazsagugyi-orvostan","status":"publish","type":"page","link":"https:\/\/semmelweis.hu\/igazsagugy\/oktatas\/igazsagugyi-orvostan\/","title":{"rendered":"Igazs\u00e1g\u00fcgyi orvostan"},"content":{"rendered":"<h4><strong>Igazs\u00e1g\u00fcgyi orvostan &#8211; k\u00f6telez\u0151 \u00e9s v\u00e1laszthat\u00f3 tant\u00e1rgyak<\/strong><\/h4>\n<p><strong>Tanulm\u00e1nyi felel\u0151s<\/strong>: Dr. Magyar L\u00f3r\u00e1nt, <a href=\"mailto:magyar.lorant@semmelweis.hu\">magyar.lorant@semmelweis.hu<\/a><br \/>\n<em>f\u00e9lfogad\u00e1si ideje: el\u0151zetes egyeztet\u00e9s alapj\u00e1n<\/em><\/p>\n<p><strong>A tant\u00e1rggyal kapcsolatos \u00f6sszes inform\u00e1ci\u00f3 a tant\u00e1rgy moodle fel\u00fclet\u00e9n \u00e9rhet\u0151 el.<\/strong><\/p>\n<p>K\u00f6vetelm\u00e9nyrendszerek<\/p>\n<ul>\n<li><a href=\"https:\/\/semmelweis.hu\/igazsagugy\/files\/2021\/11\/Kovetelmenyrendszer-IU.-ORVOSTAN-UJ-kurrikulum-VEGLEG-6.1.pdf\">Igazs\u00e1g\u00fcgyi orvostan V. \u00e9v (pdf 2022\/<\/a><a href=\"https:\/\/semmelweis.hu\/igazsagugy\/files\/2021\/11\/Kovetelmenyrendszer-IU.-ORVOSTAN-UJ-kurrikulum-VEGLEG-6.1.pdf\">23)<\/a><\/li>\n<li><a href=\"https:\/\/semmelweis.hu\/igazsagugy\/files\/2023\/06\/Tantargyi-kovetelmenyrendszer-Igazsagugyi-orvostan-V.-ev-23-24.pdf\">Igazs\u00e1g\u00fcgyi orvostan \u00faj kurrikulum (pdf 2023\/24)<\/a><\/li>\n<li><a href=\"https:\/\/semmelweis.hu\/igazsagugy\/files\/2024\/09\/Kovetelmenyrendszer-Igazsagugyi-orvostan-V.-ev-2024-25-tol.pdf\">Igazs\u00e1g\u00fcgyi orvostan V. \u00e9v (pdf 2024\/25-t\u0151l)<\/a><\/li>\n<li><a href=\"https:\/\/semmelweis.hu\/igazsagugy\/files\/2021\/03\/K\u00f6vetelm\u00e9nyrendszer-I\u00fc.-orvostan-VI.-\u00e9v-elekt\u00edv-tant\u00e1rgy.pdf\">Igazs\u00e1g\u00fcgyi orvostan VI. \u00e9v &#8211; elekt\u00edv tant\u00e1rgy (pdf\u00a0 2022\/23<\/a><a href=\"https:\/\/semmelweis.hu\/igazsagugy\/files\/2021\/03\/K\u00f6vetelm\u00e9nyrendszer-I\u00fc.-orvostan-VI.-\u00e9v-elekt\u00edv-tant\u00e1rgy.pdf\">)<\/a><\/li>\n<li><a href=\"https:\/\/semmelweis.hu\/igazsagugy\/files\/2023\/06\/Tantargyi-kovetelmenyrendszer-Igazsagugyi-orvostan-VI.-ev-23-24.pdf\">Igazs\u00e1g\u00fcgyi orvostan VI. \u00e9v &#8211; elekt\u00edv tant\u00e1rgy (pdf 2023\/24)<\/a><\/li>\n<li><a href=\"https:\/\/semmelweis.hu\/igazsagugy\/files\/2024\/09\/Kovetelmenyrendszer-VI.-ev-elektiv-2024-25-tol.pdf\">Igazs\u00e1g\u00fcgyi orvostan VI. \u00e9v &#8211; elekt\u00edv tant\u00e1rgy (pdf\u00a0 2024\/25-t\u0151l)<\/a><\/li>\n<li><a href=\"https:\/\/semmelweis.hu\/igazsagugy\/files\/2024\/09\/Kovetelmenyrendszer-KV-Igazsagugyi-orvostan-haladoknak-2024-25-tol.pdf\">Igazs\u00e1g\u00fcgyi orvostan halad\u00f3knak &#8211; K\u00f6telez\u0151en v\u00e1laszthat\u00f3 kurzus (pdf 2024\/25-t\u0151l)<\/a><\/li>\n<li><a href=\"https:\/\/semmelweis.hu\/igazsagugy\/files\/2024\/09\/Kovetelmenyrendszer-KV-Jog-os-onvedelem-2024-25-tol.pdf\">Jog-(os) \u00f6nv\u00e9delem &#8211; K\u00f6telez\u0151en v\u00e1laszthat\u00f3 kurzus (pdf 2024\/25-t\u0151l)<\/a><\/li>\n<\/ul>\n<h5>Kollokviumi t\u00e9telsor<\/h5>\n<p><a href=\"https:\/\/semmelweis.hu\/igazsagugy\/files\/2020\/01\/I\u00fc.-ORVOSTAN-kollokviumi-t\u00e9telsor.docx\">I\u00fc. ORVOSTAN kollokviumi t\u00e9telsor &#8211; r\u00e9gi kurrikulum (docx)<\/a><\/p>\n<p>Az igazs\u00e1g\u00fcgyi orvostan tant\u00e1rgy (V. \u00e9v) \u00faj kurrikulum szerinti t\u00e9telsora a k\u00f6vetelm\u00e9nyrendszerben szerepel.<\/p>\n<h5>Vizsgarend<\/h5>\n<p>A r\u00e9szletes adatok a tant\u00e1rgy moodle fel\u00fclet\u00e9n \u00e9rhet\u0151k el, ill. a k\u00f6vetelm\u00e9nyrendszerek is tartalmazz\u00e1k.\u00a0<\/p>\n<h5>Vizsg\u00e1ra val\u00f3 felk\u00e9sz\u00fcl\u00e9shez sz\u00fcks\u00e9ges irodalom<\/h5>\n<p>A r\u00e9szletes adatok k\u00f6vetelm\u00e9nyrendszer\u00fcnkben \u00e9s a tant\u00e1rgy moodle fel\u00fclet\u00e9n \u00e9rhet\u0151k el.<\/p>\n","protected":false},"excerpt":{"rendered":"<p>Igazs\u00e1g\u00fcgyi orvostan &#8211; k\u00f6telez\u0151 \u00e9s v\u00e1laszthat\u00f3 tant\u00e1rgyak Tanulm\u00e1nyi felel\u0151s: Dr. Magyar L\u00f3r\u00e1nt, <a href=\"mailto:magyar.lorant@semmelweis.hu\">magyar.lorant@semmelweis.hu<\/a> f\u00e9lfogad\u00e1si ideje: el\u0151zetes egyeztet\u00e9s alapj\u00e1n A tant\u00e1rggyal kapcsolatos \u00f6sszes inform\u00e1ci\u00f3 a tant\u00e1rgy moodle fel\u00fclet\u00e9n \u00e9rhet\u0151 el. K\u00f6vetelm\u00e9nyrendszerek <a href=\"https:\/\/semmelweis.hu\/igazsagugy\/files\/2021\/11\/Kovetelmenyrendszer-IU.-ORVOSTAN-UJ-kurrikulum-VEGLEG-6.1.pdf\">Igazs\u00e1g\u00fcgyi orvostan V. \u00e9v (pdf 2022\/<\/a> <a href=\"https:\/\/semmelweis.hu\/igazsagugy\/files\/2021\/11\/Kovetelmenyrendszer-IU.-ORVOSTAN-UJ-kurrikulum-VEGLEG-6.1.pdf\">23)<\/a> <a href=\"https:\/\/semmelweis.hu\/igazsagugy\/files\/2023\/06\/Tantargyi-kovetelmenyrendszer-Igazsagugyi-orvostan-V.-ev-23-24.pdf\">Igazs\u00e1g\u00fcgyi orvostan \u00faj kurrikulum (pdf 2023\/24)<\/a> <a href=\"https:\/\/semmelweis.hu\/igazsagugy\/files\/2024\/09\/Kovetelmenyrendszer-Igazsagugyi-orvostan-V.-ev-2024-25-tol.pdf\">Igazs\u00e1g\u00fcgyi orvostan V. \u00e9v (pdf 2024\/25-t\u0151l)<\/a> <a href=\"https:\/\/semmelweis.hu\/igazsagugy\/files\/2021\/03\/K\u00f6vetelm\u00e9nyrendszer-I\u00fc.-orvostan-VI.-\u00e9v-elekt\u00edv-tant\u00e1rgy.pdf\">Igazs\u00e1g\u00fcgyi orvostan VI. \u00e9v &#8211; elekt\u00edv tant\u00e1rgy (pdf\u00a0 2022\/23<\/a> <a href=\"https:\/\/semmelweis.hu\/igazsagugy\/files\/2021\/03\/K\u00f6vetelm\u00e9nyrendszer-I\u00fc.-orvostan-VI.-\u00e9v-elekt\u00edv-tant\u00e1rgy.pdf\">)<\/a> <a href=\"https:\/\/semmelweis.hu\/igazsagugy\/files\/2023\/06\/Tantargyi-kovetelmenyrendszer-Igazsagugyi-orvostan-VI.-ev-23-24.pdf\">Igazs\u00e1g\u00fcgyi orvostan VI. \u00e9v &#8211; elekt\u00edv tant\u00e1rgy (pdf 2023\/24)<\/a> <a href=\"https:\/\/semmelweis.hu\/igazsagugy\/files\/2024\/09\/Kovetelmenyrendszer-VI.-ev-elektiv-2024-25-tol.pdf\">Igazs\u00e1g\u00fcgyi orvostan VI. \u00e9v &#8211; elekt\u00edv tant\u00e1rgy (pdf\u00a0 2024\/25-t\u0151l)<\/a> <a href=\"https:\/\/semmelweis.hu\/igazsagugy\/files\/2024\/09\/Kovetelmenyrendszer-KV-Igazsagugyi-orvostan-haladoknak-2024-25-tol.pdf\">Igazs\u00e1g\u00fcgyi orvostan halad\u00f3knak &#8211; K\u00f6telez\u0151en v\u00e1laszthat\u00f3 kurzus (pdf 2024\/25-t\u0151l)<\/a> <a href=\"https:\/\/semmelweis.hu\/igazsagugy\/files\/2024\/09\/Kovetelmenyrendszer-KV-Jog-os-onvedelem-2024-25-tol.pdf\">Jog-(os) \u00f6nv\u00e9delem &#8211; K\u00f6telez\u0151en v\u00e1laszthat\u00f3 kurzus (pdf 2024\/25-t\u0151l)<\/a> Kollokviumi t\u00e9telsor <a href=\"https:\/\/semmelweis.hu\/igazsagugy\/files\/2020\/01\/I\u00fc.-ORVOSTAN-kollokviumi-t\u00e9telsor.docx\">I\u00fc. ORVOSTAN kollokviumi t\u00e9telsor &#8211; r\u00e9gi kurrikulum (docx)<\/a> Az igazs\u00e1g\u00fcgyi orvostan tant\u00e1rgy (V. \u00e9v) \u00faj kurrikulum szerinti t\u00e9telsora a k\u00f6vetelm\u00e9nyrendszerben szerepel. Vizsgarend A r\u00e9szletes adatok a tant\u00e1rgy moodle fel\u00fclet\u00e9n \u00e9rhet\u0151k el, ill. &hellip;<\/p>\n","protected":false},"author":136,"featured_media":0,"parent":18,"menu_order":0,"comment_status":"closed","ping_status":"closed","template":"","meta":{"_acf_changed":false,"footnotes":""},"categories":[],"tags":[],"class_list":["post-499","page","type-page","status-publish","hentry"],"acf":[],"_links":{"self":[{"href":"https:\/\/semmelweis.hu\/igazsagugy\/wp-json\/wp\/v2\/pages\/499","targetHints":{"allow":["GET"]}}],"collection":[{"href":"https:\/\/semmelweis.hu\/igazsagugy\/wp-json\/wp\/v2\/pages"}],"about":[{"href":"https:\/\/semmelweis.hu\/igazsagugy\/wp-json\/wp\/v2\/types\/page"}],"author":[{"embeddable":true,"href":"https:\/\/semmelweis.hu\/igazsagugy\/wp-json\/wp\/v2\/users\/136"}],"replies":[{"embeddable":true,"href":"https:\/\/semmelweis.hu\/igazsagugy\/wp-json\/wp\/v2\/comments?post=499"}],"version-history":[{"count":10,"href":"https:\/\/semmelweis.hu\/igazsagugy\/wp-json\/wp\/v2\/pages\/499\/revisions"}],"predecessor-version":[{"id":1178,"href":"https:\/\/semmelweis.hu\/igazsagugy\/wp-json\/wp\/v2\/pages\/499\/revisions\/1178"}],"up":[{"embeddable":true,"href":"https:\/\/semmelweis.hu\/igazsagugy\/wp-json\/wp\/v2\/pages\/18"}],"wp:attachment":[{"href":"https:\/\/semmelweis.hu\/igazsagugy\/wp-json\/wp\/v2\/media?parent=499"}],"wp:term":[{"taxonomy":"category","embeddable":true,"href":"https:\/\/semmelweis.hu\/igazsagugy\/wp-json\/wp\/v2\/categories?post=499"},{"taxonomy":"post_tag","embeddable":true,"href":"https:\/\/semmelweis.hu\/igazsagugy\/wp-json\/wp\/v2\/tags?post=499"}],"curies":[{"name":"wp","href":"https:\/\/api.w.org\/{rel}","templated":true}]}}