{"id":12,"date":"2012-06-26T06:40:41","date_gmt":"2012-06-26T04:40:41","guid":{"rendered":"http:\/\/semmelweis-egyetem.hu\/igazsagugy\/?page_id=12"},"modified":"2023-05-31T14:12:43","modified_gmt":"2023-05-31T12:12:43","slug":"az-intezet-tortenete","status":"publish","type":"page","link":"https:\/\/semmelweis.hu\/igazsagugy\/rolunk\/az-intezet-tortenete\/","title":{"rendered":"Az int\u00e9zet t\u00f6rt\u00e9nete"},"content":{"rendered":"<p style=\"text-align: justify;\"><img loading=\"lazy\" decoding=\"async\" class=\"alignright wp-image-14 size-full\" src=\"https:\/\/semmelweis.hu\/igazsagugy\/files\/2012\/06\/IGOR_2.jpg\" alt=\"\" width=\"384\" height=\"275\" srcset=\"https:\/\/semmelweis.hu\/igazsagugy\/files\/2012\/06\/IGOR_2.jpg 384w, https:\/\/semmelweis.hu\/igazsagugy\/files\/2012\/06\/IGOR_2-300x214.jpg 300w\" sizes=\"auto, (max-width: 384px) 100vw, 384px\" \/>A medicina forensis (t\u00f6rv\u00e9nysz\u00e9ki orvostan), mai nev\u00e9n igazs\u00e1g\u00fcgyi orvostan t\u00f6bb, mint 200 \u00e9ves egyetemi m\u00faltra visszatekint\u0151 tudom\u00e1ny. A Helytart\u00f3 Tan\u00e1cs 1793. november 22-i rendelete kimondta: a medicina forensis \u00e9s a politica medica (orvosi k\u00f6zigazgat\u00e1s) a pesti egyetemen \u00f6n\u00e1ll\u00f3 tansz\u00e9ken, szigorlati t\u00e1rgyk\u00e9nt oktass\u00e9k. 1872-t\u0151l, mint \u00f6n\u00e1l\u00f3 t\u00f6rv\u00e9nysz\u00e9ki orvostani t\u00e1rgy szerepel a curriculumban.<\/p>\n<p style=\"text-align: justify;\">Az Igazs\u00e1g\u00fcgyi Orvostani Int\u00e9zet jogel\u0151dje a T\u00f6rv\u00e9nysz\u00e9ki Orvostani Int\u00e9zet, mely 1886-ban kezdte meg m\u0171k\u00f6d\u00e9s\u00e9t. 1953 okt\u00f3ber\u00e9ben a T\u00f6rv\u00e9nysz\u00e9ki Orvostani Int\u00e9zet nev\u00e9t Igazs\u00e1g\u00fcgyi Orvostani Int\u00e9zetre v\u00e1ltoztatt\u00e1k, mivel a &#8222;t\u00f6rv\u00e9nysz\u00e9k&#8221; elnevez\u00e9s a b\u00edr\u00f3s\u00e1gok elnevez\u00e9s\u00e9ben megsz\u0171nt, illetve megv\u00e1ltozott. Az el\u0151d\u00f6k j\u00f3l m\u0171k\u00f6d\u0151, Eur\u00f3pa-h\u00edr\u0171 \u00e9s rang\u00fa, sz\u00e1mos itthon \u00e9s k\u00fclf\u00f6ld\u00f6n elismert szakemberrel rendelkez\u0151 int\u00e9zetet hoztak l\u00e9tre.<\/p>\n<p>Az Int\u00e9zet 2022. febru\u00e1r 1-t\u0151l Patol\u00f3giai Igazs\u00e1g\u00fcgyi \u00e9s Biztos\u00edt\u00e1si Orvostani Int\u00e9zet n\u00e9ven folytatja munk\u00e1j\u00e1t.<\/p>\n<p><strong>Az int\u00e9zet igazgat\u00f3i:<\/strong><\/p>\n<ol>\n<li>Sch\u00f6nbauer J\u00f3zsef (1789-1793)<\/li>\n<li>Schraud Ferenc (1793-1802)<\/li>\n<li>R\u00e1cz S\u00e1muel (1802-1803)<\/li>\n<li>Bene Ferenc (1805-1816)<\/li>\n<li>B\u00f6hm K\u00e1roly (1816-1841)<\/li>\n<li>ifj. Bene Ferenc (1841-1845)<\/li>\n<li>Rupp J\u00e1nos (1845-1881)<\/li>\n<li>Belky J\u00e1nos (1881-1882)<\/li>\n<li>Ajtai K. S\u00e1ndor (1883-1915)<\/li>\n<li>Kenyeres Bal\u00e1zs (1915-1935)<\/li>\n<li>Ors\u00f3s Ferenc (1935-1945)<\/li>\n<li>Bal\u00f3 J\u00f3zsef (1945-1946)<\/li>\n<li>Incze Gyula (1946-1955)<\/li>\n<li>Haranghy L\u00e1szl\u00f3 (1955-1958)<\/li>\n<li>\u00d6kr\u00f6s S\u00e1ndor (1958-1969)<\/li>\n<li>Somogyi Endre (1969-1992)<\/li>\n<li>S\u00f3tonyi P\u00e9ter (1992-2003)<\/li>\n<li>Keller \u00c9va (2003-2019)<\/li>\n<li>T\u00f6r\u0151 Kl\u00e1ra (2019-2021)<\/li>\n<li>Kiss Andr\u00e1s (2021- )<\/li>\n<\/ol>\n[slb_exclude]<div data-carousel-extra='{\"blog_id\":93,\"permalink\":\"https:\\\/\\\/semmelweis.hu\\\/igazsagugy\\\/rolunk\\\/az-intezet-tortenete\\\/\"}' class=\"tiled-gallery type-rectangular\" data-original-width=\"753\"><div class=\"gallery-row\" style=\"width: 748px; height: 192px;\"><div class=\"gallery-group images-1\" style=\"width: 373px; height: 196px;\"><div class=\"tiled-gallery-item tiled-gallery-item-large\"><a href=\"https:\/\/semmelweis.hu\/igazsagugy\/files\/2014\/10\/IGOR_6.jpg\"><img loading=\"lazy\" decoding=\"async\" data-attachment-id=\"381\" data-orig-file=\"https:\/\/semmelweis.hu\/igazsagugy\/files\/2014\/10\/IGOR_6.jpg\" data-orig-size=\"580,301\" data-comments-opened=\"1\" data-image-meta=\"{&quot;aperture&quot;:&quot;0&quot;,&quot;credit&quot;:&quot;&quot;,&quot;camera&quot;:&quot;&quot;,&quot;caption&quot;:&quot;&quot;,&quot;created_timestamp&quot;:&quot;0&quot;,&quot;copyright&quot;:&quot;&quot;,&quot;focal_length&quot;:&quot;0&quot;,&quot;iso&quot;:&quot;0&quot;,&quot;shutter_speed&quot;:&quot;0&quot;,&quot;title&quot;:&quot;&quot;}\" data-image-title=\"IGOR_6\" data-image-description=\"\" data-medium-file=\"https:\/\/semmelweis.hu\/igazsagugy\/files\/2014\/10\/IGOR_6-300x155.jpg\" data-large-file=\"https:\/\/semmelweis.hu\/igazsagugy\/files\/2014\/10\/IGOR_6.jpg\" src=\"https:\/\/semmelweis.hu\/igazsagugy\/files\/2014\/10\/IGOR_6-369x192.jpg\" width=\"369\" height=\"192\" align=\"left\" title=\"\" \/><\/a><\/div><\/div><div class=\"gallery-group images-1\" style=\"width: 375px; height: 196px;\"><div class=\"tiled-gallery-item tiled-gallery-item-large\"><a href=\"https:\/\/semmelweis.hu\/igazsagugy\/files\/2014\/10\/IGOR_3.jpg\"><img loading=\"lazy\" decoding=\"async\" data-attachment-id=\"380\" data-orig-file=\"https:\/\/semmelweis.hu\/igazsagugy\/files\/2014\/10\/IGOR_3.jpg\" data-orig-size=\"579,299\" data-comments-opened=\"1\" data-image-meta=\"{&quot;aperture&quot;:&quot;0&quot;,&quot;credit&quot;:&quot;&quot;,&quot;camera&quot;:&quot;&quot;,&quot;caption&quot;:&quot;&quot;,&quot;created_timestamp&quot;:&quot;0&quot;,&quot;copyright&quot;:&quot;&quot;,&quot;focal_length&quot;:&quot;0&quot;,&quot;iso&quot;:&quot;0&quot;,&quot;shutter_speed&quot;:&quot;0&quot;,&quot;title&quot;:&quot;&quot;}\" data-image-title=\"IGOR_3\" data-image-description=\"\" data-medium-file=\"https:\/\/semmelweis.hu\/igazsagugy\/files\/2014\/10\/IGOR_3-300x154.jpg\" data-large-file=\"https:\/\/semmelweis.hu\/igazsagugy\/files\/2014\/10\/IGOR_3.jpg\" src=\"https:\/\/semmelweis.hu\/igazsagugy\/files\/2014\/10\/IGOR_3-371x192.jpg\" width=\"371\" height=\"192\" align=\"left\" title=\"\" \/><\/a><\/div><\/div><\/div><div class=\"gallery-row\" style=\"width: 748px; height: 320px;\"><div class=\"gallery-group images-2\" style=\"width: 268px; height: 324px;\"><div class=\"tiled-gallery-item tiled-gallery-item-large\"><a href=\"https:\/\/semmelweis.hu\/igazsagugy\/files\/2014\/10\/IGOR_2.jpg\"><img loading=\"lazy\" decoding=\"async\" data-attachment-id=\"379\" data-orig-file=\"https:\/\/semmelweis.hu\/igazsagugy\/files\/2014\/10\/IGOR_2.jpg\" data-orig-size=\"580,300\" data-comments-opened=\"1\" data-image-meta=\"{&quot;aperture&quot;:&quot;0&quot;,&quot;credit&quot;:&quot;&quot;,&quot;camera&quot;:&quot;&quot;,&quot;caption&quot;:&quot;&quot;,&quot;created_timestamp&quot;:&quot;0&quot;,&quot;copyright&quot;:&quot;&quot;,&quot;focal_length&quot;:&quot;0&quot;,&quot;iso&quot;:&quot;0&quot;,&quot;shutter_speed&quot;:&quot;0&quot;,&quot;title&quot;:&quot;&quot;}\" data-image-title=\"IGOR_2\" data-image-description=\"\" data-medium-file=\"https:\/\/semmelweis.hu\/igazsagugy\/files\/2014\/10\/IGOR_2-300x155.jpg\" data-large-file=\"https:\/\/semmelweis.hu\/igazsagugy\/files\/2014\/10\/IGOR_2.jpg\" src=\"https:\/\/semmelweis.hu\/igazsagugy\/files\/2014\/10\/IGOR_2-264x136.jpg\" width=\"264\" height=\"136\" align=\"left\" title=\"\" \/><\/a><\/div><div class=\"tiled-gallery-item tiled-gallery-item-large\"><a href=\"https:\/\/semmelweis.hu\/igazsagugy\/files\/2012\/06\/IGOR_6.jpg\"><img loading=\"lazy\" decoding=\"async\" data-attachment-id=\"204\" data-orig-file=\"https:\/\/semmelweis.hu\/igazsagugy\/files\/2012\/06\/IGOR_6.jpg\" data-orig-size=\"391,266\" data-comments-opened=\"1\" data-image-meta=\"{&quot;aperture&quot;:&quot;0&quot;,&quot;credit&quot;:&quot;&quot;,&quot;camera&quot;:&quot;&quot;,&quot;caption&quot;:&quot;&quot;,&quot;created_timestamp&quot;:&quot;0&quot;,&quot;copyright&quot;:&quot;&quot;,&quot;focal_length&quot;:&quot;0&quot;,&quot;iso&quot;:&quot;0&quot;,&quot;shutter_speed&quot;:&quot;0&quot;,&quot;title&quot;:&quot;&quot;}\" data-image-title=\"IGOR_6\" data-image-description=\"\" data-medium-file=\"https:\/\/semmelweis.hu\/igazsagugy\/files\/2012\/06\/IGOR_6-300x204.jpg\" data-large-file=\"https:\/\/semmelweis.hu\/igazsagugy\/files\/2012\/06\/IGOR_6.jpg\" src=\"https:\/\/semmelweis.hu\/igazsagugy\/files\/2012\/06\/IGOR_6-264x180.jpg\" width=\"264\" height=\"180\" align=\"left\" title=\"\" \/><\/a><\/div><\/div><div class=\"gallery-group images-1\" style=\"width: 480px; height: 324px;\"><div class=\"tiled-gallery-item tiled-gallery-item-large\"><a href=\"https:\/\/semmelweis.hu\/igazsagugy\/files\/2012\/06\/IGOR_5.jpg\"><img loading=\"lazy\" decoding=\"async\" data-attachment-id=\"203\" data-orig-file=\"https:\/\/semmelweis.hu\/igazsagugy\/files\/2012\/06\/IGOR_5.jpg\" data-orig-size=\"398,268\" data-comments-opened=\"1\" data-image-meta=\"{&quot;aperture&quot;:&quot;0&quot;,&quot;credit&quot;:&quot;&quot;,&quot;camera&quot;:&quot;&quot;,&quot;caption&quot;:&quot;&quot;,&quot;created_timestamp&quot;:&quot;0&quot;,&quot;copyright&quot;:&quot;&quot;,&quot;focal_length&quot;:&quot;0&quot;,&quot;iso&quot;:&quot;0&quot;,&quot;shutter_speed&quot;:&quot;0&quot;,&quot;title&quot;:&quot;&quot;}\" data-image-title=\"IGOR_5\" data-image-description=\"\" data-medium-file=\"https:\/\/semmelweis.hu\/igazsagugy\/files\/2012\/06\/IGOR_5-300x202.jpg\" data-large-file=\"https:\/\/semmelweis.hu\/igazsagugy\/files\/2012\/06\/IGOR_5.jpg\" src=\"https:\/\/semmelweis.hu\/igazsagugy\/files\/2012\/06\/IGOR_5.jpg\" width=\"476\" height=\"320\" align=\"left\" title=\"\" \/><\/a><\/div><\/div><\/div><div class=\"gallery-row\" style=\"width: 748px; height: 335px;\"><div class=\"gallery-group images-1\" style=\"width: 500px; height: 339px;\"><div class=\"tiled-gallery-item tiled-gallery-item-large\"><a href=\"https:\/\/semmelweis.hu\/igazsagugy\/files\/2012\/06\/IGOR_4.jpg\"><img loading=\"lazy\" decoding=\"async\" data-attachment-id=\"202\" data-orig-file=\"https:\/\/semmelweis.hu\/igazsagugy\/files\/2012\/06\/IGOR_4.jpg\" data-orig-size=\"394,266\" data-comments-opened=\"1\" data-image-meta=\"{&quot;aperture&quot;:&quot;0&quot;,&quot;credit&quot;:&quot;&quot;,&quot;camera&quot;:&quot;&quot;,&quot;caption&quot;:&quot;&quot;,&quot;created_timestamp&quot;:&quot;0&quot;,&quot;copyright&quot;:&quot;&quot;,&quot;focal_length&quot;:&quot;0&quot;,&quot;iso&quot;:&quot;0&quot;,&quot;shutter_speed&quot;:&quot;0&quot;,&quot;title&quot;:&quot;&quot;}\" data-image-title=\"IGOR_4\" data-image-description=\"\" data-medium-file=\"https:\/\/semmelweis.hu\/igazsagugy\/files\/2012\/06\/IGOR_4-300x202.jpg\" data-large-file=\"https:\/\/semmelweis.hu\/igazsagugy\/files\/2012\/06\/IGOR_4.jpg\" src=\"https:\/\/semmelweis.hu\/igazsagugy\/files\/2012\/06\/IGOR_4.jpg\" width=\"496\" height=\"335\" align=\"left\" title=\"\" \/><\/a><\/div><\/div><div class=\"gallery-group images-2\" style=\"width: 248px; height: 339px;\"><div class=\"tiled-gallery-item tiled-gallery-item-small\"><a href=\"https:\/\/semmelweis.hu\/igazsagugy\/files\/2012\/10\/IGOR_4_big.jpg\"><img loading=\"lazy\" decoding=\"async\" data-attachment-id=\"227\" data-orig-file=\"https:\/\/semmelweis.hu\/igazsagugy\/files\/2012\/10\/IGOR_4_big.jpg\" data-orig-size=\"580,392\" data-comments-opened=\"1\" data-image-meta=\"{&quot;aperture&quot;:&quot;0&quot;,&quot;credit&quot;:&quot;&quot;,&quot;camera&quot;:&quot;&quot;,&quot;caption&quot;:&quot;&quot;,&quot;created_timestamp&quot;:&quot;0&quot;,&quot;copyright&quot;:&quot;&quot;,&quot;focal_length&quot;:&quot;0&quot;,&quot;iso&quot;:&quot;0&quot;,&quot;shutter_speed&quot;:&quot;0&quot;,&quot;title&quot;:&quot;&quot;}\" data-image-title=\"IGOR_4_big\" data-image-description=\"\" data-medium-file=\"https:\/\/semmelweis.hu\/igazsagugy\/files\/2012\/10\/IGOR_4_big-300x202.jpg\" data-large-file=\"https:\/\/semmelweis.hu\/igazsagugy\/files\/2012\/10\/IGOR_4_big.jpg\" src=\"https:\/\/semmelweis.hu\/igazsagugy\/files\/2012\/10\/IGOR_4_big-244x165.jpg\" width=\"244\" height=\"165\" align=\"left\" title=\"\" \/><\/a><\/div><div class=\"tiled-gallery-item tiled-gallery-item-small\"><a href=\"https:\/\/semmelweis.hu\/igazsagugy\/files\/2012\/06\/IGOR_3.jpg\"><img loading=\"lazy\" decoding=\"async\" data-attachment-id=\"201\" data-orig-file=\"https:\/\/semmelweis.hu\/igazsagugy\/files\/2012\/06\/IGOR_3.jpg\" data-orig-size=\"394,269\" data-comments-opened=\"1\" data-image-meta=\"{&quot;aperture&quot;:&quot;0&quot;,&quot;credit&quot;:&quot;&quot;,&quot;camera&quot;:&quot;&quot;,&quot;caption&quot;:&quot;&quot;,&quot;created_timestamp&quot;:&quot;0&quot;,&quot;copyright&quot;:&quot;&quot;,&quot;focal_length&quot;:&quot;0&quot;,&quot;iso&quot;:&quot;0&quot;,&quot;shutter_speed&quot;:&quot;0&quot;,&quot;title&quot;:&quot;&quot;}\" data-image-title=\"IGOR_3\" data-image-description=\"\" data-medium-file=\"https:\/\/semmelweis.hu\/igazsagugy\/files\/2012\/06\/IGOR_3-300x204.jpg\" data-large-file=\"https:\/\/semmelweis.hu\/igazsagugy\/files\/2012\/06\/IGOR_3.jpg\" src=\"https:\/\/semmelweis.hu\/igazsagugy\/files\/2012\/06\/IGOR_3-244x166.jpg\" width=\"244\" height=\"166\" align=\"left\" title=\"\" \/><\/a><\/div><\/div><\/div><div class=\"gallery-row\" style=\"width: 748px; height: 257px;\"><div class=\"gallery-group images-1\" style=\"width: 373px; height: 261px;\"><div class=\"tiled-gallery-item tiled-gallery-item-large\"><a href=\"https:\/\/semmelweis.hu\/igazsagugy\/files\/2012\/06\/IGOR_7.jpg\"><img loading=\"lazy\" decoding=\"async\" data-attachment-id=\"17\" data-orig-file=\"https:\/\/semmelweis.hu\/igazsagugy\/files\/2012\/06\/IGOR_7.jpg\" data-orig-size=\"387,269\" data-comments-opened=\"1\" data-image-meta=\"{&quot;aperture&quot;:&quot;0&quot;,&quot;credit&quot;:&quot;&quot;,&quot;camera&quot;:&quot;&quot;,&quot;caption&quot;:&quot;&quot;,&quot;created_timestamp&quot;:&quot;0&quot;,&quot;copyright&quot;:&quot;&quot;,&quot;focal_length&quot;:&quot;0&quot;,&quot;iso&quot;:&quot;0&quot;,&quot;shutter_speed&quot;:&quot;0&quot;,&quot;title&quot;:&quot;&quot;}\" data-image-title=\"IGOR_7\" data-image-description=\"\" data-medium-file=\"https:\/\/semmelweis.hu\/igazsagugy\/files\/2012\/06\/IGOR_7-300x208.jpg\" data-large-file=\"https:\/\/semmelweis.hu\/igazsagugy\/files\/2012\/06\/IGOR_7.jpg\" src=\"https:\/\/semmelweis.hu\/igazsagugy\/files\/2012\/06\/IGOR_7-369x257.jpg\" width=\"369\" height=\"257\" align=\"left\" title=\"\" \/><\/a><\/div><\/div><div class=\"gallery-group images-1\" style=\"width: 375px; height: 261px;\"><div class=\"tiled-gallery-item tiled-gallery-item-large\"><a href=\"https:\/\/semmelweis.hu\/igazsagugy\/files\/2012\/06\/IGOR_1.jpg\"><img loading=\"lazy\" decoding=\"async\" data-attachment-id=\"16\" data-orig-file=\"https:\/\/semmelweis.hu\/igazsagugy\/files\/2012\/06\/IGOR_1.jpg\" data-orig-size=\"394,273\" data-comments-opened=\"1\" data-image-meta=\"{&quot;aperture&quot;:&quot;0&quot;,&quot;credit&quot;:&quot;&quot;,&quot;camera&quot;:&quot;&quot;,&quot;caption&quot;:&quot;&quot;,&quot;created_timestamp&quot;:&quot;0&quot;,&quot;copyright&quot;:&quot;&quot;,&quot;focal_length&quot;:&quot;0&quot;,&quot;iso&quot;:&quot;0&quot;,&quot;shutter_speed&quot;:&quot;0&quot;,&quot;title&quot;:&quot;&quot;}\" data-image-title=\"IGOR_1\" data-image-description=\"\" data-medium-file=\"https:\/\/semmelweis.hu\/igazsagugy\/files\/2012\/06\/IGOR_1-300x207.jpg\" data-large-file=\"https:\/\/semmelweis.hu\/igazsagugy\/files\/2012\/06\/IGOR_1.jpg\" src=\"https:\/\/semmelweis.hu\/igazsagugy\/files\/2012\/06\/IGOR_1-371x257.jpg\" width=\"371\" height=\"257\" align=\"left\" title=\"\" \/><\/a><\/div><\/div><\/div><div class=\"gallery-row\" style=\"width: 748px; height: 533px;\"><div class=\"gallery-group images-1\" style=\"width: 748px; height: 537px;\"><div class=\"tiled-gallery-item tiled-gallery-item-large\"><a href=\"https:\/\/semmelweis.hu\/igazsagugy\/files\/2012\/06\/IGOR_2.jpg\"><img loading=\"lazy\" decoding=\"async\" data-attachment-id=\"14\" data-orig-file=\"https:\/\/semmelweis.hu\/igazsagugy\/files\/2012\/06\/IGOR_2.jpg\" data-orig-size=\"384,275\" data-comments-opened=\"1\" data-image-meta=\"{&quot;aperture&quot;:&quot;0&quot;,&quot;credit&quot;:&quot;&quot;,&quot;camera&quot;:&quot;&quot;,&quot;caption&quot;:&quot;&quot;,&quot;created_timestamp&quot;:&quot;0&quot;,&quot;copyright&quot;:&quot;&quot;,&quot;focal_length&quot;:&quot;0&quot;,&quot;iso&quot;:&quot;0&quot;,&quot;shutter_speed&quot;:&quot;0&quot;,&quot;title&quot;:&quot;&quot;}\" data-image-title=\"IGOR_2\" data-image-description=\"\" data-medium-file=\"https:\/\/semmelweis.hu\/igazsagugy\/files\/2012\/06\/IGOR_2-300x214.jpg\" data-large-file=\"https:\/\/semmelweis.hu\/igazsagugy\/files\/2012\/06\/IGOR_2.jpg\" src=\"https:\/\/semmelweis.hu\/igazsagugy\/files\/2012\/06\/IGOR_2.jpg\" width=\"744\" height=\"533\" align=\"left\" title=\"\" \/><\/a><\/div><\/div><\/div><\/div>[\/slb_exclude]\n","protected":false},"excerpt":{"rendered":"<p>A medicina forensis (t\u00f6rv\u00e9nysz\u00e9ki orvostan), mai nev\u00e9n igazs\u00e1g\u00fcgyi orvostan t\u00f6bb, mint 200 \u00e9ves egyetemi m\u00faltra visszatekint\u0151 tudom\u00e1ny. A Helytart\u00f3 Tan\u00e1cs 1793. november 22-i rendelete kimondta: a medicina forensis \u00e9s a politica medica (orvosi k\u00f6zigazgat\u00e1s) a pesti egyetemen \u00f6n\u00e1ll\u00f3 tansz\u00e9ken, szigorlati t\u00e1rgyk\u00e9nt oktass\u00e9k. 1872-t\u0151l, mint \u00f6n\u00e1l\u00f3 t\u00f6rv\u00e9nysz\u00e9ki orvostani t\u00e1rgy szerepel a curriculumban. Az Igazs\u00e1g\u00fcgyi Orvostani Int\u00e9zet &hellip;<\/p>\n","protected":false},"author":8,"featured_media":0,"parent":11,"menu_order":0,"comment_status":"closed","ping_status":"closed","template":"","meta":{"_acf_changed":false,"footnotes":""},"categories":[],"tags":[],"class_list":["post-12","page","type-page","status-publish","hentry"],"acf":[],"_links":{"self":[{"href":"https:\/\/semmelweis.hu\/igazsagugy\/wp-json\/wp\/v2\/pages\/12","targetHints":{"allow":["GET"]}}],"collection":[{"href":"https:\/\/semmelweis.hu\/igazsagugy\/wp-json\/wp\/v2\/pages"}],"about":[{"href":"https:\/\/semmelweis.hu\/igazsagugy\/wp-json\/wp\/v2\/types\/page"}],"author":[{"embeddable":true,"href":"https:\/\/semmelweis.hu\/igazsagugy\/wp-json\/wp\/v2\/users\/8"}],"replies":[{"embeddable":true,"href":"https:\/\/semmelweis.hu\/igazsagugy\/wp-json\/wp\/v2\/comments?post=12"}],"version-history":[{"count":9,"href":"https:\/\/semmelweis.hu\/igazsagugy\/wp-json\/wp\/v2\/pages\/12\/revisions"}],"predecessor-version":[{"id":1021,"href":"https:\/\/semmelweis.hu\/igazsagugy\/wp-json\/wp\/v2\/pages\/12\/revisions\/1021"}],"up":[{"embeddable":true,"href":"https:\/\/semmelweis.hu\/igazsagugy\/wp-json\/wp\/v2\/pages\/11"}],"wp:attachment":[{"href":"https:\/\/semmelweis.hu\/igazsagugy\/wp-json\/wp\/v2\/media?parent=12"}],"wp:term":[{"taxonomy":"category","embeddable":true,"href":"https:\/\/semmelweis.hu\/igazsagugy\/wp-json\/wp\/v2\/categories?post=12"},{"taxonomy":"post_tag","embeddable":true,"href":"https:\/\/semmelweis.hu\/igazsagugy\/wp-json\/wp\/v2\/tags?post=12"}],"curies":[{"name":"wp","href":"https:\/\/api.w.org\/{rel}","templated":true}]}}