{"id":69,"date":"2016-10-12T23:16:56","date_gmt":"2016-10-12T21:16:56","guid":{"rendered":"http:\/\/semmelweis.hu\/iga\/?page_id=69"},"modified":"2024-11-06T18:34:06","modified_gmt":"2024-11-06T17:34:06","slug":"tagok","status":"publish","type":"page","link":"https:\/\/semmelweis.hu\/iga\/tagok\/","title":{"rendered":"Tagjaink"},"content":{"rendered":"<p><strong><span style=\"font-size: 24pt\">Mentoraink<\/span><\/strong><\/p>\n<hr \/>\n<p><strong><span style=\"font-size: 18pt\">Micsik Tam\u00e1s<\/span><\/strong><\/p>\n<p style=\"text-align: justify\"><img loading=\"lazy\" decoding=\"async\" class=\"alignleft size-medium wp-image-87\" src=\"https:\/\/semmelweis.hu\/iga\/files\/2016\/10\/micsiktamas-201x300.jpg\" alt=\"micsiktamas\" width=\"201\" height=\"300\" srcset=\"https:\/\/semmelweis.hu\/iga\/files\/2016\/10\/micsiktamas-201x300.jpg 201w, https:\/\/semmelweis.hu\/iga\/files\/2016\/10\/micsiktamas.jpg 401w\" sizes=\"auto, (max-width: 201px) 100vw, 201px\" \/>2005 \u00f3ta dolgozom az Int\u00e9zetben. Patol\u00f3gus szakorvosi vizsg\u00e1mat 2008-ban tettem le, az\u00f3ta biopsz\u00e1s tev\u00e9kenys\u00e9gem f\u0151k\u00e9pp a gastroenterol\u00f3giai, pedi\u00e1triai \u00e9s (transzplant\u00e1ci\u00f3s) nephropatol\u00f3giai ter\u00fcletre f\u00f3kusz\u00e1l\u00f3dik. \u00dajabban a t\u00fcd\u0151patol\u00f3gi\u00e1ba, t\u00fcd\u0151cytol\u00f3gi\u00e1ba is bekapcsol\u00f3dtam.<br \/>\nDigit\u00e1lis patol\u00f3gi\u00e1val 2006 \u00f3ta foglalkozom, f\u0151k\u00e9pp a digit\u00e1lis k\u00e9pfeldolgoz\u00e1s, alakfelismer\u00e9s, immunhisztok\u00e9mia digit\u00e1lis ki\u00e9rt\u00e9kel\u00e9se\/valid\u00e1l\u00e1sa, prolifer\u00e1ci\u00f3s index meghat\u00e1roz\u00e1sa\/automatiz\u00e1l\u00e1sa foglalkoztat t\u00f6bb k\u00f3rk\u00e9pben (eml\u0151r\u00e1k, GIST, NET, mell\u00e9kvesek\u00e9regkarcinoma), de a digit\u00e1lis patol\u00f3gia sz\u00e1mos egy\u00e9b v\u00edvm\u00e1ny\u00e1t is rendszeresen haszn\u00e1lom: t\u00e1vleletez\u00e9s, telekonzult\u00e1ci\u00f3, sz\u00f6vettani oktat\u00f3anyag l\u00e9trehoz\u00e1sa. A 3DHistech digit\u00e1lis patol\u00f3giai c\u00e9ggel rendszeres, konzult\u00e1ci\u00f3s kapcsolatban vagyok, sz\u00e1mos projektet futtatunk k\u00f6z\u00f6sen.<br \/>\n2014-ben molekul\u00e1ris genetikai diagnosztika szakvizsg\u00e1t tettem. Ezen a ter\u00fcleten a jelenleg \u00e9szlelt nagyar\u00e1ny\u00fa fejl\u0151d\u00e9s, a c\u00e9lzott ter\u00e1pia eszk\u00f6zt\u00e1r\u00e1nak b\u0151v\u00fcl\u00e9se \u00e9s ennek a mindennapi patol\u00f3giai diagnosztik\u00e1ra kifejtett hat\u00e1sa foglalkoztat. Kifejezetten \u00e9rdekel a molekul\u00e1risan c\u00e9lzott ter\u00e1pia sikeress\u00e9g\u00e9hez sz\u00fcks\u00e9ges immunhisztok\u00e9mia digit\u00e1lis patol\u00f3gi\u00e1val val\u00f3 \u00f6sszekapcsol\u00e1sa, megseg\u00edt\u00e9se (pl. HER2 digit\u00e1lis immunhisztok\u00e9miai ki\u00e9rt\u00e9kel\u00e9se, FISH automatiz\u00e1lt ki\u00e9rt\u00e9kel\u00e9se).<br \/>\n<em><strong>Belgy\u00f3gy\u00e1sz koll\u00e9g\u00e1mmal gastroenterol\u00f3giai-patol\u00f3giai \u00a0interdiszciplin\u00e1ris kutat\u00f3csoportot (IGA) hoztunk l\u00e9tre, mely jelenleg legink\u00e1bb a serrated adenom\u00e1k jellemz\u00e9s\u00e9vel, felkutat\u00e1s\u00e1val foglalkozik, de microscopos colitis, eosinophil oesophagitis k\u00f3rk\u00e9pekkel is foglalkozunk. Nemr\u00e9g alap\u00edtottuk meg a HUSAR-t (Hungarian Serrated Adenoma Registry).<\/strong><\/em><br \/>\nMagyar \u00e9s nemzetk\u00f6zi konferenci\u00e1kon rendszeresen veszek r\u00e9szt el\u0151ad\u00e1sokkal, poszterekkel.<br \/>\nSv\u00e9dorsz\u00e1ggal r\u00e9szmunkaid\u0151s patol\u00f3giai munkav\u00e9gz\u00e9s \u00e9s telepatol\u00f3giai szolg\u00e1lt\u00e1s form\u00e1j\u00e1ban vagyok kapcsolatban.\u00a0<br \/>\nSz\u00e1mos angol \u00e9s magyar nyelv\u0171 demonstr\u00e1torral, TDK-sal, valamint szakdolgoz\u00f3val siker\u00fclt gy\u00fcm\u00f6lcs\u00f6z\u0151en egy\u00fctt dolgoznom, illetve jelenleg is ez t\u00f6rt\u00e9nik.<br \/>\nAz angol \u00e9s magyar nyelv\u0171 gradu\u00e1lis k\u00e9pz\u00e9sben 2006 \u00f3ta veszek r\u00e9szt. A gradu\u00e1lis oktat\u00e1sban haszn\u00e1lt \u00fajabb specimenek (makroszk\u00f3pos prepar\u00e1tumok) nagy r\u00e9sz\u00e9t egy TDK-sommal k\u00e9sz\u00edtett\u00fck el.<\/p>\n<p style=\"text-align: justify\"><a href=\"https:\/\/semmelweis.hu\/iga\/files\/2016\/10\/micsiktamascv.pdf\" target=\"_blank\" rel=\"noopener noreferrer\">\u00d6n\u00e9letrajz<\/a><\/p>\n<hr \/>\n<p style=\"text-align: justify\"><strong><span style=\"font-size: 18pt\">Patai \u00c1rp\u00e1d<\/span><\/strong><\/p>\n<p style=\"text-align: justify\"><img loading=\"lazy\" decoding=\"async\" class=\"alignleft size-medium wp-image-79\" src=\"https:\/\/semmelweis.hu\/iga\/files\/2016\/10\/pataiarpad-217x300.jpg\" alt=\"pataiarpad\" width=\"217\" height=\"300\" srcset=\"https:\/\/semmelweis.hu\/iga\/files\/2016\/10\/pataiarpad-217x300.jpg 217w, https:\/\/semmelweis.hu\/iga\/files\/2016\/10\/pataiarpad-768x1060.jpg 768w, https:\/\/semmelweis.hu\/iga\/files\/2016\/10\/pataiarpad-742x1024.jpg 742w, https:\/\/semmelweis.hu\/iga\/files\/2016\/10\/pataiarpad.jpg 1578w\" sizes=\"auto, (max-width: 217px) 100vw, 217px\" \/><\/p>\n<p style=\"text-align: justify\">\u00a0<\/p>\n<p style=\"text-align: justify\">\u00a0<\/p>\n<p style=\"text-align: justify\">\u00a0<\/p>\n<p style=\"text-align: justify\">\u00a0<\/p>\n<p style=\"text-align: justify\">\u00a0<\/p>\n<p style=\"text-align: justify\">\u00a0<\/p>\n<p style=\"text-align: justify\">\u00a0<\/p>\n<p style=\"text-align: justify\"><a href=\"https:\/\/semmelweis.hu\/iga\/files\/2016\/10\/pataiarpadcv.pdf\" target=\"_blank\" rel=\"noopener noreferrer\">\u00d6n\u00e9letrajz<\/a><\/p>\n<hr \/>\n<p style=\"text-align: justify\"><strong><span style=\"font-size: 24pt\">Tagjaink<\/span><\/strong><\/p>\n<p>&nbsp;<\/p>\n<p><strong><span style=\"font-size: 18pt\">Dr\u00e1cz B\u00e1lint<\/span><\/strong><\/p>\n<p style=\"text-align: justify\"><img loading=\"lazy\" decoding=\"async\" class=\"alignleft wp-image-155 size-medium\" src=\"https:\/\/semmelweis.hu\/iga\/files\/2018\/03\/draczbalint-300x200.jpg\" alt=\"\" width=\"300\" height=\"200\" srcset=\"https:\/\/semmelweis.hu\/iga\/files\/2018\/03\/draczbalint-300x200.jpg 300w, https:\/\/semmelweis.hu\/iga\/files\/2018\/03\/draczbalint-768x512.jpg 768w, https:\/\/semmelweis.hu\/iga\/files\/2018\/03\/draczbalint-450x300.jpg 450w, https:\/\/semmelweis.hu\/iga\/files\/2018\/03\/draczbalint.jpg 960w\" sizes=\"auto, (max-width: 300px) 100vw, 300px\" \/><\/p>\n<p style=\"text-align: justify\">\u00d6t\u00f6d\u00e9ves orvostanhallgat\u00f3 vagyok a Semmelweis Egyetem \u00c1ltal\u00e1nos Orvostudom\u00e1nyi Kar\u00e1n.<br \/>\nRendk\u00edv\u00fcl \u00e9rdekel a gasztroenterol\u00f3gia, azon bel\u00fcl is els\u0151sorban a colorectalis carcinoma, ami Magyarorsz\u00e1gon a m\u00e1sodik leggyakoribb rosszindulat\u00fa daganat.<br \/>\n2018 elej\u00e9n l\u00e9ptem be a munkacsoportba azzal a sz\u00e1nd\u00e9kkal, hogy siker\u00fclj\u00f6n \u00fajfajta, specifikus vizsg\u00e1lati m\u00f3dszereket kifejleszteni annak \u00e9rdek\u00e9ben, hogy a daganat k\u00f6nnyebben diagnosztiz\u00e1lhat\u00f3 vagy ak\u00e1r megel\u0151zhet\u0151 lehessen.<\/p>\n<p><a href=\"https:\/\/semmelweis.hu\/iga\/files\/2018\/03\/draczbalintcv.pdf\" target=\"_blank\" rel=\"noopener noreferrer\">\u00d6n\u00e9letrajz\u00a0<\/a><\/p>\n<hr \/>\n<p><strong><span style=\"font-size: 18pt\">Jakab Anna\u00a0<\/span><\/strong><\/p>\n<p style=\"text-align: justify\"><img loading=\"lazy\" decoding=\"async\" class=\"size-medium wp-image-182 alignleft\" src=\"https:\/\/semmelweis.hu\/iga\/files\/2019\/03\/jakabanna-244x300.jpg\" alt=\"\" width=\"244\" height=\"300\" srcset=\"https:\/\/semmelweis.hu\/iga\/files\/2019\/03\/jakabanna-244x300.jpg 244w, https:\/\/semmelweis.hu\/iga\/files\/2019\/03\/jakabanna-768x944.jpg 768w, https:\/\/semmelweis.hu\/iga\/files\/2019\/03\/jakabanna.jpg 781w\" sizes=\"auto, (max-width: 244px) 100vw, 244px\" \/>V\u00e9gz\u0151s orvostanhallgat\u00f3 vagyok a Semmelweis Egyetemen. Imm\u00e1r harmadik \u00e9ve oktatok patol\u00f3gi\u00e1t demonstr\u00e1tork\u00e9nt, magyar \u00e9s angol nyelven egyar\u00e1nt, \u00e9s m\u00e1sodik \u00e9ve foglalkozom a colorectalis fogazott adenocarcinom\u00e1kkal az IGA-n bel\u00fcl. C\u00e9lunk, hogy ezt a ritk\u00e1n diagnosztiz\u00e1lt entit\u00e1st a lehet\u0151 legjobban megismerj\u00fck, diagnosztikus krit\u00e9riumait finom\u00edtsuk, \u00e9s min\u00e9l ink\u00e1bb elterjessz\u00fck a k\u00f6ztudatban.\u00a0<\/p>\n<p>&nbsp;<\/p>\n<p><a href=\"https:\/\/semmelweis.hu\/iga\/files\/2018\/10\/jakab_anna_cv_2018.pdf\">\u00d6n\u00e9letrajz<\/a><\/p>\n<p>&nbsp;<\/p>\n<p>&nbsp;<\/p>\n<p><strong><span style=\"font-size: 24pt\">Volt tagjaink<\/span><\/strong><\/p>\n<p><strong><span style=\"font-size: 18pt\">Asz\u00f3di Bence<\/span><\/strong><\/p>\n<p><img loading=\"lazy\" decoding=\"async\" class=\"alignleft size-medium wp-image-181\" src=\"https:\/\/semmelweis.hu\/iga\/files\/2019\/03\/aszodibence-160x300.jpg\" alt=\"\" width=\"160\" height=\"300\" srcset=\"https:\/\/semmelweis.hu\/iga\/files\/2019\/03\/aszodibence-160x300.jpg 160w, https:\/\/semmelweis.hu\/iga\/files\/2019\/03\/aszodibence-768x1443.jpg 768w, https:\/\/semmelweis.hu\/iga\/files\/2019\/03\/aszodibence-545x1024.jpg 545w, https:\/\/semmelweis.hu\/iga\/files\/2019\/03\/aszodibence.jpg 797w\" sizes=\"auto, (max-width: 160px) 100vw, 160px\" \/><\/p>\n<p style=\"text-align: justify\">\u00d6t\u00f6d\u00e9ves orvostanhallgat\u00f3 vagyok a Semmelweis Egyetemen. Ami\u00f3ta patol\u00f3gi\u00e1t hallgattam, elkezdett vonzani a szakter\u00fclet, k\u00fcl\u00f6n\u00f6sk\u00e9ppen a sz\u00f6vettan. <br \/>\nMivel komolyan foglalkoztat az informatika \u00e9s annak felhaszn\u00e1l\u00e1sa az orvostudom\u00e1nyban, felkeltette a figyelmem a digitaliz\u00e1lt sz\u00f6vettani elemz\u00e9s lehet\u0151s\u00e9ge. <br \/>\nDr. Micsik Tam\u00e1s be is vont ezzel kapcsolatos munk\u00e1j\u00e1ba, 2017 janu\u00e1rj\u00e1t\u00f3l. \u00c9n v\u00e9gzem a csoportban a digit\u00e1lis k\u00e9pelemz\u00e9shez kapcsol\u00f3d\u00f3 munk\u00e1kat.<\/p>\n<p>&nbsp;<\/p>\n<p><a href=\"https:\/\/semmelweis.hu\/iga\/files\/2019\/03\/aszodibencecv.pdf\">\u00d6n\u00e9letrajz<\/a><\/p>\n<p>&nbsp;<\/p>\n<p style=\"text-align: justify\"><strong><span style=\"font-size: 18pt\">Horv\u00e1th R\u00e9ka<\/span><\/strong><\/p>\n<p style=\"text-align: justify\"><img loading=\"lazy\" decoding=\"async\" class=\"alignleft size-medium wp-image-77\" src=\"https:\/\/semmelweis.hu\/iga\/files\/2016\/10\/horvathreka-208x300.jpg\" alt=\"horvathreka\" width=\"208\" height=\"300\" srcset=\"https:\/\/semmelweis.hu\/iga\/files\/2016\/10\/horvathreka-208x300.jpg 208w, https:\/\/semmelweis.hu\/iga\/files\/2016\/10\/horvathreka.jpg 377w\" sizes=\"auto, (max-width: 208px) 100vw, 208px\" \/>2016-ban diplom\u00e1ztam a Semmelweis Egyetem \u00c1ltal\u00e1nos Orvostudom\u00e1nyi Kar\u00e1n. Ezt k\u00f6vet\u0151en a\u00a0kistarcsai Fl\u00f3r Ferenc K\u00f3rh\u00e1z Patol\u00f3giai Oszt\u00e1ly\u00e1n, az MD Kft.-n\u00e9l kezdem el dolgozni rezidensk\u00e9nt.<br \/>\nM\u00e1r az egyetemi \u00e9vek alatt \u00e9rdekl\u0151dtem a patol\u00f3gia ir\u00e1nt, \u00edgy tanulm\u00e1nyaim utols\u00f3 h\u00e1rom \u00e9v\u00e9ben\u00a0TDK hallgat\u00f3k\u00e9nt r\u00e9szt vettem az I. Patol\u00f3giai Int\u00e9zet \u00e9s a II. sz. Belgy\u00f3gy\u00e1szati Klinika k\u00f6z\u00f6s kutat\u00f3\u00a0munk\u00e1j\u00e1ban, a vastagb\u00e9l serrated adenom\u00e1inak vizsg\u00e1lat\u00e1ban. Ez a k\u00f6z\u00f6s munka az\u00f3ta is folytat\u00f3dik\u00a0tov\u00e1bbi k\u00f3rh\u00e1zak patol\u00f3gusainak \u00e9s belgy\u00f3gy\u00e1szainak bevon\u00e1s\u00e1val.<\/p>\n<p>&nbsp;<\/p>\n<p><a href=\"https:\/\/semmelweis.hu\/iga\/files\/2016\/10\/horvathrekacv.pdf\" target=\"_blank\" rel=\"noopener noreferrer\">\u00d6n\u00e9letrajz<\/a><\/p>\n<hr \/>\n<p>&nbsp;<\/p>\n<p><strong><span style=\"font-size: 18pt\">Kocsis Anita<\/span><\/strong><\/p>\n<p><img loading=\"lazy\" decoding=\"async\" class=\"size-medium wp-image-183 alignleft\" src=\"https:\/\/semmelweis.hu\/iga\/files\/2019\/03\/kocsisantia-222x300.jpg\" alt=\"\" width=\"222\" height=\"300\" srcset=\"https:\/\/semmelweis.hu\/iga\/files\/2019\/03\/kocsisantia-222x300.jpg 222w, https:\/\/semmelweis.hu\/iga\/files\/2019\/03\/kocsisantia-768x1039.jpg 768w, https:\/\/semmelweis.hu\/iga\/files\/2019\/03\/kocsisantia-757x1024.jpg 757w, https:\/\/semmelweis.hu\/iga\/files\/2019\/03\/kocsisantia.jpg 1408w\" sizes=\"auto, (max-width: 222px) 100vw, 222px\" \/><\/p>\n<p style=\"text-align: justify\">\u00d6t\u00f6d\u00e9ves orvostanhallgat\u00f3 vagyok a Semmelweis Egyetem \u00c1ltal\u00e1nos Orvostudom\u00e1nyi Kar\u00e1n. Harmad\u00e9ven nagyon tetszett a patol\u00f3gia, az hogy tanulhattunk a betegs\u00e9gek kialakul\u00e1s\u00e1r\u00f3l \u00e9s a klinikai eseteken kereszt\u00fcl belel\u00e1thattunk betegutakba illetve<br \/>\nmegismerhett\u00fcnk a betegs\u00e9gek val\u00f3s\u00e1gos lefoly\u00e1s\u00e1t.<br \/>\nHarmad\u00e9ven csatlakoztam a munkacsoporthoz \u00e9s jelenleg a mikroszatellita instabil colorect\u00e1lis daganatokkal foglalkozom. Magyarorsz\u00e1gon els\u0151k\u00e9nt vizsg\u00e1ltuk ezt az entit\u00e1st nagyobb beteganyagon.<\/p>\n<p><a href=\"https:\/\/semmelweis.hu\/iga\/files\/2019\/03\/kocsisanitacv.pdf\">\u00d6n\u00e9letrajz<\/a><\/p>\n<hr \/>\n<p><strong><span style=\"font-size: 18pt\">Moln\u00e1r Csilla<\/span><\/strong><\/p>\n<p style=\"text-align: justify\"><img loading=\"lazy\" decoding=\"async\" class=\"alignleft size-medium wp-image-202\" src=\"https:\/\/semmelweis.hu\/iga\/files\/2019\/03\/molnarcsilla-286x300.jpg\" alt=\"\" width=\"286\" height=\"300\" srcset=\"https:\/\/semmelweis.hu\/iga\/files\/2019\/03\/molnarcsilla-286x300.jpg 286w, https:\/\/semmelweis.hu\/iga\/files\/2019\/03\/molnarcsilla-768x805.jpg 768w, https:\/\/semmelweis.hu\/iga\/files\/2019\/03\/molnarcsilla-977x1024.jpg 977w\" sizes=\"auto, (max-width: 286px) 100vw, 286px\" \/>V\u00e9gz\u0151s orvostanhallgat\u00f3 vagyok a Semmelweis Egyetem \u00c1ltal\u00e1nos Orvostudom\u00e1nyi Kar\u00e1n. Azzal a hat\u00e1rozott elk\u00e9pzel\u00e9ssel j\u00f6ttem az egyetemre, hogy patol\u00f3gus szeretn\u00e9k lenni. 2016 elej\u00e9n csatlakoztam a munkacsoporthoz, ekkor kezdtem el az eosinophil oesophagitis-szel foglalkozni. Munk\u00e1nk sor\u00e1n azt tartom a legfontosabbnak, hogy a betegs\u00e9get t\u00f6bb szemsz\u00f6gb\u0151l k\u00f6zel\u00edtj\u00fck meg, patol\u00f3giai \u00e9s klinikai szempontokat egyar\u00e1nt figyelembe v\u00e9ve.<\/p>\n<p>&nbsp;<\/p>\n<p><a href=\"https:\/\/semmelweis.hu\/iga\/files\/2019\/03\/molnarcsillacv.pdf\" target=\"_blank\" rel=\"noopener noreferrer\">\u00d6n\u00e9letrajz<\/a><\/p>\n<hr \/>\n<p><strong><span style=\"font-size: 18pt\">M\u00f3r Andr\u00e1s<\/span><\/strong><\/p>\n<p><img loading=\"lazy\" decoding=\"async\" class=\"alignleft size-medium wp-image-194\" src=\"https:\/\/semmelweis.hu\/iga\/files\/2019\/03\/morandras-233x300.jpg\" alt=\"\" width=\"233\" height=\"300\" srcset=\"https:\/\/semmelweis.hu\/iga\/files\/2019\/03\/morandras-233x300.jpg 233w, https:\/\/semmelweis.hu\/iga\/files\/2019\/03\/morandras.jpg 413w\" sizes=\"auto, (max-width: 233px) 100vw, 233px\" \/><\/p>\n<p>&nbsp;<\/p>\n<p>&nbsp;<\/p>\n<p>&nbsp;<\/p>\n<p>&nbsp;<\/p>\n<p>&nbsp;<\/p>\n<p>&nbsp;<\/p>\n<p><a href=\"https:\/\/semmelweis.hu\/iga\/files\/2019\/03\/morandrascv.pdf\">\u00d6n\u00e9letrajz<\/a><\/p>\n<hr \/>\n<p><strong><span style=\"font-size: 18pt\">Podr\u00e1czky No\u00e9mi<\/span><\/strong><\/p>\n<p><img loading=\"lazy\" decoding=\"async\" class=\"alignleft size-medium wp-image-184\" src=\"https:\/\/semmelweis.hu\/iga\/files\/2019\/03\/Podr\u00e1czkyNo\u00e9mik\u00e9p-300x275.jpg\" alt=\"\" width=\"300\" height=\"275\" srcset=\"https:\/\/semmelweis.hu\/iga\/files\/2019\/03\/Podr\u00e1czkyNo\u00e9mik\u00e9p-300x275.jpg 300w, https:\/\/semmelweis.hu\/iga\/files\/2019\/03\/Podr\u00e1czkyNo\u00e9mik\u00e9p-768x705.jpg 768w, https:\/\/semmelweis.hu\/iga\/files\/2019\/03\/Podr\u00e1czkyNo\u00e9mik\u00e9p-1024x940.jpg 1024w, https:\/\/semmelweis.hu\/iga\/files\/2019\/03\/Podr\u00e1czkyNo\u00e9mik\u00e9p-327x300.jpg 327w, https:\/\/semmelweis.hu\/iga\/files\/2019\/03\/Podr\u00e1czkyNo\u00e9mik\u00e9p.jpg 1179w\" sizes=\"auto, (max-width: 300px) 100vw, 300px\" \/><\/p>\n<p style=\"text-align: justify\">Harmad\u00e9ves orvostanhallgat\u00f3 vagyok a Semmelweis Egyetem \u00c1ltal\u00e1nos Orvostudom\u00e1nyi Kar\u00e1n. <br \/>\nAz egyetem kezdete \u00f3ta \u00e9rdekl\u0151d\u00f6m a kutat\u00e1s ir\u00e1nt, k\u00fcl\u00f6n\u00f6s tekintettel a r\u00e1kkutat\u00e1sra. <br \/>\n2019 janu\u00e1rj\u00e1ban csatlakoztam a kutat\u00f3csoporthoz, ahol a gyomor carcinom\u00e1k molekul\u00e1ris alt\u00edpusaival foglalkozom. A modern orvosl\u00e1s egyik legnagyobb kih\u00edv\u00e1s\u00e1nak tartom a k\u00fcl\u00f6nb\u00f6z\u0151 daganatok molekul\u00e1ris felt\u00e9rk\u00e9pez\u00e9s\u00e9t \u00e9s a c\u00e9lzott ter\u00e1pi\u00e1k kidolgoz\u00e1s\u00e1t. Ez\u00e9rt is gondolom nagyon fontosnak \u00e9s \u00e9rdekesnek a kutat\u00f3csoport munk\u00e1j\u00e1t.<\/p>\n<p><a href=\"https:\/\/semmelweis.hu\/iga\/files\/2019\/03\/podr\u00e1czkynoemicv.pdf\">\u00d6n\u00e9letrajz<\/a><\/p>\n<hr \/>\n<p><strong><span style=\"font-size: 18pt\">Vrab\u00e9ly Brigitta<\/span><\/strong><\/p>\n<p style=\"text-align: justify\"><img loading=\"lazy\" decoding=\"async\" class=\"alignleft size-medium wp-image-80\" src=\"https:\/\/semmelweis.hu\/iga\/files\/2016\/10\/vrabelybrigitta-241x300.jpg\" alt=\"vrabelybrigitta\" width=\"241\" height=\"300\" srcset=\"https:\/\/semmelweis.hu\/iga\/files\/2016\/10\/vrabelybrigitta-241x300.jpg 241w, https:\/\/semmelweis.hu\/iga\/files\/2016\/10\/vrabelybrigitta.jpg 345w\" sizes=\"auto, (max-width: 241px) 100vw, 241px\" \/>2016-ban v\u00e9gezetem a Semmelweis Egyetem \u00c1ltal\u00e1nos Orvostudom\u00e1nyi Kar\u00e1n, jelenleg a Bajcsy-Zsilinszky K\u00f3rh\u00e1z Pathol\u00f3giai Oszt\u00e1ly\u00e1n dolgozom. <br \/>\nAz egyetem eleje \u00f3ta a sz\u00f6vettan \u00e9rdekelt, \u00e9s eld\u00f6nt\u00f6ttem, hogy patol\u00f3gus szeretn\u00e9k lenni. Az egyetem alatt Micsik Tam\u00e1s vezet\u00e9s\u00e9vel kutattam a veser\u00e1kokat, az int\u00e9zet anyag\u00e1nak reklasszifik\u00e1l\u00e1s\u00e1t v\u00e9gezt\u00fck, az \u00fajabban le\u00edrt \u00e9s ritka sz\u00f6vettani alt\u00edpusokra val\u00f3 k\u00fcl\u00f6n\u00f6s tekintettel. Ezen t\u00e9m\u00e1b\u00f3l \u00edrtam a szakdolgozatom, \u00e9s jelenleg is folyik ez a kutat\u00e1s, melyet a j\u00f6v\u0151ben tov\u00e1bb szeretn\u00e9nk vinni. Emellett kezdtem el foglalkozni a serrated adenom\u00e1kkal. A patol\u00f3gia mellett hobbi szinten \u00e9rdekel a radiol\u00f3gia is.<\/p>\n<p><a href=\"https:\/\/semmelweis.hu\/iga\/files\/2016\/10\/vrabelybrigittacv.pdf\" target=\"_blank\" rel=\"noopener noreferrer\">\u00d6n\u00e9letrajz<\/a><\/p>\n<p>&nbsp;<\/p>\n","protected":false},"excerpt":{"rendered":"<p>Mentoraink Micsik Tam\u00e1s 2005 \u00f3ta dolgozom az Int\u00e9zetben. Patol\u00f3gus szakorvosi vizsg\u00e1mat 2008-ban tettem le, az\u00f3ta biopsz\u00e1s tev\u00e9kenys\u00e9gem f\u0151k\u00e9pp a gastroenterol\u00f3giai, pedi\u00e1triai \u00e9s (transzplant\u00e1ci\u00f3s) nephropatol\u00f3giai ter\u00fcletre f\u00f3kusz\u00e1l\u00f3dik. \u00dajabban a t\u00fcd\u0151patol\u00f3gi\u00e1ba, t\u00fcd\u0151cytol\u00f3gi\u00e1ba is bekapcsol\u00f3dtam. Digit\u00e1lis patol\u00f3gi\u00e1val 2006 \u00f3ta foglalkozom, f\u0151k\u00e9pp a digit\u00e1lis k\u00e9pfeldolgoz\u00e1s, alakfelismer\u00e9s, immunhisztok\u00e9mia digit\u00e1lis ki\u00e9rt\u00e9kel\u00e9se\/valid\u00e1l\u00e1sa, prolifer\u00e1ci\u00f3s index meghat\u00e1roz\u00e1sa\/automatiz\u00e1l\u00e1sa foglalkoztat t\u00f6bb k\u00f3rk\u00e9pben (eml\u0151r\u00e1k, GIST, NET, mell\u00e9kvesek\u00e9regkarcinoma), &hellip;<\/p>\n","protected":false},"author":101157,"featured_media":0,"parent":0,"menu_order":0,"comment_status":"closed","ping_status":"closed","template":"","meta":{"_acf_changed":false,"footnotes":""},"categories":[],"tags":[],"class_list":["post-69","page","type-page","status-publish","hentry"],"acf":[],"_links":{"self":[{"href":"https:\/\/semmelweis.hu\/iga\/wp-json\/wp\/v2\/pages\/69","targetHints":{"allow":["GET"]}}],"collection":[{"href":"https:\/\/semmelweis.hu\/iga\/wp-json\/wp\/v2\/pages"}],"about":[{"href":"https:\/\/semmelweis.hu\/iga\/wp-json\/wp\/v2\/types\/page"}],"author":[{"embeddable":true,"href":"https:\/\/semmelweis.hu\/iga\/wp-json\/wp\/v2\/users\/101157"}],"replies":[{"embeddable":true,"href":"https:\/\/semmelweis.hu\/iga\/wp-json\/wp\/v2\/comments?post=69"}],"version-history":[{"count":10,"href":"https:\/\/semmelweis.hu\/iga\/wp-json\/wp\/v2\/pages\/69\/revisions"}],"predecessor-version":[{"id":222,"href":"https:\/\/semmelweis.hu\/iga\/wp-json\/wp\/v2\/pages\/69\/revisions\/222"}],"wp:attachment":[{"href":"https:\/\/semmelweis.hu\/iga\/wp-json\/wp\/v2\/media?parent=69"}],"wp:term":[{"taxonomy":"category","embeddable":true,"href":"https:\/\/semmelweis.hu\/iga\/wp-json\/wp\/v2\/categories?post=69"},{"taxonomy":"post_tag","embeddable":true,"href":"https:\/\/semmelweis.hu\/iga\/wp-json\/wp\/v2\/tags?post=69"}],"curies":[{"name":"wp","href":"https:\/\/api.w.org\/{rel}","templated":true}]}}