{"id":52,"date":"2016-10-12T22:35:41","date_gmt":"2016-10-12T20:35:41","guid":{"rendered":"http:\/\/semmelweis.hu\/iga\/?page_id=52"},"modified":"2016-10-12T22:59:46","modified_gmt":"2016-10-12T20:59:46","slug":"hunor-hungarian-eosnophilic-oesophagitis-registry","status":"publish","type":"page","link":"https:\/\/semmelweis.hu\/iga\/hunor\/hunor-hungarian-eosnophilic-oesophagitis-registry\/","title":{"rendered":"HUNOR \u2013 HUNgarian eosnophilic Oesophagitis Registry"},"content":{"rendered":"<p style=\"text-align: justify\">\nAnekdot\u00e1lis k\u00f6zl\u00e9sek szerint az eosinophil oesophagitis haz\u00e1nkban ritk\u00e1n diagnosztiz\u00e1lt betegs\u00e9g, ez\u00e9rt hazai regiszter l\u00e9trehoz\u00e1s\u00e1t kezdem\u00e9nyezz\u00fck.<\/p>\n<p style=\"text-align: justify\">\nAz aluldiagnosztiz\u00e1l\u00e1s oka lehet:<\/p>\n<ul style=\"text-align: justify\">\n<li>a fiatal betegek \u00e9s gyermekek tartanak az endoszk\u00f3pi\u00e1s vizsg\u00e1latokt\u00f3l \u00e9s \u00edgy a diagn\u00f3zishoz sz\u00fcks\u00e9ges sz\u00f6vettani minta sem nyerhet\u0151<\/li>\n<li>az eosinophil oesophagitis foltokban jelentkezik, ez\u00e9rt megfelel\u0151 sz\u00e1m\u00fa \u00e9s min\u0151s\u00e9g\u0171 nyel\u0151cs\u0151bioptatum sz\u00fcks\u00e9ges, ami gyakran nem \u00e1ll rendelkez\u00e9sre.<\/li>\n<\/ul>\n<p style=\"text-align: justify\">\nAz eg\u00e9sz orsz\u00e1gra kiterjed\u0151 regiszterben szeretn\u00e9nk:<\/p>\n<ul style=\"list-style-type: square;text-align: justify\">\n<li>Retrospekt\u00edv adatokat gy\u0171jteni<a href=\"https:\/\/semmelweis.hu\/iga\/files\/2016\/10\/Hunor.jpg\"><img loading=\"lazy\" decoding=\"async\" class=\"alignright size-medium wp-image-64\" src=\"https:\/\/semmelweis.hu\/iga\/files\/2016\/10\/Hunor-300x300.jpg\" alt=\"hunor\" width=\"300\" height=\"300\" srcset=\"https:\/\/semmelweis.hu\/iga\/files\/2016\/10\/Hunor-300x300.jpg 300w, https:\/\/semmelweis.hu\/iga\/files\/2016\/10\/Hunor-150x150.jpg 150w, https:\/\/semmelweis.hu\/iga\/files\/2016\/10\/Hunor-768x768.jpg 768w, https:\/\/semmelweis.hu\/iga\/files\/2016\/10\/Hunor-1024x1024.jpg 1024w, https:\/\/semmelweis.hu\/iga\/files\/2016\/10\/Hunor-144x144.jpg 144w, https:\/\/semmelweis.hu\/iga\/files\/2016\/10\/Hunor-90x90.jpg 90w, https:\/\/semmelweis.hu\/iga\/files\/2016\/10\/Hunor.jpg 1044w\" sizes=\"auto, (max-width: 300px) 100vw, 300px\" \/><\/a>\n<ul style=\"list-style-type: circle\">\n<li>kor<\/li>\n<li>nem<\/li>\n<li>at\u00f3pi\u00e1s anamn\u00e9zis<\/li>\n<li>panaszok<\/li>\n<li>biopszi\u00e1k sz\u00e1ma<\/li>\n<li>nyel\u0151cs\u0151 eosinophil-leukocyta sz\u00e1m<\/li>\n<li>serum eosinophilia<\/li>\n<li>pylori-status<\/li>\n<li>javasolt kezel\u00e9s<\/li>\n<li>k\u00f6vet\u00e9s<\/li>\n<\/ul>\n<\/li>\n<\/ul>\n<ul style=\"list-style-type: square;text-align: justify\">\n<li>Prospekt\u00edv vizsg\u00e1latot is tervez\u00fcnk\n<ul style=\"list-style-type: circle\">\n<li>falatelakad\u00e1s,\u00a0dysphagia miatt vizsg\u00e1lt betegekn\u00e9l<\/li>\n<li>ahol m\u00e1s egy\u00e9rtelm\u0171 ok nem azonos\u00edthat\u00f3<\/li>\n<li>szeretn\u00e9nk 2 x 2-4 mer\u0151leges nyel\u0151cs\u0151 biopszi\u00e1t venni<\/li>\n<li>fot\u00f3dokument\u00e1ci\u00f3t is k\u00e9sz\u00edten\u00e9nk, amiket a sz\u00f6vettani \u00e9s a fent m\u00e1r le\u00edrt klinikai adatokkal eg\u00e9sz\u00edten\u00e9nk ki.<\/li>\n<\/ul>\n<\/li>\n<\/ul>\n<p style=\"text-align: justify\">Az interdiszciplin\u00e1ris munkacsoport c\u00e9lja, hogy eme ritka betegs\u00e9g diagnosztikai \u00e9s kezel\u00e9si lehet\u0151s\u00e9geit, tapasztalatait rendszerezve tudjuk a legkorszer\u0171bb klinikopatol\u00f3giai adatbankot l\u00e9trehozni.<\/p>\n<p style=\"text-align: justify\"><em><strong>A regiszterhez val\u00f3 csatlakoz\u00e1st sz\u00edvesen v\u00e1rjuk.<\/strong><\/em><\/p>\n","protected":false},"excerpt":{"rendered":"<p>Anekdot\u00e1lis k\u00f6zl\u00e9sek szerint az eosinophil oesophagitis haz\u00e1nkban ritk\u00e1n diagnosztiz\u00e1lt betegs\u00e9g, ez\u00e9rt hazai regiszter l\u00e9trehoz\u00e1s\u00e1t kezdem\u00e9nyezz\u00fck. Az aluldiagnosztiz\u00e1l\u00e1s oka lehet: a fiatal betegek \u00e9s gyermekek tartanak az endoszk\u00f3pi\u00e1s vizsg\u00e1latokt\u00f3l \u00e9s \u00edgy a diagn\u00f3zishoz sz\u00fcks\u00e9ges sz\u00f6vettani minta sem nyerhet\u0151 az eosinophil oesophagitis foltokban jelentkezik, ez\u00e9rt megfelel\u0151 sz\u00e1m\u00fa \u00e9s min\u0151s\u00e9g\u0171 nyel\u0151cs\u0151bioptatum sz\u00fcks\u00e9ges, ami gyakran nem \u00e1ll rendelkez\u00e9sre. Az &hellip;<\/p>\n","protected":false},"author":101157,"featured_media":0,"parent":45,"menu_order":2,"comment_status":"closed","ping_status":"closed","template":"","meta":{"_acf_changed":false,"footnotes":""},"categories":[],"tags":[],"class_list":["post-52","page","type-page","status-publish","hentry"],"acf":[],"_links":{"self":[{"href":"https:\/\/semmelweis.hu\/iga\/wp-json\/wp\/v2\/pages\/52","targetHints":{"allow":["GET"]}}],"collection":[{"href":"https:\/\/semmelweis.hu\/iga\/wp-json\/wp\/v2\/pages"}],"about":[{"href":"https:\/\/semmelweis.hu\/iga\/wp-json\/wp\/v2\/types\/page"}],"author":[{"embeddable":true,"href":"https:\/\/semmelweis.hu\/iga\/wp-json\/wp\/v2\/users\/101157"}],"replies":[{"embeddable":true,"href":"https:\/\/semmelweis.hu\/iga\/wp-json\/wp\/v2\/comments?post=52"}],"version-history":[{"count":6,"href":"https:\/\/semmelweis.hu\/iga\/wp-json\/wp\/v2\/pages\/52\/revisions"}],"predecessor-version":[{"id":65,"href":"https:\/\/semmelweis.hu\/iga\/wp-json\/wp\/v2\/pages\/52\/revisions\/65"}],"up":[{"embeddable":true,"href":"https:\/\/semmelweis.hu\/iga\/wp-json\/wp\/v2\/pages\/45"}],"wp:attachment":[{"href":"https:\/\/semmelweis.hu\/iga\/wp-json\/wp\/v2\/media?parent=52"}],"wp:term":[{"taxonomy":"category","embeddable":true,"href":"https:\/\/semmelweis.hu\/iga\/wp-json\/wp\/v2\/categories?post=52"},{"taxonomy":"post_tag","embeddable":true,"href":"https:\/\/semmelweis.hu\/iga\/wp-json\/wp\/v2\/tags?post=52"}],"curies":[{"name":"wp","href":"https:\/\/api.w.org\/{rel}","templated":true}]}}

<p style="text-align: justify">
Anekdotális közlések szerint az eosinophil oesophagitis hazánkban ritkán diagnosztizált betegség, ezért hazai regiszter létrehozását kezdeményezzük.</p>
<p style="text-align: justify">
Az aluldiagnosztizálás oka lehet:</p>
<ul style="text-align: justify">
<li>a fiatal betegek és gyermekek tartanak az endoszkópiás vizsgálatoktól és így a diagnózishoz szükséges szövettani minta sem nyerhető</li>
<li>az eosinophil oesophagitis foltokban jelentkezik, ezért megfelelő számú és minőségű nyelőcsőbioptatum szükséges, ami gyakran nem áll rendelkezésre.</li>
</ul>
<p style="text-align: justify">
Az egész országra kiterjedő regiszterben szeretnénk:</p>
<ul style="list-style-type: square;text-align: justify">
<li>Retrospektív adatokat gyűjteni<a href="https://semmelweis.hu/iga/files/2016/10/Hunor.jpg"><img loading="lazy" decoding="async" class="alignright size-medium wp-image-64" src="https://semmelweis.hu/iga/files/2016/10/Hunor-300x300.jpg" alt="hunor" width="300" height="300" srcset="https://semmelweis.hu/iga/files/2016/10/Hunor-300x300.jpg 300w, https://semmelweis.hu/iga/files/2016/10/Hunor-150x150.jpg 150w, https://semmelweis.hu/iga/files/2016/10/Hunor-768x768.jpg 768w, https://semmelweis.hu/iga/files/2016/10/Hunor-1024x1024.jpg 1024w, https://semmelweis.hu/iga/files/2016/10/Hunor-144x144.jpg 144w, https://semmelweis.hu/iga/files/2016/10/Hunor-90x90.jpg 90w, https://semmelweis.hu/iga/files/2016/10/Hunor.jpg 1044w" sizes="auto, (max-width: 300px) 100vw, 300px" /></a>
<ul style="list-style-type: circle">
<li>kor</li>
<li>nem</li>
<li>atópiás anamnézis</li>
<li>panaszok</li>
<li>biopsziák száma</li>
<li>nyelőcső eosinophil-leukocyta szám</li>
<li>serum eosinophilia</li>
<li>pylori-status</li>
<li>javasolt kezelés</li>
<li>követés</li>
</ul>
</li>
</ul>
<ul style="list-style-type: square;text-align: justify">
<li>Prospektív vizsgálatot is tervezünk
<ul style="list-style-type: circle">
<li>falatelakadás, dysphagia miatt vizsgált betegeknél</li>
<li>ahol más egyértelmű ok nem azonosítható</li>
<li>szeretnénk 2 x 2-4 merőleges nyelőcső biopsziát venni</li>
<li>fotódokumentációt is készítenénk, amiket a szövettani és a fent már leírt klinikai adatokkal egészítenénk ki.</li>
</ul>
</li>
</ul>
<p style="text-align: justify">Az interdiszciplináris munkacsoport célja, hogy eme ritka betegség diagnosztikai és kezelési lehetőségeit, tapasztalatait rendszerezve tudjuk a legkorszerűbb klinikopatológiai adatbankot létrehozni.</p>
<p style="text-align: justify"><em><strong>A regiszterhez való csatlakozást szívesen várjuk.</strong></em></p>

<p>Anekdotális közlések szerint az eosinophil oesophagitis hazánkban ritkán diagnosztizált betegség, ezért hazai regiszter létrehozását kezdeményezzük. Az aluldiagnosztizálás oka lehet: a fiatal betegek és gyermekek tartanak az endoszkópiás vizsgálatoktól és így a diagnózishoz szükséges szövettani minta sem nyerhető az eosinophil oesophagitis foltokban jelentkezik, ezért megfelelő számú és minőségű nyelőcsőbioptatum szükséges, ami gyakran nem áll rendelkezésre. Az &hellip;</p>
