{"id":45,"date":"2016-10-12T22:11:54","date_gmt":"2016-10-12T20:11:54","guid":{"rendered":"http:\/\/semmelweis.hu\/iga\/?page_id=45"},"modified":"2020-10-26T13:57:10","modified_gmt":"2020-10-26T12:57:10","slug":"hunor","status":"publish","type":"page","link":"https:\/\/semmelweis.hu\/iga\/hunor\/","title":{"rendered":"HUNOR"},"content":{"rendered":"<h1 class=\"entry-title\">HUNOR \u2013 HUNgarian eosnophilic Oesophagitis Registry<\/h1>\n<ul>\n<li><a href=\"https:\/\/semmelweis.hu\/iga\/hunor\/eoe\/\"><span style=\"font-size: 18pt\">Az eosinophil oesophagitisr\u0151l \u00e1ltal\u00e1ban<\/span><\/a><\/li>\n<li><span style=\"font-size: 18pt\"><a href=\"https:\/\/semmelweis.hu\/iga\/hunor\/hunor-hungarian-eosnophilic-oesophagitis-registry\/\">A regiszter<\/a><\/span><\/li>\n<\/ul>\n<p><img loading=\"lazy\" decoding=\"async\" class=\"aligncenter wp-image-64 size-medium\" src=\"https:\/\/semmelweis.hu\/iga\/files\/2016\/10\/Hunor-300x300.jpg\" alt=\"hunor\" width=\"300\" height=\"300\" srcset=\"https:\/\/semmelweis.hu\/iga\/files\/2016\/10\/Hunor-300x300.jpg 300w, https:\/\/semmelweis.hu\/iga\/files\/2016\/10\/Hunor-150x150.jpg 150w, https:\/\/semmelweis.hu\/iga\/files\/2016\/10\/Hunor-768x768.jpg 768w, https:\/\/semmelweis.hu\/iga\/files\/2016\/10\/Hunor-1024x1024.jpg 1024w, https:\/\/semmelweis.hu\/iga\/files\/2016\/10\/Hunor-144x144.jpg 144w, https:\/\/semmelweis.hu\/iga\/files\/2016\/10\/Hunor-90x90.jpg 90w, https:\/\/semmelweis.hu\/iga\/files\/2016\/10\/Hunor.jpg 1044w\" sizes=\"auto, (max-width: 300px) 100vw, 300px\" \/><\/p>\n","protected":false},"excerpt":{"rendered":"<p>HUNOR \u2013 HUNgarian eosnophilic Oesophagitis Registry<\/p>\n<p><a href=\"https:\/\/semmelweis.hu\/iga\/hunor\/eoe\/\">Az eosinophil oesophagitisr\u0151l \u00e1ltal\u00e1ban<\/a><br \/>\n<a href=\"https:\/\/semmelweis.hu\/iga\/hunor\/hunor-hungarian-eosnophilic-oesophagitis-registry\/\">A regiszter<\/a><\/p>\n","protected":false},"author":101157,"featured_media":0,"parent":0,"menu_order":2,"comment_status":"closed","ping_status":"closed","template":"","meta":{"_acf_changed":false,"footnotes":""},"categories":[],"tags":[],"class_list":["post-45","page","type-page","status-publish","hentry"],"acf":[],"_links":{"self":[{"href":"https:\/\/semmelweis.hu\/iga\/wp-json\/wp\/v2\/pages\/45","targetHints":{"allow":["GET"]}}],"collection":[{"href":"https:\/\/semmelweis.hu\/iga\/wp-json\/wp\/v2\/pages"}],"about":[{"href":"https:\/\/semmelweis.hu\/iga\/wp-json\/wp\/v2\/types\/page"}],"author":[{"embeddable":true,"href":"https:\/\/semmelweis.hu\/iga\/wp-json\/wp\/v2\/users\/101157"}],"replies":[{"embeddable":true,"href":"https:\/\/semmelweis.hu\/iga\/wp-json\/wp\/v2\/comments?post=45"}],"version-history":[{"count":10,"href":"https:\/\/semmelweis.hu\/iga\/wp-json\/wp\/v2\/pages\/45\/revisions"}],"predecessor-version":[{"id":212,"href":"https:\/\/semmelweis.hu\/iga\/wp-json\/wp\/v2\/pages\/45\/revisions\/212"}],"wp:attachment":[{"href":"https:\/\/semmelweis.hu\/iga\/wp-json\/wp\/v2\/media?parent=45"}],"wp:term":[{"taxonomy":"category","embeddable":true,"href":"https:\/\/semmelweis.hu\/iga\/wp-json\/wp\/v2\/categories?post=45"},{"taxonomy":"post_tag","embeddable":true,"href":"https:\/\/semmelweis.hu\/iga\/wp-json\/wp\/v2\/tags?post=45"}],"curies":[{"name":"wp","href":"https:\/\/api.w.org\/{rel}","templated":true}]}}