{"id":11,"date":"2016-10-07T10:04:25","date_gmt":"2016-10-07T08:04:25","guid":{"rendered":"http:\/\/semmelweis.hu\/iga\/?page_id=11"},"modified":"2020-10-06T10:36:57","modified_gmt":"2020-10-06T08:36:57","slug":"magunkrol","status":"publish","type":"page","link":"https:\/\/semmelweis.hu\/iga\/","title":{"rendered":"Magunkr\u00f3l"},"content":{"rendered":"<div style=\"text-align: justify\">\u00a0<\/div>\n<div style=\"text-align: justify\">Az Interdiszciplin\u00e1ris Gasztroenterol\u00f3giai Munkacsoportot (IGA) az\u00e9rt hoztuk l\u00e9tre, hogy olyan, haz\u00e1nkban aluldiagnosztiz\u00e1lt gasztroenterol\u00f3giai betegs\u00e9gekre h\u00edvjuk fel a figyelmet, amelyek diagnosztiz\u00e1l\u00e1s\u00e1hoz szoros <em><strong>klinikus-patol\u00f3gus egy\u00fcttm\u0171k\u00f6d\u00e9s<\/strong><\/em>re van sz\u00fcks\u00e9g.\u00a0<\/div>\n<div style=\"text-align: justify;padding-left: 30px\">\u00a0<\/div>\n<div style=\"text-align: justify\">Ezen itthon ritk\u00e1n felismert betegs\u00e9gek hazai prevalenci\u00e1j\u00e1nak, jellegzetess\u00e9geinek felm\u00e9r\u00e9s\u00e9re <em><strong>regiszterek<\/strong><\/em>et \u00e9s <em><strong>klinikopatol\u00f3giai mintabank<\/strong><\/em>ot hoztunk l\u00e9tre, amelyeket szeretn\u00e9nk orsz\u00e1goss\u00e1 tenni, \u00e9s ez\u00e9rt sz\u00edvesen v\u00e1rjuk a klinikus \u00e9s patol\u00f3gus koll\u00e9g\u00e1k csatlakoz\u00e1s\u00e1t is. A regiszterek keretein bel\u00fcl sz\u00e1mos gyakorlati k\u00e9rd\u00e9sre keress\u00fck a v\u00e1laszt, c\u00e9lunk a legfontosabb\u00a0gyakorlati tudnival\u00f3k\u00a0\u00e9s a leg\u00fajabb eredm\u00e9nyek ismertet\u00e9se, n\u00e9pszer\u0171s\u00edt\u00e9se.\u00a0<\/div>\n<div style=\"text-align: justify;padding-left: 30px\">\u00a0<\/div>\n<div style=\"text-align: justify\">K\u00e9rj\u00fck, ha az al\u00e1bbi betegs\u00e9get diagnosztiz\u00e1lt, vegye fel a kapcsolatot vel\u00fcnk.<\/div>\n","protected":false},"excerpt":{"rendered":"<p>\u00a0 Az Interdiszciplin\u00e1ris Gasztroenterol\u00f3giai Munkacsoportot (IGA) az\u00e9rt hoztuk l\u00e9tre, hogy olyan, haz\u00e1nkban aluldiagnosztiz\u00e1lt gasztroenterol\u00f3giai betegs\u00e9gekre h\u00edvjuk fel a figyelmet, amelyek diagnosztiz\u00e1l\u00e1s\u00e1hoz szoros klinikus-patol\u00f3gus egy\u00fcttm\u0171k\u00f6d\u00e9sre van sz\u00fcks\u00e9g.\u00a0 \u00a0 Ezen itthon ritk\u00e1n felismert betegs\u00e9gek hazai prevalenci\u00e1j\u00e1nak, jellegzetess\u00e9geinek felm\u00e9r\u00e9s\u00e9re regisztereket \u00e9s klinikopatol\u00f3giai mintabankot hoztunk l\u00e9tre, amelyeket szeretn\u00e9nk orsz\u00e1goss\u00e1 tenni, \u00e9s ez\u00e9rt sz\u00edvesen v\u00e1rjuk a klinikus \u00e9s patol\u00f3gus koll\u00e9g\u00e1k &hellip;<\/p>\n","protected":false},"author":12,"featured_media":0,"parent":0,"menu_order":0,"comment_status":"closed","ping_status":"closed","template":"","meta":{"_acf_changed":false,"footnotes":""},"categories":[],"tags":[],"class_list":["post-11","page","type-page","status-publish","hentry"],"acf":[],"_links":{"self":[{"href":"https:\/\/semmelweis.hu\/iga\/wp-json\/wp\/v2\/pages\/11","targetHints":{"allow":["GET"]}}],"collection":[{"href":"https:\/\/semmelweis.hu\/iga\/wp-json\/wp\/v2\/pages"}],"about":[{"href":"https:\/\/semmelweis.hu\/iga\/wp-json\/wp\/v2\/types\/page"}],"author":[{"embeddable":true,"href":"https:\/\/semmelweis.hu\/iga\/wp-json\/wp\/v2\/users\/12"}],"replies":[{"embeddable":true,"href":"https:\/\/semmelweis.hu\/iga\/wp-json\/wp\/v2\/comments?post=11"}],"version-history":[{"count":6,"href":"https:\/\/semmelweis.hu\/iga\/wp-json\/wp\/v2\/pages\/11\/revisions"}],"predecessor-version":[{"id":68,"href":"https:\/\/semmelweis.hu\/iga\/wp-json\/wp\/v2\/pages\/11\/revisions\/68"}],"wp:attachment":[{"href":"https:\/\/semmelweis.hu\/iga\/wp-json\/wp\/v2\/media?parent=11"}],"wp:term":[{"taxonomy":"category","embeddable":true,"href":"https:\/\/semmelweis.hu\/iga\/wp-json\/wp\/v2\/categories?post=11"},{"taxonomy":"post_tag","embeddable":true,"href":"https:\/\/semmelweis.hu\/iga\/wp-json\/wp\/v2\/tags?post=11"}],"curies":[{"name":"wp","href":"https:\/\/api.w.org\/{rel}","templated":true}]}}

Magunkról

<div style="text-align: justify"> </div>
<div style="text-align: justify">Az Interdiszciplináris Gasztroenterológiai Munkacsoportot (IGA) azért hoztuk létre, hogy olyan, hazánkban aluldiagnosztizált gasztroenterológiai betegségekre hívjuk fel a figyelmet, amelyek diagnosztizálásához szoros <em><strong>klinikus-patológus együttműködés</strong></em>re van szükség. </div>
<div style="text-align: justify;padding-left: 30px"> </div>
<div style="text-align: justify">Ezen itthon ritkán felismert betegségek hazai prevalenciájának, jellegzetességeinek felmérésére <em><strong>regiszterek</strong></em>et és <em><strong>klinikopatológiai mintabank</strong></em>ot hoztunk létre, amelyeket szeretnénk országossá tenni, és ezért szívesen várjuk a klinikus és patológus kollégák csatlakozását is. A regiszterek keretein belül számos gyakorlati kérdésre keressük a választ, célunk a legfontosabb gyakorlati tudnivalók és a legújabb eredmények ismertetése, népszerűsítése. </div>
<div style="text-align: justify;padding-left: 30px"> </div>
<div style="text-align: justify">Kérjük, ha az alábbi betegséget diagnosztizált, vegye fel a kapcsolatot velünk.</div>

<p>  Az Interdiszciplináris Gasztroenterológiai Munkacsoportot (IGA) azért hoztuk létre, hogy olyan, hazánkban aluldiagnosztizált gasztroenterológiai betegségekre hívjuk fel a figyelmet, amelyek diagnosztizálásához szoros klinikus-patológus együttműködésre van szükség.    Ezen itthon ritkán felismert betegségek hazai prevalenciájának, jellegzetességeinek felmérésére regisztereket és klinikopatológiai mintabankot hoztunk létre, amelyeket szeretnénk országossá tenni, és ezért szívesen várjuk a klinikus és patológus kollégák &hellip;</p>
