{"id":101,"date":"2016-10-13T23:22:00","date_gmt":"2016-10-13T21:22:00","guid":{"rendered":"http:\/\/semmelweis.hu\/iga\/?page_id=101"},"modified":"2016-10-13T23:22:00","modified_gmt":"2016-10-13T21:22:00","slug":"husar-hungarian-serrated-adenoma-registry","status":"publish","type":"page","link":"https:\/\/semmelweis.hu\/iga\/husar\/husar-hungarian-serrated-adenoma-registry\/","title":{"rendered":"HUSAR-HUngarian Serrated Adenoma Registry"},"content":{"rendered":"<p style=\"text-align: justify\">Munkacsoportunk a vastagb\u00e9l serrated\/fogazott polypjainak endoszk\u00f3pos, sz\u00f6vettani \u00e9s molekul\u00e1ris vizsg\u00e1lat\u00e1val foglalkozik. Eddigi munk\u00e1nk sor\u00e1n retrospekt\u00edv m\u00f3don elemezt\u00fck, hogy a k\u00fcl\u00f6nb\u00f6z\u0151 fogazott polyp diagn\u00f3zisok fel\u00e1ll\u00edt\u00e1sakor milyen jelent\u0151s\u00e9ggel b\u00edrtak az egyes hisztomorfol\u00f3giai szempontok, illetve hogy a szakirodalomban szerepl\u0151 k\u00fcl\u00f6nb\u00f6z\u0151 diagnosztikai krit\u00e9riumok hogyan teljes\u00fclnek az egyes polypokra n\u00e9zve, azok mennyiben v\u00e1ltoztatj\u00e1k meg a k\u00fcl\u00f6nb\u00f6z\u0151 entit\u00e1sokba sorol\u00e1st. Megvizsg\u00e1ltuk, hogy lehets\u00e9ges-e a jelenlegi krit\u00e9riumokat valamilyen m\u00f3don sz\u00e1mszer\u0171s\u00edteni, objektiviz\u00e1lni az inter-observer egyet\u00e9rt\u00e9s jav\u00edt\u00e1sa \u00e9rdek\u00e9ben.<\/p>\n<p style=\"text-align: justify\">A j\u00f6v\u0151ben szeretn\u00e9nk l\u00e9trehozni egy orsz\u00e1gos szint\u0171 fogazott polyp regisztert gasztroenterol\u00f3gusok \u00e9s patol\u00f3gusok k\u00f6zrem\u0171k\u00f6d\u00e9s\u00e9vel, amely lehet\u0151v\u00e9 teszi nagy esetsz\u00e1m\u00fa minta tanulm\u00e1nyoz\u00e1s\u00e1t, a fogazott polyok klinikum\u00e1nak, endoszk\u00f3pos megjelen\u00e9s\u00e9nek \u00f6sszevet\u00e9s\u00e9t a sz\u00f6vettani \u00e9s molekul\u00e1ris diagnosztik\u00e1val. Emellett lehet\u0151s\u00e9get ad k\u00f6vet\u00e9ses vizsg\u00e1latok megval\u00f3s\u00edt\u00e1s\u00e1ra is.<\/p>\n<p style=\"text-align: justify\">Annak f\u00fcggv\u00e9ny\u00e9ben, hogy milyen ar\u00e1nyban \u00e1llnak rendelkez\u00e9sre sz\u00f6vettani mint\u00e1k, az al\u00e1bbi vizsg\u00e1latok elv\u00e9gz\u00e9s\u00e9t tervezz\u00fck:<\/p>\n<ul style=\"list-style-type: disc\">\n<li style=\"text-align: justify\">immunhisztok\u00e9miai vizsg\u00e1lat: Ki-67, ck-20, BRAF, beta-catenin, annexin A10, MLH1, Chromogranin A, synaptophysin, illetve a szakirodalomban esetlegesen felmer\u00fcl\u0151 \u00fajabb immunmarkerek<\/li>\n<li style=\"text-align: justify\">TMA (sz\u00f6veti microarray) vizsg\u00e1lat k\u00fcl\u00f6nb\u00f6z\u0151 markerekkel\/immunmarkerekkel<\/li>\n<li style=\"text-align: justify\">a metszetek digitaliz\u00e1l\u00e1sa \u00e9s digit\u00e1lis patomorfol\u00f3gia alkalmaz\u00e1sa, 3D rekonstrukci\u00f3<\/li>\n<li style=\"text-align: justify\">esetleges molekul\u00e1ris vizsg\u00e1latok<\/li>\n<li style=\"text-align: justify\">sz\u00e1nd\u00e9kunkban \u00e1ll a klinikai adatok (demogr\u00e1fiai adatok, kock\u00e1zati t\u00e9nyez\u0151k) \u00e9s endoszk\u00f3pos k\u00e9p (lokaliz\u00e1ci\u00f3, m\u00e9ret, morfol\u00f3gia stb.) \u00f6sszevet\u00e9s az els\u0151 \u00e9s a v\u00e9gleges diagn\u00f3zissal<\/li>\n<li style=\"text-align: justify\">betegek klinikai k\u00f6vet\u00e9se, k\u00e9s\u0151bbi vizsg\u00e1latok adatainak felkeres\u00e9se<\/li>\n<\/ul>\n","protected":false},"excerpt":{"rendered":"<p>Munkacsoportunk a vastagb\u00e9l serrated\/fogazott polypjainak endoszk\u00f3pos, sz\u00f6vettani \u00e9s molekul\u00e1ris vizsg\u00e1lat\u00e1val foglalkozik. Eddigi munk\u00e1nk sor\u00e1n retrospekt\u00edv m\u00f3don elemezt\u00fck, hogy a k\u00fcl\u00f6nb\u00f6z\u0151 fogazott polyp diagn\u00f3zisok fel\u00e1ll\u00edt\u00e1sakor milyen jelent\u0151s\u00e9ggel b\u00edrtak az egyes hisztomorfol\u00f3giai szempontok, illetve hogy a szakirodalomban szerepl\u0151 k\u00fcl\u00f6nb\u00f6z\u0151 diagnosztikai krit\u00e9riumok hogyan teljes\u00fclnek az egyes polypokra n\u00e9zve, azok mennyiben v\u00e1ltoztatj\u00e1k meg a k\u00fcl\u00f6nb\u00f6z\u0151 entit\u00e1sokba sorol\u00e1st. Megvizsg\u00e1ltuk, hogy &hellip;<\/p>\n","protected":false},"author":101157,"featured_media":0,"parent":91,"menu_order":2,"comment_status":"closed","ping_status":"closed","template":"","meta":{"_acf_changed":false,"footnotes":""},"categories":[],"tags":[],"class_list":["post-101","page","type-page","status-publish","hentry"],"acf":[],"_links":{"self":[{"href":"https:\/\/semmelweis.hu\/iga\/wp-json\/wp\/v2\/pages\/101","targetHints":{"allow":["GET"]}}],"collection":[{"href":"https:\/\/semmelweis.hu\/iga\/wp-json\/wp\/v2\/pages"}],"about":[{"href":"https:\/\/semmelweis.hu\/iga\/wp-json\/wp\/v2\/types\/page"}],"author":[{"embeddable":true,"href":"https:\/\/semmelweis.hu\/iga\/wp-json\/wp\/v2\/users\/101157"}],"replies":[{"embeddable":true,"href":"https:\/\/semmelweis.hu\/iga\/wp-json\/wp\/v2\/comments?post=101"}],"version-history":[{"count":1,"href":"https:\/\/semmelweis.hu\/iga\/wp-json\/wp\/v2\/pages\/101\/revisions"}],"predecessor-version":[{"id":102,"href":"https:\/\/semmelweis.hu\/iga\/wp-json\/wp\/v2\/pages\/101\/revisions\/102"}],"up":[{"embeddable":true,"href":"https:\/\/semmelweis.hu\/iga\/wp-json\/wp\/v2\/pages\/91"}],"wp:attachment":[{"href":"https:\/\/semmelweis.hu\/iga\/wp-json\/wp\/v2\/media?parent=101"}],"wp:term":[{"taxonomy":"category","embeddable":true,"href":"https:\/\/semmelweis.hu\/iga\/wp-json\/wp\/v2\/categories?post=101"},{"taxonomy":"post_tag","embeddable":true,"href":"https:\/\/semmelweis.hu\/iga\/wp-json\/wp\/v2\/tags?post=101"}],"curies":[{"name":"wp","href":"https:\/\/api.w.org\/{rel}","templated":true}]}}

<p style="text-align: justify">Munkacsoportunk a vastagbél serrated/fogazott polypjainak endoszkópos, szövettani és molekuláris vizsgálatával foglalkozik. Eddigi munkánk során retrospektív módon elemeztük, hogy a különböző fogazott polyp diagnózisok felállításakor milyen jelentőséggel bírtak az egyes hisztomorfológiai szempontok, illetve hogy a szakirodalomban szereplő különböző diagnosztikai kritériumok hogyan teljesülnek az egyes polypokra nézve, azok mennyiben változtatják meg a különböző entitásokba sorolást. Megvizsgáltuk, hogy lehetséges-e a jelenlegi kritériumokat valamilyen módon számszerűsíteni, objektivizálni az inter-observer egyetértés javítása érdekében.</p>
<p style="text-align: justify">A jövőben szeretnénk létrehozni egy országos szintű fogazott polyp regisztert gasztroenterológusok és patológusok közreműködésével, amely lehetővé teszi nagy esetszámú minta tanulmányozását, a fogazott polyok klinikumának, endoszkópos megjelenésének összevetését a szövettani és molekuláris diagnosztikával. Emellett lehetőséget ad követéses vizsgálatok megvalósítására is.</p>
<p style="text-align: justify">Annak függvényében, hogy milyen arányban állnak rendelkezésre szövettani minták, az alábbi vizsgálatok elvégzését tervezzük:</p>
<ul style="list-style-type: disc">
<li style="text-align: justify">immunhisztokémiai vizsgálat: Ki-67, ck-20, BRAF, beta-catenin, annexin A10, MLH1, Chromogranin A, synaptophysin, illetve a szakirodalomban esetlegesen felmerülő újabb immunmarkerek</li>
<li style="text-align: justify">TMA (szöveti microarray) vizsgálat különböző markerekkel/immunmarkerekkel</li>
<li style="text-align: justify">a metszetek digitalizálása és digitális patomorfológia alkalmazása, 3D rekonstrukció</li>
<li style="text-align: justify">esetleges molekuláris vizsgálatok</li>
<li style="text-align: justify">szándékunkban áll a klinikai adatok (demográfiai adatok, kockázati tényezők) és endoszkópos kép (lokalizáció, méret, morfológia stb.) összevetés az első és a végleges diagnózissal</li>
<li style="text-align: justify">betegek klinikai követése, későbbi vizsgálatok adatainak felkeresése</li>
</ul>

<p>Munkacsoportunk a vastagbél serrated/fogazott polypjainak endoszkópos, szövettani és molekuláris vizsgálatával foglalkozik. Eddigi munkánk során retrospektív módon elemeztük, hogy a különböző fogazott polyp diagnózisok felállításakor milyen jelentőséggel bírtak az egyes hisztomorfológiai szempontok, illetve hogy a szakirodalomban szereplő különböző diagnosztikai kritériumok hogyan teljesülnek az egyes polypokra nézve, azok mennyiben változtatják meg a különböző entitásokba sorolást. Megvizsgáltuk, hogy &hellip;</p>
