{"id":190,"date":"2014-05-29T12:51:13","date_gmt":"2014-05-29T10:51:13","guid":{"rendered":"http:\/\/semmelweis.hu\/idegsebeszet\/?page_id=190"},"modified":"2023-05-31T09:36:18","modified_gmt":"2023-05-31T07:36:18","slug":"konferencia-2","status":"publish","type":"page","link":"https:\/\/semmelweis.hu\/idegsebeszet\/konferencia-2\/","title":{"rendered":"Konferencia, tov\u00e1bbk\u00e9pz\u00e9s"},"content":{"rendered":"<div class=\"responsive-tabs\">\n<h2 class=\"tabtitle\">Tov\u00e1bbk\u00e9pz\u00e9sek<\/h2>\n<div class=\"tabcontent\">\n\n<h1>Tansz\u00e9k\u00fcnk szervez\u00e9s\u00e9ben megtartott szakmai tov\u00e1bbk\u00e9pz\u00e9sek:<\/h1>\n<p style=\"text-align: justify;\">2019.12.04.-2019.12.06. k\u00f6z\u00f6tt t\u00f6bb mint 130 f\u0151 r\u00e9szv\u00e9tel\u00e9vel ker\u00fclt megrendez\u00e9sre az Orsz\u00e1gos Klinikai Idegtudom\u00e1nyi Int\u00e9zet \u00e9s a Semmelweis Egyetem Idegseb\u00e9szeti Tansz\u00e9k szervez\u00e9s\u00e9ben a \u201eKorszer\u0171 elj\u00e1r\u00e1sok az idegseb\u00e9szeti diagnosztik\u00e1ban \u00e9s ter\u00e1pi\u00e1ban\u201d c\u00edm\u0171 k\u00f6telez\u0151 szinten tart\u00f3 tanfolyam idegseb\u00e9szeti, neurol\u00f3giai \u00e9s neuroradiol\u00f3giai szakvizsg\u00e1val rendelkez\u0151 szakorvosok \u00e9s szakorvosjel\u00f6ltek\/rezidensek sz\u00e1m\u00e1ra.<\/p>\n<p style=\"text-align: justify;\">A h\u00e1romnapos tov\u00e1bbk\u00e9pz\u0151 tanf<span class=\"text_exposed_show\">olyamon bemutat\u00e1sra ker\u00fcltek az idegseb\u00e9szeti teend\u0151t ig\u00e9nyl\u0151 k\u00f3rk\u00e9pek teljes spektruma, a leg\u00fajabb idegseb\u00e9szeti m\u0171t\u00e9ti elj\u00e1r\u00e1sok \u00e9s kezel\u00e9si elvek, valamint a diagnosztikai m\u00f3dszerek.<\/span><\/p>\n<p><strong>Az el\u0151ad\u00e1sok anyagai itt \u00e9rhet\u0151ek el:<\/strong><\/p>\n<ul>\n<li><a href=\"https:\/\/semmelweis.hu\/idegsebeszet\/files\/2020\/01\/Idegseb-diagnosztika-19.pdf\">K\u00e9palkot\u00f3 elj\u00e1r\u00e1sok az idegseb\u00e9szeti k\u00f3rk\u00e9pek differenci\u00e1l diagnosztik\u00e1j\u00e1ban<\/a><\/li>\n<li><a href=\"https:\/\/semmelweis.hu\/idegsebeszet\/files\/2020\/01\/Meningeoma_2019.pdf\">Intracrani\u00e1lis meningeom\u00e1k idegseb\u00e9szeti kezel\u00e9se<\/a><\/li>\n<li><a href=\"https:\/\/semmelweis.hu\/idegsebeszet\/files\/2019\/12\/Basis-tumorok-seb\u00e9szete-20191204.pdf\">Basis tumorok seb\u00e9szete<\/a><\/li>\n<li><a href=\"https:\/\/semmelweis.hu\/idegsebeszet\/files\/2019\/12\/Glioma-seb\u00e9szet.pdf\">Gliom\u00e1k seb\u00e9szi kezel\u00e9s\u00e9nek szempontjai<\/a><\/li>\n<li><a href=\"https:\/\/semmelweis.hu\/idegsebeszet\/files\/2019\/12\/glioma-protokollok.pdf\">Agydaganatok kemoter\u00e1pi\u00e1s kezel\u00e9se \u00e9s protokollok<\/a><\/li>\n<li><a href=\"https:\/\/semmelweis.hu\/idegsebeszet\/files\/2019\/12\/metasug\u00e1rseb\u00e9szeti-beavatkoz\u00e1sok2.pdf\">Idegseb\u00e9szeti k\u00f3rk\u00e9pek sug\u00e1rseb\u00e9szeti kezel\u00e9se<\/a><\/li>\n<li><a href=\"https:\/\/semmelweis.hu\/idegsebeszet\/files\/2019\/12\/Epilepszia-Mozg\u00e1szavar.pdf\">Funkcion\u00e1lis idegseb\u00e9szeti megold\u00e1sok \u00e1ttekint\u00e9se I. (epilepszia, mozg\u00e1szavarok)<\/a><\/li>\n<li><a href=\"https:\/\/semmelweis.hu\/idegsebeszet\/files\/2019\/12\/F\u00e1jdalom-spaszticit\u00e1s.pdf\">Funkcion\u00e1lis idegseb\u00e9szeti megold\u00e1sok \u00e1ttekint\u00e9se II. (f\u00e1jdalom, s<span style=\"color: #333333; font-family: Georgia, 'Times New Roman', 'Bitstream Charter', Times, serif;\">paszticit\u00e1s)<\/span><\/a><\/li>\n<li><a href=\"https:\/\/semmelweis.hu\/idegsebeszet\/files\/2019\/12\/Gyullad\u00e1sok-fert\u0151z\u00e9sek-idegseb\u00e9szeti-ell\u00e1t\u00e1sa.pdf\">Gyullad\u00e1sok, fert\u0151z\u00e9sek idegseb\u00e9szeti ell\u00e1t\u00e1sa<\/a><\/li>\n<li><a href=\"https:\/\/semmelweis.hu\/idegsebeszet\/files\/2019\/12\/SAH-korszer\u0171-menedzsel\u00e9se.pdf\">SAH \u00e9s korszer\u0171 menedzsel\u00e9se<\/a><\/li>\n<li><a href=\"https:\/\/semmelweis.hu\/idegsebeszet\/files\/2020\/01\/VascMalf_Seb2019NG.pdf\">Egy\u00e9b \u00e9r-malform\u00e1ci\u00f3k seb\u00e9szeti kezel\u00e9se (cavernoma, AVM, duralis fistula)<\/a><\/li>\n<li><a href=\"https:\/\/semmelweis.hu\/idegsebeszet\/files\/2019\/12\/Gerincdaganatok-seb\u00e9szi-kezel\u00e9se.pdf\">A gerinc metasztatikus k\u00f3rfolyamainak seb\u00e9szi kezel\u00e9se<\/a><\/li>\n<li><a href=\"https:\/\/semmelweis.hu\/idegsebeszet\/files\/2019\/12\/Minim\u00e1lisan-invaz\u00edv-m\u0171t\u00e9ti-technik\u00e1k-a-degenerat\u00edv-gerincbetegs\u00e9gek-kezel\u00e9s\u00e9ben.pdf\">Minim\u00e1lisan invaziv felt\u00e1r\u00e1sok, r\u00f6gz\u00edt\u00e9sek a degenerat\u00edv gerincbetegs\u00e9gek kezel\u00e9s\u00e9ben<\/a><\/li>\n<li><a href=\"https:\/\/semmelweis.hu\/idegsebeszet\/files\/2019\/12\/Van-e-oki-\u00f6sszef\u00fcgg\u00e9s-az-Idiopathi\u00e1s-Intrakrani\u00e1lis-Hypertenzi\u00f3-IIH-papilla-oedem\u00e1val-\u00e9s-az-Intracerebr\u00e1lis-V\u00e9n\u00e1s-kering\u00e9si-zavar-k\u00f6z\u00f6tt.ppt.pdf\">Van-e \u00f6sszef\u00fcgg\u00e9s a papilla oed\u00e9m\u00e1val, diplopi\u00e1val indul\u00f3 Idiop\u00e1thi\u00e1s Intracrani\u00e1lis Hypert\u00f3nia- NPH \u00e9s az Intracrani\u00e1lis V\u00e9n\u00e1s kering\u00e9si zavarok k\u00f6z\u00f6tt?\u00a0<\/a><\/li>\n<li><a href=\"https:\/\/semmelweis.hu\/idegsebeszet\/files\/2019\/12\/Szt-CPR-Korhazi_BLS-ALS-Szervezes-NTS-2015_2020-Idegsebeszet.pdf\">Reanim\u00e1ci\u00f3<\/a><\/li>\n<li><a href=\"https:\/\/semmelweis.hu\/idegsebeszet\/files\/2019\/12\/Koponyas\u00e9r\u00fcl\u00e9sek-idegseb\u00e9szeti-ell\u00e1t\u00e1sa.pdf\">Koponyas\u00e9r\u00fcl\u00e9sek idegseb\u00e9szeti ell\u00e1t\u00e1sa<\/a><\/li>\n<\/ul>\n\n<\/div><h2 class=\"tabtitle\">Konferenci\u00e1k<\/h2>\n<div class=\"tabcontent\">\n\n<h1>Tansz\u00e9k\u00fcnk szervez\u00e9s\u00e9ben megtartott szakmai konferenci\u00e1k:<\/h1>\n<h2>Operative techniques with the Masters Symposium for neurosurgeons &amp; residents &#8211; 2017. \u00e1prilis<\/h2>\n<p style=\"text-align: justify;\"><a href=\"https:\/\/semmelweis.hu\/idegsebeszet\/files\/2017\/01\/semmelweis_egyetem_cimer.png\"><img loading=\"lazy\" decoding=\"async\" class=\"wp-image-320 alignright\" src=\"https:\/\/semmelweis.hu\/idegsebeszet\/files\/2017\/01\/semmelweis_egyetem_cimer-300x300.png\" alt=\"\" width=\"195\" height=\"195\" srcset=\"https:\/\/semmelweis.hu\/idegsebeszet\/files\/2017\/01\/semmelweis_egyetem_cimer-300x300.png 300w, https:\/\/semmelweis.hu\/idegsebeszet\/files\/2017\/01\/semmelweis_egyetem_cimer-150x150.png 150w, https:\/\/semmelweis.hu\/idegsebeszet\/files\/2017\/01\/semmelweis_egyetem_cimer-144x144.png 144w, https:\/\/semmelweis.hu\/idegsebeszet\/files\/2017\/01\/semmelweis_egyetem_cimer-90x90.png 90w, https:\/\/semmelweis.hu\/idegsebeszet\/files\/2017\/01\/semmelweis_egyetem_cimer.png 320w\" sizes=\"auto, (max-width: 195px) 100vw, 195px\" \/><\/a> <a href=\"https:\/\/semmelweis.hu\/idegsebeszet\/files\/2017\/01\/44763f28-983f-40ac-964b-f34dd18e98c6.png\"><img loading=\"lazy\" decoding=\"async\" class=\"wp-image-319 alignright\" src=\"https:\/\/semmelweis.hu\/idegsebeszet\/files\/2017\/01\/44763f28-983f-40ac-964b-f34dd18e98c6-232x300.png\" alt=\"\" width=\"155\" height=\"201\" srcset=\"https:\/\/semmelweis.hu\/idegsebeszet\/files\/2017\/01\/44763f28-983f-40ac-964b-f34dd18e98c6-232x300.png 232w, https:\/\/semmelweis.hu\/idegsebeszet\/files\/2017\/01\/44763f28-983f-40ac-964b-f34dd18e98c6.png 612w\" sizes=\"auto, (max-width: 155px) 100vw, 155px\" \/><\/a><strong>2017.04.08<\/strong>-\u00e1n a Semmelweis Egyetem Idegseb\u00e9szeti Tansz\u00e9ke, az Orsz\u00e1gos Klinikai Idegtudom\u00e1nyi Int\u00e9zet \u00e9s a Saint Louis Egyetem Idegseb\u00e9szeti Tansz\u00e9ke k\u00f6z\u00f6s szimp\u00f3ziumot tartott\u00a0\u201e<a href=\"https:\/\/semmelweis.hu\/idegsebeszet\/files\/2017\/01\/Saint-Louis.pdf\"><strong>Operative techniques with the Masters Symposium for neurosurgeons &amp; residents<\/strong><\/a>\u201d c\u00edmmel.\u00a0<\/p>\n<p style=\"text-align: left;\">A szimp\u00f3zium r\u00e9szletes programja\u00a0<a href=\"https:\/\/semmelweis.hu\/idegsebeszet\/files\/2017\/01\/Saint-Louis.pdf\">ide kattintva<\/a> el\u00e9rhet\u0151. \u00a0<\/p>\n\r\n        [slb_exclude]\r\n        <div class=\"row galeria-wrapper mx-0 h-auto\">\r\n            <div class=\"col-9 pl-0 pr-2\">\r\n            <span class=\"gallery-item frame\">\r\n\t\t\t\t<div class=\"galeria-left-img\"><a href=\"https:\/\/semmelweis.hu\/idegsebeszet\/files\/2017\/04\/20170408_112533.jpg\"><img src=https:\/\/semmelweis.hu\/idegsebeszet\/files\/2017\/04\/20170408_112533.jpg  \r\n                            alt=\"\" \r\n                            class=\"attachment-sote-gallery-big size-sote-gallery-big\" \r\n                            srcset=\"https:\/\/semmelweis.hu\/idegsebeszet\/files\/2017\/04\/20170408_112533-300x169.jpg 300w, https:\/\/semmelweis.hu\/idegsebeszet\/files\/2017\/04\/20170408_112533-768x432.jpg 768w, https:\/\/semmelweis.hu\/idegsebeszet\/files\/2017\/04\/20170408_112533-1024x576.jpg 1024w, https:\/\/semmelweis.hu\/idegsebeszet\/files\/2017\/04\/20170408_112533-533x300.jpg 533w\" ><\/a><\/div>\r\n            <\/span>\r\n\r\n            <\/div>\r\n\r\n\t\t\t<div class=\"col-3 pl-0 pr-0\">\r\n\t\t\t\t<div class=\"galeria-right-img d-flex justify-content-between flex-column h-100 w-100 px-0 mx-0 \">\r\n                <div class=\"galeria-box\">\r\n\t\t\t\t\t<h3 class=\"galeria-title\">Gal\u00e9ria<\/h3>\r\n\t\t\t\t\t<div class=\"galeria-subtitle\">\r\n\r\n\t\t\t\t\t\t<div class=\"galeria-page-counter\"><span>7<\/span>k\u00e9p<\/div>\r\n                    <\/div> <\/div>\r\n                    <span class=\"gallery-item frame d-none d-md-flex\">\r\n\t\t\t\t\t<div class=\"galeria-small-img mt-0\"><a href=\"https:\/\/semmelweis.hu\/idegsebeszet\/files\/2017\/04\/20170408_110014.jpg\"><img src=https:\/\/semmelweis.hu\/idegsebeszet\/files\/2017\/04\/20170408_110014.jpg \r\n                                alt=\"\"  \r\n                                class=\"attachment-sote-gallery-small size-sote-gallery-small\" \r\n                                srcset=\"https:\/\/semmelweis.hu\/idegsebeszet\/files\/2017\/04\/20170408_110014-300x169.jpg 300w, https:\/\/semmelweis.hu\/idegsebeszet\/files\/2017\/04\/20170408_110014-768x432.jpg 768w, https:\/\/semmelweis.hu\/idegsebeszet\/files\/2017\/04\/20170408_110014-1024x576.jpg 1024w, https:\/\/semmelweis.hu\/idegsebeszet\/files\/2017\/04\/20170408_110014-533x300.jpg 533w\" ><\/a><\/div>\r\n                    <\/span>\r\n                    <span class=\"gallery-item frame d-none d-md-flex\">\r\n\t\t\t\t\t<div class=\"galeria-small-img mt-0\"><a href=\"https:\/\/semmelweis.hu\/idegsebeszet\/files\/2017\/04\/IMG_5021.jpg\"><img src=https:\/\/semmelweis.hu\/idegsebeszet\/files\/2017\/04\/IMG_5021.jpg \r\n                                alt=\"\" \r\n                                class=\"attachment-sote-gallery-small size-sote-gallery-small\" \r\n                                srcset=\"https:\/\/semmelweis.hu\/idegsebeszet\/files\/2017\/04\/IMG_5021-225x300.jpg 225w, https:\/\/semmelweis.hu\/idegsebeszet\/files\/2017\/04\/IMG_5021-768x1024.jpg 768w\" ><\/a><\/div>\r\n                    <\/span>\r\n\r\n                <\/div>\r\n\r\n            <\/div>\r\n\r\n            <span class=\"gallery-item\"><div class=\"hidden\"><a href=\"https:\/\/semmelweis.hu\/idegsebeszet\/files\/2017\/04\/20170408_121653.jpg\">\r\n        <img src=https:\/\/semmelweis.hu\/idegsebeszet\/files\/2017\/04\/20170408_121653.jpg alt=\"\" class=\"attachment-sote-gallery-big size-sote-gallery-big\" srcset=\"https:\/\/semmelweis.hu\/idegsebeszet\/files\/2017\/04\/20170408_121653-211x300.jpg 211w, https:\/\/semmelweis.hu\/idegsebeszet\/files\/2017\/04\/20170408_121653-768x1091.jpg 768w, https:\/\/semmelweis.hu\/idegsebeszet\/files\/2017\/04\/20170408_121653-721x1024.jpg 721w\" >\r\n        <\/a><\/div><\/span><span class=\"gallery-item\"><div class=\"hidden\"><a href=\"https:\/\/semmelweis.hu\/idegsebeszet\/files\/2017\/04\/20170408_094937.jpg\">\r\n        <img src=https:\/\/semmelweis.hu\/idegsebeszet\/files\/2017\/04\/20170408_094937.jpg alt=\"\" class=\"attachment-sote-gallery-big size-sote-gallery-big\" srcset=\"https:\/\/semmelweis.hu\/idegsebeszet\/files\/2017\/04\/20170408_094937-198x300.jpg 198w, https:\/\/semmelweis.hu\/idegsebeszet\/files\/2017\/04\/20170408_094937-768x1164.jpg 768w, https:\/\/semmelweis.hu\/idegsebeszet\/files\/2017\/04\/20170408_094937-675x1024.jpg 675w\" >\r\n        <\/a><\/div><\/span><span class=\"gallery-item\"><div class=\"hidden\"><a href=\"https:\/\/semmelweis.hu\/idegsebeszet\/files\/2017\/04\/20170408_120903.jpg\">\r\n        <img src=https:\/\/semmelweis.hu\/idegsebeszet\/files\/2017\/04\/20170408_120903.jpg alt=\"\" class=\"attachment-sote-gallery-big size-sote-gallery-big\" srcset=\"https:\/\/semmelweis.hu\/idegsebeszet\/files\/2017\/04\/20170408_120903-169x300.jpg 169w, https:\/\/semmelweis.hu\/idegsebeszet\/files\/2017\/04\/20170408_120903-768x1365.jpg 768w, https:\/\/semmelweis.hu\/idegsebeszet\/files\/2017\/04\/20170408_120903-576x1024.jpg 576w\" >\r\n        <\/a><\/div><\/span><span class=\"gallery-item\"><div class=\"hidden\"><a href=\"https:\/\/semmelweis.hu\/idegsebeszet\/files\/2017\/04\/20170408_133709.jpg\">\r\n        <img src=https:\/\/semmelweis.hu\/idegsebeszet\/files\/2017\/04\/20170408_133709.jpg alt=\"\" class=\"attachment-sote-gallery-big size-sote-gallery-big\" srcset=\"https:\/\/semmelweis.hu\/idegsebeszet\/files\/2017\/04\/20170408_133709-169x300.jpg 169w, https:\/\/semmelweis.hu\/idegsebeszet\/files\/2017\/04\/20170408_133709-768x1365.jpg 768w, https:\/\/semmelweis.hu\/idegsebeszet\/files\/2017\/04\/20170408_133709-576x1024.jpg 576w\" >\r\n        <\/a><\/div><\/span>\r\n            <\/div>\r\n\r\n            [\/slb_exclude]\r\n\t\n<h2 style=\"text-align: left;\"><strong><a href=\"https:\/\/semmelweis.hu\/idegsebeszet\/files\/2013\/02\/A-Magyar-Idegseb\u00e9szeti-T\u00e1rsas\u00e1g-\u00e9s-a-Magyar-Neuroonkol\u00f3giai-T\u00e1rsas\u00e1g-2014.-\u00e9vi-Nemzeti-Kongresszusa.pdf\">A Magyar Idegseb\u00e9szeti T\u00e1rsas\u00e1g, \u00e9s a Magyar Neuroonkol\u00f3giai T\u00e1rsas\u00e1g<br \/>\n2014. \u00e9vi Nemzeti Kongresszusa<\/a><\/strong><\/h2>\n<h2 style=\"text-align: left;\"><strong>Innov\u00e1ci\u00f3 az Idegseb\u00e9szetben &#8211; 2014.november 20-22.<\/strong><\/h2>\n<p>Az elm\u00falt \u00e9vtizedek tudom\u00e1nyos \u00e9s technol\u00f3giai fejl\u0151d\u00e9s\u00e9nek\u00a0hat\u00e1s\u00e1ra az idegseb\u00e9szet sz\u00e1mos t\u00e1rsszakm\u00e1val szoros egy\u00fcttm\u0171k\u00f6d\u00e9sben\u00a0folytatja gy\u00f3gy\u00edt\u00f3, tudom\u00e1nyos \u00e9s oktat\u00e1si tev\u00e9kenys\u00e9g\u00e9t.\u00a0A Kongresszust munk\u00e1nk interdisciplin\u00e1ris jelleg\u00e9nek\u00a0jegy\u00e9ben k\u00edv\u00e1njuk megszervezni. Az Orsz\u00e1gos Klinikai Idegtudom\u00e1nyi Int\u00e9zetet \u00e9s a SE Idegseb\u00e9szeti Tansz\u00e9k\u00e9t \u00e9rte az a megtiszteltet\u00e9s, hogy h\u00e1zigazd\u00e1ja lehet a Magyar Idegseb\u00e9szeti T\u00e1rsas\u00e1g 2014. \u00e9vi Kongresszus\u00e1nak, melyet a Neuroonkol\u00f3giai T\u00e1rsas\u00e1ggal k\u00f6z\u00f6sen rendezhet\u00fcnk meg.<\/p>\n<p><strong>Tudom\u00e1nyos t\u00e9mak\u00f6r\u00f6k:<\/strong><br \/>\n\u2022 minim\u00e1lisan invaz\u00edv idegseb\u00e9szet, gerincseb\u00e9szet<br \/>\n\u2022 a neuroonkol\u00f3gia aktu\u00e1lis k\u00e9rd\u00e9sei<br \/>\n\u2022 \u00faj utak az endovascularis ter\u00e1pi\u00e1ban<br \/>\n\u2022 \u00faj utak az vascularis idegseb\u00e9szetben<br \/>\n\u2022 a funkcion\u00e1lis idegseb\u00e9szet &#8211; neuromodul\u00e1ci\u00f3<br \/>\n\u2022 a gerincbetegs\u00e9gek multidiszciplin\u00e1ris<br \/>\nmegk\u00f6zel\u00edt\u00e9se<br \/>\n\u2022 a neuroradiol\u00f3gia leg\u00fajabb vizsg\u00e1l\u00f3 elj\u00e1r\u00e1sai<br \/>\n\u2022 vegyes t\u00e9m\u00e1k<\/p>\n<p><strong>A kongresszus id\u0151pontja \u00e9s helysz\u00edne:<\/strong><br \/>\n2014. november 20-21-22.<br \/>\nDanubius Hotel Margitsziget<br \/>\n1138 Budapest, Margitsziget<\/p>\n<p><strong>Szervez\u0151 Bizotts\u00e1g eln\u00f6ke:<\/strong><br \/>\nDr. Banczerowski P\u00e9ter<\/p>\n<p><strong>Szervez\u0151 Bizotts\u00e1g tagjai:<\/strong><br \/>\nDr. Er\u0151ss Lor\u00e1nd<br \/>\nDr. Fedorcs\u00e1k Imre<br \/>\nDr. Szikora Istv\u00e1n<\/p>\n<p>A kongresszus ideje alatt ker\u00fcl \u00f6sszeh\u00edv\u00e1sra a Magyar Idegseb\u00e9szeti\u00a0T\u00e1rsas\u00e1g tiszt\u00faj\u00edt\u00f3 k\u00f6zgy\u0171l\u00e9se, valamint egyidej\u0171leg teljes\u00edthet\u0151\u00a0a \u201eKorszer\u0171 elj\u00e1r\u00e1sok az idegseb\u00e9szeti diagnosztik\u00e1ban \u00e9s\u00a0ter\u00e1pi\u00e1ban\u201d c\u00edm\u0171 k\u00f6telez\u0151 szinten tart\u00f3 tanfolyam (50 pont).<\/p>\n<\/div><\/div>\n","protected":false},"excerpt":{"rendered":"<p>Tansz\u00e9k\u00fcnk szervez\u00e9s\u00e9ben megtartott szakmai tov\u00e1bbk\u00e9pz\u00e9sek: 2019.12.04.-2019.12.06. k\u00f6z\u00f6tt t\u00f6bb mint 130 f\u0151 r\u00e9szv\u00e9tel\u00e9vel ker\u00fclt megrendez\u00e9sre az Orsz\u00e1gos Klinikai Idegtudom\u00e1nyi Int\u00e9zet \u00e9s a Semmelweis Egyetem Idegseb\u00e9szeti Tansz\u00e9k szervez\u00e9s\u00e9ben a \u201eKorszer\u0171 elj\u00e1r\u00e1sok az idegseb\u00e9szeti diagnosztik\u00e1ban \u00e9s ter\u00e1pi\u00e1ban\u201d c\u00edm\u0171 k\u00f6telez\u0151 szinten tart\u00f3 tanfolyam idegseb\u00e9szeti, neurol\u00f3giai \u00e9s neuroradiol\u00f3giai szakvizsg\u00e1val rendelkez\u0151 szakorvosok \u00e9s szakorvosjel\u00f6ltek\/rezidensek sz\u00e1m\u00e1ra. A h\u00e1romnapos tov\u00e1bbk\u00e9pz\u0151 tanfolyamon bemutat\u00e1sra ker\u00fcltek &hellip;<\/p>\n","protected":false},"author":102,"featured_media":0,"parent":0,"menu_order":5,"comment_status":"closed","ping_status":"closed","template":"","meta":{"_acf_changed":false,"footnotes":""},"categories":[],"tags":[],"class_list":["post-190","page","type-page","status-publish","hentry"],"acf":[],"_links":{"self":[{"href":"https:\/\/semmelweis.hu\/idegsebeszet\/wp-json\/wp\/v2\/pages\/190","targetHints":{"allow":["GET"]}}],"collection":[{"href":"https:\/\/semmelweis.hu\/idegsebeszet\/wp-json\/wp\/v2\/pages"}],"about":[{"href":"https:\/\/semmelweis.hu\/idegsebeszet\/wp-json\/wp\/v2\/types\/page"}],"author":[{"embeddable":true,"href":"https:\/\/semmelweis.hu\/idegsebeszet\/wp-json\/wp\/v2\/users\/102"}],"replies":[{"embeddable":true,"href":"https:\/\/semmelweis.hu\/idegsebeszet\/wp-json\/wp\/v2\/comments?post=190"}],"version-history":[{"count":10,"href":"https:\/\/semmelweis.hu\/idegsebeszet\/wp-json\/wp\/v2\/pages\/190\/revisions"}],"predecessor-version":[{"id":782,"href":"https:\/\/semmelweis.hu\/idegsebeszet\/wp-json\/wp\/v2\/pages\/190\/revisions\/782"}],"wp:attachment":[{"href":"https:\/\/semmelweis.hu\/idegsebeszet\/wp-json\/wp\/v2\/media?parent=190"}],"wp:term":[{"taxonomy":"category","embeddable":true,"href":"https:\/\/semmelweis.hu\/idegsebeszet\/wp-json\/wp\/v2\/categories?post=190"},{"taxonomy":"post_tag","embeddable":true,"href":"https:\/\/semmelweis.hu\/idegsebeszet\/wp-json\/wp\/v2\/tags?post=190"}],"curies":[{"name":"wp","href":"https:\/\/api.w.org\/{rel}","templated":true}]}}