{"id":99713,"date":"2023-09-19T09:57:52","date_gmt":"2023-09-19T07:57:52","guid":{"rendered":"https:\/\/semmelweis.hu\/human\/?page_id=99713"},"modified":"2023-09-19T09:57:52","modified_gmt":"2023-09-19T07:57:52","slug":"viselkedestipusok-4-szin-alapon","status":"publish","type":"page","link":"https:\/\/semmelweis.hu\/human\/viselkedestipusok-4-szin-alapon\/","title":{"rendered":"Viselked\u00e9st\u00edpusok 4 sz\u00edn alapon"},"content":{"rendered":"<div class=\"keretes w-100\">\n<p>A viselked\u00e9st\u00edpusok ismerete seg\u00edts\u00e9g\u00e9vel nem csak a v\u00e1llalaton bel\u00fcli vezet\u0151i m\u0171k\u00f6d\u00e9s, de a munkav\u00e1llal\u00f3i egy\u00fcttm\u0171k\u00f6d\u00e9s is hat\u00e9konyabb\u00e1 v\u00e1lik, amint rutinszer\u0171en m\u0171k\u00f6dik a haszn\u00e1lata. A n\u00e9pszer\u0171 DISC viselked\u00e9stipol\u00f3gia alapj\u00e1n fel\u00e9p\u00edtett &#8222;4 sz\u00edn\u00a0<span style=\"font-size: 1rem\">kommunik\u00e1ci\u00f3s <\/span><span style=\"font-size: 1rem\">tr\u00e9ning&#8221; c\u00e9lja, hogy k\u00f6nnyebben, tudatosabban kommunik\u00e1ljunk t\u00e1rsainkkal, jobban b\u00e1njunk vel\u00fck \u00e9s jav\u00edtsuk az egy\u00fcttm\u0171k\u00f6d\u00e9st.\u00a0<\/span><\/p>\n<\/div>\n<p>Mindehhez el\u0151bb \u00f6nmagunk mozgat\u00f3rug\u00f3it kell alaposabban meg\u00e9rten\u00fcnk, majd a m\u00e1sok viselked\u00e9st\u00edpus\u00e1t is felismerve, igaz\u00edtani kommunik\u00e1ci\u00f3nkat a c\u00e9lunk el\u00e9r\u00e9se \u00e9rdek\u00e9ben. Ez a tr\u00e9ning egy igaz\u00e1n sz\u00f3rakoztatva tan\u00edt\u00f3 tr\u00e9ning egy k\u00f6nnyen megjegyezhet\u0151 \u00e9s felhaszn\u00e1lhat\u00f3 modellel.<\/p>\n<p>T\u00e9m\u00e1k:<\/p>\n<ul>\n<li>4 alapsz\u00edn t\u00edpusok<\/li>\n<li>A k\u00fcl\u00f6nb\u00f6z\u0151 t\u00edpusok er\u0151ss\u00e9gei, gyenges\u00e9gei<\/li>\n<li>Az egyes t\u00edpusok sz\u00fcks\u00e9gletei<\/li>\n<li>M\u00e1sok st\u00edlus\u00e1nak meghat\u00e1roz\u00e1sa<\/li>\n<li>A kommunik\u00e1ci\u00f3 illeszt\u00e9se<\/li>\n<\/ul>\n<p>Aj\u00e1nljuk azoknak a szervezeti egys\u00e9geknek, akik az \u00f6nmaguk \u00e9s egym\u00e1s jobb megismer\u00e9s\u00e9vel szeretn\u00e9nek fejl\u0151dni \u00e9s sz\u00edvesen tesznek a konfliktusok megel\u0151z\u00e9s\u00e9\u00e9rt, a jobb kommunik\u00e1ci\u00f3\u00e9rt csapaton k\u00edv\u00fcl \u00e9s bel\u00fcl egyar\u00e1nt.\u00a0<\/p>\n<p>Ha \u00f6n vezet\u0151, k\u00e9rem v\u00e1laszoljon az al\u00e1bbi k\u00e9rd\u00e9sekre!<\/p>\n<p>Szeretn\u00e9, hogy \u00d6n vagy munkat\u00e1rsai:<br \/>\n&#8211; Felismerj\u00e9k \u00e9s tudatos\u00edts\u00e1k \u00f6nmaguk \u00e9s m\u00e1sok mozgat\u00f3rug\u00f3it?<br \/>\n&#8211; Beazonos\u00edts\u00e1k \u00f6nmaguk \u00e9s m\u00e1sok viselked\u00e9st\u00edpus\u00e1t?<br \/>\n&#8211; A viselked\u00e9stipol\u00f3gia haszn\u00e1lat\u00e1val k\u00e9pesek legyenek cs\u00f6kkenteni a <span style=\"font-size: 1rem\">konfliktushelyzeteket? <br \/>\n&#8211; Megfelel\u0151en tudj\u00e1k kezelni a megoldand\u00f3 feladatokat?<\/span><br \/>\n&#8211; K\u00f6nnyed\u00e9n tudj\u00e1k a megfelel\u0151 mondatokat haszn\u00e1lni a sikeres egy\u00fcttm\u0171k\u00f6d\u00e9s \u00e9rdek\u00e9ben?\u00a0<br \/>\n&#8211; Konfliktusok n\u00e9lk\u00fcli megold\u00e1scentrikus napi rutinok alakulnak ki a szervezeten bel\u00fcl?<\/p>\n<p>Ha legal\u00e1bb h\u00e1rom k\u00e9rd\u00e9sre igennel v\u00e1laszolt, akkor \u00d6nnek, vagy az \u00d6n vezet\u0151 beoszt\u00e1s\u00fa koll\u00e9g\u00e1inak j\u00f3 sz\u00edvvel aj\u00e1nljuk a Viselked\u00e9st\u00edpusok 4 sz\u00edn alapon tr\u00e9ning\u00fcnket.<\/p>\n<p>Ide\u00e1lis l\u00e9tsz\u00e1m: 6-16 f\u0151\u00a0 \u00a0 Aj\u00e1nlott id\u0151tartam: 2&#215;7 \u00f3ra\u00a0\u00a0<span style=\"font-size: 1rem\">vagy\u00a0<\/span><span style=\"font-size: 1rem\"> 4&#215;3,5\u00a0 \u00a0\u00a0<\/span><\/p>\n","protected":false},"excerpt":{"rendered":"<p>A viselked\u00e9st\u00edpusok ismerete seg\u00edts\u00e9g\u00e9vel nem csak a v\u00e1llalaton bel\u00fcli vezet\u0151i m\u0171k\u00f6d\u00e9s, de a munkav\u00e1llal\u00f3i egy\u00fcttm\u0171k\u00f6d\u00e9s is hat\u00e9konyabb\u00e1 v\u00e1lik, amint rutinszer\u0171en m\u0171k\u00f6dik a haszn\u00e1lata. A n\u00e9pszer\u0171 DISC viselked\u00e9stipol\u00f3gia alapj\u00e1n fel\u00e9p\u00edtett &#8222;4 sz\u00edn\u00a0kommunik\u00e1ci\u00f3s tr\u00e9ning&#8221; c\u00e9lja, hogy k\u00f6nnyebben, tudatosabban kommunik\u00e1ljunk t\u00e1rsainkkal, jobban b\u00e1njunk vel\u00fck \u00e9s jav\u00edtsuk az egy\u00fcttm\u0171k\u00f6d\u00e9st.\u00a0 Mindehhez el\u0151bb \u00f6nmagunk mozgat\u00f3rug\u00f3it kell alaposabban meg\u00e9rten\u00fcnk, majd a m\u00e1sok &hellip;<\/p>\n","protected":false},"author":102246,"featured_media":0,"parent":0,"menu_order":0,"comment_status":"closed","ping_status":"closed","template":"template-fullwidth.php","meta":{"_acf_changed":false,"footnotes":""},"categories":[1],"tags":[252,248,232,254,253],"class_list":["post-99713","page","type-page","status-publish","hentry","category-humanhirek","tag-egyuttmukodes","tag-kommunikacio","tag-trening","tag-vezetofejlesztes","tag-viaselkedestipusok"],"acf":[],"_links":{"self":[{"href":"https:\/\/semmelweis.hu\/human\/wp-json\/wp\/v2\/pages\/99713","targetHints":{"allow":["GET"]}}],"collection":[{"href":"https:\/\/semmelweis.hu\/human\/wp-json\/wp\/v2\/pages"}],"about":[{"href":"https:\/\/semmelweis.hu\/human\/wp-json\/wp\/v2\/types\/page"}],"author":[{"embeddable":true,"href":"https:\/\/semmelweis.hu\/human\/wp-json\/wp\/v2\/users\/102246"}],"replies":[{"embeddable":true,"href":"https:\/\/semmelweis.hu\/human\/wp-json\/wp\/v2\/comments?post=99713"}],"version-history":[{"count":5,"href":"https:\/\/semmelweis.hu\/human\/wp-json\/wp\/v2\/pages\/99713\/revisions"}],"predecessor-version":[{"id":99956,"href":"https:\/\/semmelweis.hu\/human\/wp-json\/wp\/v2\/pages\/99713\/revisions\/99956"}],"wp:attachment":[{"href":"https:\/\/semmelweis.hu\/human\/wp-json\/wp\/v2\/media?parent=99713"}],"wp:term":[{"taxonomy":"category","embeddable":true,"href":"https:\/\/semmelweis.hu\/human\/wp-json\/wp\/v2\/categories?post=99713"},{"taxonomy":"post_tag","embeddable":true,"href":"https:\/\/semmelweis.hu\/human\/wp-json\/wp\/v2\/tags?post=99713"}],"curies":[{"name":"wp","href":"https:\/\/api.w.org\/{rel}","templated":true}]}}