{"id":99454,"date":"2023-08-21T18:17:21","date_gmt":"2023-08-21T16:17:21","guid":{"rendered":"https:\/\/semmelweis.hu\/human\/?page_id=99454"},"modified":"2023-08-21T18:19:20","modified_gmt":"2023-08-21T16:19:20","slug":"gyakran-ismetelt-kerdesek","status":"publish","type":"page","link":"https:\/\/semmelweis.hu\/human\/gyakran-ismetelt-kerdesek\/","title":{"rendered":"Gyakran Ism\u00e9telt K\u00e9rd\u00e9sek"},"content":{"rendered":"<p><a href=\"https:\/\/semmelweis.hu\/human\/gyakran-ismetelt-kerdesek-szabadsag-kiadasa\/\">Szabads\u00e1g tervez\u00e9se, kiad\u00e1sa<\/a><\/p>\n","protected":false},"excerpt":{"rendered":"<p><a href=\"https:\/\/semmelweis.hu\/human\/gyakran-ismetelt-kerdesek-szabadsag-kiadasa\/\">Szabads\u00e1g tervez\u00e9se, kiad\u00e1sa<\/a><\/p>\n","protected":false},"author":101175,"featured_media":0,"parent":0,"menu_order":0,"comment_status":"closed","ping_status":"closed","template":"","meta":{"_acf_changed":false,"footnotes":""},"categories":[],"tags":[],"class_list":["post-99454","page","type-page","status-publish","hentry"],"acf":[],"_links":{"self":[{"href":"https:\/\/semmelweis.hu\/human\/wp-json\/wp\/v2\/pages\/99454","targetHints":{"allow":["GET"]}}],"collection":[{"href":"https:\/\/semmelweis.hu\/human\/wp-json\/wp\/v2\/pages"}],"about":[{"href":"https:\/\/semmelweis.hu\/human\/wp-json\/wp\/v2\/types\/page"}],"author":[{"embeddable":true,"href":"https:\/\/semmelweis.hu\/human\/wp-json\/wp\/v2\/users\/101175"}],"replies":[{"embeddable":true,"href":"https:\/\/semmelweis.hu\/human\/wp-json\/wp\/v2\/comments?post=99454"}],"version-history":[{"count":2,"href":"https:\/\/semmelweis.hu\/human\/wp-json\/wp\/v2\/pages\/99454\/revisions"}],"predecessor-version":[{"id":99457,"href":"https:\/\/semmelweis.hu\/human\/wp-json\/wp\/v2\/pages\/99454\/revisions\/99457"}],"wp:attachment":[{"href":"https:\/\/semmelweis.hu\/human\/wp-json\/wp\/v2\/media?parent=99454"}],"wp:term":[{"taxonomy":"category","embeddable":true,"href":"https:\/\/semmelweis.hu\/human\/wp-json\/wp\/v2\/categories?post=99454"},{"taxonomy":"post_tag","embeddable":true,"href":"https:\/\/semmelweis.hu\/human\/wp-json\/wp\/v2\/tags?post=99454"}],"curies":[{"name":"wp","href":"https:\/\/api.w.org\/{rel}","templated":true}]}}