{"id":6,"date":"2012-03-26T09:48:43","date_gmt":"2012-03-26T08:48:43","guid":{"rendered":"http:\/\/semmelweis-egyetem.hu\/human\/?page_id=6"},"modified":"2025-07-10T13:32:58","modified_gmt":"2025-07-10T11:32:58","slug":"altalanos-informaciok","status":"publish","type":"page","link":"https:\/\/semmelweis.hu\/human\/altalanos-informaciok\/","title":{"rendered":"\u00c1ltal\u00e1nos inform\u00e1ci\u00f3k"},"content":{"rendered":"<div class=\"keretes w-100\">\n<p style=\"text-align: justify\">A f\u0151igazgat\u00f3s\u00e1g gondoskodik az Egyetem m\u0171k\u00f6d\u00e9s\u00e9hez \u00e9s feladatell\u00e1t\u00e1s\u00e1hoz sz\u00fcks\u00e9ges sz\u00e1m\u00fa \u00e9s min\u0151s\u00e9g\u0171 hum\u00e1ner\u0151forr\u00e1s rendelkez\u00e9sre \u00e1ll\u00e1s\u00e1r\u00f3l \u00e9s a kapcsol\u00f3d\u00f3 HR-, munka\u00fcgyi \u00e9s b\u00e9relsz\u00e1mol\u00e1si feladatok ell\u00e1t\u00e1s\u00e1r\u00f3l. Karrier-tervez\u00e9si, kiv\u00e1laszt\u00e1si (toborz\u00e1si) \u00e9s onboarding feladatokat l\u00e1t el; k\u00f6zrem\u0171k\u00f6dik a kompetenciamenedzsment-tev\u00e9kenys\u00e9g \u00e9s a teljes\u00edtm\u00e9nymenedzsment-feladatok ell\u00e1t\u00e1s\u00e1ban, ennek keret\u00e9ben c\u00e9lorient\u00e1lt javadalmaz\u00e1si (c\u00e9lpr\u00e9mium) rendszert m\u0171k\u00f6dtet az egy\u00e9ni \u00e9s int\u00e9zm\u00e9nyi teljes\u00edtm\u00e9nyc\u00e9lok motiv\u00e1l\u00e1sa, el\u00e9r\u00e9s\u00e9nek fokoz\u00e1sa \u00e9rdek\u00e9ben. Feladata tov\u00e1bb\u00e1 a magasabb vezet\u0151i \u00e9s vezet\u0151i beoszt\u00e1sok p\u00e1ly\u00e1zati folyamat\u00e1nak t\u00e1mogat\u00e1sa, a foglalkoztatottakkal \u00f6sszef\u00fcgg\u0151 szem\u00e9ly\u00fcgyi nyilv\u00e1ntart\u00e1sok vezet\u00e9se, a munkaviszonnyal, illetve eg\u00e9szs\u00e9g\u00fcgyi szolg\u00e1lati jogviszonnyal kapcsolatos igazol\u00e1sok kiad\u00e1sa, a bels\u0151 kommunik\u00e1ci\u00f3 t\u00e1mogat\u00e1sa, a vagyonnyilatkozatokkal, kit\u00fcntet\u00e9sekkel \u00f6sszef\u00fcgg\u0151, valamint az Egyetem bels\u0151 szab\u00e1lyoz\u00f3 dokumentumaiban meghat\u00e1rozott egy\u00e9b feladatok ell\u00e1t\u00e1sa.<\/p>\n<\/div>\n<p>&nbsp;<\/p>\n","protected":false},"excerpt":{"rendered":"<p>F\u0151igazgat\u00f3s\u00e1gunk feladata a Semmelweis Egyetem emberier\u0151forr\u00e1s-gazd\u00e1lkod\u00e1s\u00e1val kapcsolatos feladatok teljes k\u00f6r\u0171 ell\u00e1t\u00e1sa, \u00e9s az ezzel \u00f6sszef\u00fcgg\u0151 egy\u00e9b tev\u00e9kenys\u00e9gek koordin\u00e1l\u00e1sa, a magasabb vezet\u0151i \u00e9s vezet\u0151i beoszt\u00e1sok p\u00e1ly\u00e1zati folyamat\u00e1nak t\u00e1mogat\u00e1sa, valamint az Egyetem emberi er\u0151forr\u00e1s\u00e1nak menedzsel\u00e9se, motiv\u00e1l\u00e1sa, fejleszt\u00e9se \u00e9s hat\u00e9kony felhaszn\u00e1l\u00e1sa az int\u00e9zm\u00e9ny strat\u00e9gi\u00e1j\u00e1ban megfogalmazott c\u00e9lok el\u00e9r\u00e9s\u00e9nek \u00e9rdek\u00e9ben. A munkav\u00e1llal\u00f3k n\u00e1lunk int\u00e9zhetik a felv\u00e9tellel, kil\u00e9p\u00e9ssel kapcsolatos \u00fcgyeiket, \u00e9s t\u00e1j\u00e9koz\u00f3dhatnak legfrissebb \u00e1ll\u00e1saj\u00e1nlatainkr\u00f3l. Feladataink k\u00f6z\u00e9 tartozik a vagyonnyilatkozatokkal, illetve egyes kit\u00fcntet\u00e9sekkel \u00f6sszef\u00fcgg\u0151 \u00fcgyint\u00e9z\u00e9s. <\/p>\n","protected":false},"author":8,"featured_media":76601,"parent":0,"menu_order":0,"comment_status":"closed","ping_status":"closed","template":"","meta":{"_acf_changed":false,"footnotes":""},"categories":[],"tags":[],"class_list":["post-6","page","type-page","status-publish","has-post-thumbnail","hentry"],"acf":[],"_links":{"self":[{"href":"https:\/\/semmelweis.hu\/human\/wp-json\/wp\/v2\/pages\/6","targetHints":{"allow":["GET"]}}],"collection":[{"href":"https:\/\/semmelweis.hu\/human\/wp-json\/wp\/v2\/pages"}],"about":[{"href":"https:\/\/semmelweis.hu\/human\/wp-json\/wp\/v2\/types\/page"}],"author":[{"embeddable":true,"href":"https:\/\/semmelweis.hu\/human\/wp-json\/wp\/v2\/users\/8"}],"replies":[{"embeddable":true,"href":"https:\/\/semmelweis.hu\/human\/wp-json\/wp\/v2\/comments?post=6"}],"version-history":[{"count":14,"href":"https:\/\/semmelweis.hu\/human\/wp-json\/wp\/v2\/pages\/6\/revisions"}],"predecessor-version":[{"id":106176,"href":"https:\/\/semmelweis.hu\/human\/wp-json\/wp\/v2\/pages\/6\/revisions\/106176"}],"wp:featuredmedia":[{"embeddable":true,"href":"https:\/\/semmelweis.hu\/human\/wp-json\/wp\/v2\/media\/76601"}],"wp:attachment":[{"href":"https:\/\/semmelweis.hu\/human\/wp-json\/wp\/v2\/media?parent=6"}],"wp:term":[{"taxonomy":"category","embeddable":true,"href":"https:\/\/semmelweis.hu\/human\/wp-json\/wp\/v2\/categories?post=6"},{"taxonomy":"post_tag","embeddable":true,"href":"https:\/\/semmelweis.hu\/human\/wp-json\/wp\/v2\/tags?post=6"}],"curies":[{"name":"wp","href":"https:\/\/api.w.org\/{rel}","templated":true}]}}