{"id":451,"date":"2013-11-29T08:34:18","date_gmt":"2013-11-29T08:34:18","guid":{"rendered":"http:\/\/semmelweis.hu\/human\/?page_id=451"},"modified":"2025-06-17T15:10:00","modified_gmt":"2025-06-17T13:10:00","slug":"terkep","status":"publish","type":"page","link":"https:\/\/semmelweis.hu\/human\/altalanos-informaciok\/terkep\/","title":{"rendered":"T\u00e9rk\u00e9p"},"content":{"rendered":"<h2>C\u00edm: 1085 Budapest, Baross u. 52<\/h2>\n<p><iframe loading=\"lazy\" src=\"https:\/\/www.google.com\/maps\/embed?pb=!1m18!1m12!1m3!1d2696.0073030204812!2d19.067144975878747!3d47.489771096038496!2m3!1f0!2f0!3f0!3m2!1i1024!2i768!4f13.1!3m3!1m2!1s0x4741dc593d395f57%3A0x82309c04b5cfdff!2sBudapest%2C%20Baross%20u%2052%2C%201085!5e0!3m2!1shu!2shu!4v1746538704150!5m2!1shu!2shu\" width=\"600\" height=\"450\"><\/iframe><\/p>\n<p>&nbsp;<\/p>\n<p>Az Emberier\u0151forr\u00e1s-gazd\u00e1lkod\u00e1si F\u0151igazgat\u00f3s\u00e1g r\u00e9sz\u00e9re\u00a0<strong>k\u00e9zbes\u00edtend\u0151 leveleket \u00e9s egy\u00e9b dokumentumokat a B52 irodah\u00e1z 5. emelet\u00e9n (1085 Budapest, Baross u. 52.)\u00a0<\/strong>az al\u00e1bb megjel\u00f6lt id\u0151keretben lehet leadni.<\/p>\n<div class=\"fontos_div\">\n<p>H\u00c9TF\u0150T\u0150L \u2013 CS\u00dcT\u00d6RT\u00d6KIG: 8.00 \u2013 12.30 \u00f3ra<br \/>\nP\u00c9NTEKEN: 8.00 \u2013 12.00 \u00f3ra<\/p>\n<\/div>\n","protected":false},"excerpt":{"rendered":"<p>C\u00edm: 1085 Budapest, Baross u. 52<\/p>\n<p>&nbsp;<br \/>\nAz Emberier\u0151forr\u00e1s-gazd\u00e1lkod\u00e1si F\u0151igazgat\u00f3s\u00e1g r\u00e9sz\u00e9re\u00a0k\u00e9zbes\u00edtend\u0151 leveleket \u00e9s egy\u00e9b dokumentumokat a B52 irodah\u00e1z 5. emelet\u00e9n (1085 Budapest, Baross u. 52.)\u00a0az al\u00e1bb megjel\u00f6lt id\u0151keretben lehet leadni.<\/p>\n<p>H\u00c9TF\u0150T\u0150L \u2013 CS\u00dcT\u00d6RT\u00d6KIG: 8.00 \u2013 12.30 \u00f3ra<br \/>\nP\u00c9NTEKEN: 8.00 \u2013 12.00 \u00f3ra<\/p>\n","protected":false},"author":12,"featured_media":0,"parent":6,"menu_order":4,"comment_status":"open","ping_status":"open","template":"","meta":{"_acf_changed":false,"footnotes":""},"categories":[],"tags":[],"class_list":["post-451","page","type-page","status-publish","hentry"],"acf":[],"_links":{"self":[{"href":"https:\/\/semmelweis.hu\/human\/wp-json\/wp\/v2\/pages\/451","targetHints":{"allow":["GET"]}}],"collection":[{"href":"https:\/\/semmelweis.hu\/human\/wp-json\/wp\/v2\/pages"}],"about":[{"href":"https:\/\/semmelweis.hu\/human\/wp-json\/wp\/v2\/types\/page"}],"author":[{"embeddable":true,"href":"https:\/\/semmelweis.hu\/human\/wp-json\/wp\/v2\/users\/12"}],"replies":[{"embeddable":true,"href":"https:\/\/semmelweis.hu\/human\/wp-json\/wp\/v2\/comments?post=451"}],"version-history":[{"count":9,"href":"https:\/\/semmelweis.hu\/human\/wp-json\/wp\/v2\/pages\/451\/revisions"}],"predecessor-version":[{"id":105980,"href":"https:\/\/semmelweis.hu\/human\/wp-json\/wp\/v2\/pages\/451\/revisions\/105980"}],"up":[{"embeddable":true,"href":"https:\/\/semmelweis.hu\/human\/wp-json\/wp\/v2\/pages\/6"}],"wp:attachment":[{"href":"https:\/\/semmelweis.hu\/human\/wp-json\/wp\/v2\/media?parent=451"}],"wp:term":[{"taxonomy":"category","embeddable":true,"href":"https:\/\/semmelweis.hu\/human\/wp-json\/wp\/v2\/categories?post=451"},{"taxonomy":"post_tag","embeddable":true,"href":"https:\/\/semmelweis.hu\/human\/wp-json\/wp\/v2\/tags?post=451"}],"curies":[{"name":"wp","href":"https:\/\/api.w.org\/{rel}","templated":true}]}}