{"id":103270,"date":"2024-09-16T13:57:56","date_gmt":"2024-09-16T11:57:56","guid":{"rendered":"https:\/\/semmelweis.hu\/human\/?page_id=103270"},"modified":"2026-02-17T09:21:37","modified_gmt":"2026-02-17T08:21:37","slug":"jutattasok","status":"publish","type":"page","link":"https:\/\/semmelweis.hu\/human\/jutattasok\/","title":{"rendered":"Juttat\u00e1sok"},"content":{"rendered":"<p><img loading=\"lazy\" decoding=\"async\" class=\"aligncenter size-full wp-image-107921\" src=\"https:\/\/semmelweis.hu\/human\/files\/2026\/02\/RS224497_GV5A8055-2-scr.jpg\" alt=\"\" width=\"1200\" height=\"800\" srcset=\"https:\/\/semmelweis.hu\/human\/files\/2026\/02\/RS224497_GV5A8055-2-scr.jpg 1200w, https:\/\/semmelweis.hu\/human\/files\/2026\/02\/RS224497_GV5A8055-2-scr-400x267.jpg 400w, https:\/\/semmelweis.hu\/human\/files\/2026\/02\/RS224497_GV5A8055-2-scr-1024x683.jpg 1024w, https:\/\/semmelweis.hu\/human\/files\/2026\/02\/RS224497_GV5A8055-2-scr-768x512.jpg 768w, https:\/\/semmelweis.hu\/human\/files\/2026\/02\/RS224497_GV5A8055-2-scr-753x502.jpg 753w, https:\/\/semmelweis.hu\/human\/files\/2026\/02\/RS224497_GV5A8055-2-scr-203x135.jpg 203w\" sizes=\"auto, (max-width: 1200px) 100vw, 1200px\" \/><\/p>\n<div class=\"keretes w-100\">\n<p>A Semmelweis Egyetemen elk\u00f6telezettek vagyunk az \u00d6n t\u00e1mogat\u00e1sa \u00e9s szakmai fejl\u0151d\u00e9se ir\u00e1nt. Sz\u00e1mos juttat\u00e1st \u00e9s kedvezm\u00e9nyt k\u00edn\u00e1lunk poz\u00edci\u00f3t\u00f3l f\u00fcgg\u0151en, hogy mindennapi \u00e9let\u00e9t k\u00f6nnyebb\u00e9 \u00e9s motiv\u00e1l\u00f3bb\u00e1 tegy\u00fck.<\/p>\n<\/div>\n<p>&nbsp;<\/p>\n            <div class=\"qae-faqs-container qae-faqs-toggle-container\">\n\t\t\t\t\t\t\t<ul class=\"qe-faqs-filters-container\">\n\t\t\t\t<li class=\"active\"><a class=\"qe-faqs-filter all-faqs\" href=\"#\" data-filter=\"*\">All<\/a><\/li>\n\t\t\t\t<li><a class=\"qe-faqs-filter\" href=\"#jutattasok\" data-filter=\".jutattasok\">Jutatt\u00e1sok<\/a><\/li>\t\t\t<\/ul>\n\t\t\t\t\t<div id=\"qaef-104010\" class=\"qe-faq-toggle jutattasok\">\n\t\t\t<div class=\"qe-toggle-title\">\n\t\t\t\t<h4>\n\t\t\t\t\t<i class=\"fa fa-minus-circle\"><\/i> Versenyk\u00e9pes b\u00e9r\t\t\t\t<\/h4>\n\t\t\t<\/div>\n\t\t\t<div class=\"qe-toggle-content\">\n\t\t\t\t<p>Versenyk\u00e9pes fizet\u00e9st k\u00edn\u00e1lunk, amely t\u00fckr\u00f6zi a munkat\u00e1rsak \u00e9rt\u00e9k\u00e9t \u00e9s hozz\u00e1j\u00e1rul\u00e1s\u00e1t.<\/p>\n\t\t\t<\/div>\n\t\t<\/div>\n\t\t\t\t<div id=\"qaef-103992\" class=\"qe-faq-toggle jutattasok\">\n\t\t\t<div class=\"qe-toggle-title\">\n\t\t\t\t<h4>\n\t\t\t\t\t<i class=\"fa fa-minus-circle\"><\/i> B\u00e9ren k\u00edv\u00fcli jutatt\u00e1s\t\t\t\t<\/h4>\n\t\t\t<\/div>\n\t\t\t<div class=\"qe-toggle-content\">\n\t\t\t\t<p><strong>SZ\u00c9P K\u00e1rtya: 240.000 Ft\/\u00e9v<\/strong>, amely a bel\u00e9p\u00e9st k\u00f6vet\u0151 4. teljes h\u00f3nap eltelt\u00e9vel j\u00e1r b\u00e9ren k\u00edv\u00fcli juttat\u00e1sk\u00e9nt teljes munkaid\u0151s foglalkoztat\u00e1s eset\u00e9n. Nem teljes munkaid\u0151s foglalkoztat\u00e1s eset\u00e9n a b\u00e9ren k\u00edv\u00fcli juttat\u00e1s \u00f6sszege a munkaid\u0151nek megfelel\u0151en ar\u00e1nyos\u00edt\u00e1sra ker\u00fcl.<\/p>\n\t\t\t<\/div>\n\t\t<\/div>\n\t\t\t\t<div id=\"qaef-103991\" class=\"qe-faq-toggle jutattasok\">\n\t\t\t<div class=\"qe-toggle-title\">\n\t\t\t\t<h4>\n\t\t\t\t\t<i class=\"fa fa-minus-circle\"><\/i> Munkaeszk\u00f6z\u00f6k\t\t\t\t<\/h4>\n\t\t\t<\/div>\n\t\t\t<div class=\"qe-toggle-content\">\n\t\t\t\t<p>A munkav\u00e9gz\u00e9s t\u00e1mogat\u00e1s\u00e1ra poz\u00edci\u00f3t\u00f3l f\u00fcgg\u0151en biztos\u00edtunk <strong>laptopot \u00e9s mobiltelefont<\/strong>, internet hozz\u00e1f\u00e9r\u00e9ssel egy\u00fctt.<\/p>\n\t\t\t<\/div>\n\t\t<\/div>\n\t\t\t\t<div id=\"qaef-104013\" class=\"qe-faq-toggle jutattasok\">\n\t\t\t<div class=\"qe-toggle-title\">\n\t\t\t\t<h4>\n\t\t\t\t\t<i class=\"fa fa-minus-circle\"><\/i> Kedvezm\u00e9nyes banksz\u00e1mlavezet\u00e9s\t\t\t\t<\/h4>\n\t\t\t<\/div>\n\t\t\t<div class=\"qe-toggle-content\">\n\t\t\t\t<p data-start=\"177\" data-end=\"456\">A Semmelweis Egyetem elk\u00f6telezett amellett, hogy munkav\u00e1llal\u00f3i sz\u00e1m\u00e1ra a mindennapi p\u00e9nz\u00fcgyek int\u00e9z\u00e9s\u00e9ben is k\u00e9zzelfoghat\u00f3 el\u0151ny\u00f6ket biztos\u00edtson. Ennek \u00e9rdek\u00e9ben az egyetem kedvezm\u00e9nyes sz\u00e1mlavezet\u00e9si lehet\u0151s\u00e9get k\u00edn\u00e1l az al\u00e1bbi p\u00e9nzint\u00e9zetekkel fenn\u00e1ll\u00f3 egy\u00fcttm\u0171k\u00f6d\u00e9s keret\u00e9ben:<\/p>\n<ul data-start=\"458\" data-end=\"541\">\n<li data-start=\"458\" data-end=\"499\">\n<p data-start=\"460\" data-end=\"499\"><span class=\"hover:entity-accent entity-underline inline cursor-pointer align-baseline\"><span class=\"whitespace-normal\">OTP Bank<\/span><\/span><\/p>\n<\/li>\n<li data-start=\"500\" data-end=\"541\">\n<p data-start=\"502\" data-end=\"541\"><span class=\"hover:entity-accent entity-underline inline cursor-pointer align-baseline\"><span class=\"whitespace-normal\">MBH Bank<\/span><\/span><\/p>\n<\/li>\n<\/ul>\n<p data-start=\"543\" data-end=\"823\">A kedvezm\u00e9nyes konstrukci\u00f3k r\u00e9v\u00e9n munkat\u00e1rsaink cs\u00f6kkentett sz\u00e1mlavezet\u00e9si d\u00edjak, valamint egy\u00e9b banki el\u0151ny\u00f6k ig\u00e9nybev\u00e9tel\u00e9re jogosultak.<\/p>\n<p>&nbsp;<\/p>\n\t\t\t<\/div>\n\t\t<\/div>\n\t\t\t\t<div id=\"qaef-104014\" class=\"qe-faq-toggle jutattasok\">\n\t\t\t<div class=\"qe-toggle-title\">\n\t\t\t\t<h4>\n\t\t\t\t\t<i class=\"fa fa-minus-circle\"><\/i> Semmelweis K\u00e1rtya\t\t\t\t<\/h4>\n\t\t\t<\/div>\n\t\t\t<div class=\"qe-toggle-content\">\n\t\t\t\t<p>A Semmelweis K\u00e1rtya \u00e1ltal k\u00edn\u00e1lt juttat\u00e1si csomag nagyon sz\u00e9les palett\u00e1n biztos\u00edtja munkav\u00e1llal\u00f3ink \u00e9s hallgat\u00f3ink, tanul\u00f3ink, valamint az alumnusok sz\u00e1m\u00e1ra az extra kedvezm\u00e9nyeket, szolg\u00e1ltat\u00e1sokat \u2013 mindazt, ami\u00e9rt t\u00f6bbek k\u00f6z\u00f6tt j\u00f3 Semmelweis Polg\u00e1rnak lenni. A Semmelweis K\u00e1rtya n\u00e9vre sz\u00f3l\u00f3, egyedi azonos\u00edt\u00f3val ell\u00e1tott plasztik vagy virtu\u00e1lis k\u00e1rtya.<\/p>\n<p><strong>Tov\u00e1bbi inform\u00e1ci\u00f3\u00e9rt kattintson\u00a0<a href=\"https:\/\/semmelweis.hu\/csaladbarat\/semmelweis-kartya\/\">ide<\/a>.\u00a0<\/strong><\/p>\n\t\t\t<\/div>\n\t\t<\/div>\n\t\t\t\t<div id=\"qaef-104017\" class=\"qe-faq-toggle jutattasok\">\n\t\t\t<div class=\"qe-toggle-title\">\n\t\t\t\t<h4>\n\t\t\t\t\t<i class=\"fa fa-minus-circle\"><\/i> Csal\u00e1dt\u00e1mogat\u00e1s\t\t\t\t<\/h4>\n\t\t\t<\/div>\n\t\t\t<div class=\"qe-toggle-content\">\n\t\t\t\t<div class=\"flex-shrink-0 flex flex-col relative items-end\">\n<div>\n<div class=\"pt-0\">\n<div class=\"gizmo-bot-avatar flex h-8 w-8 items-center justify-center overflow-hidden rounded-full\">\n<div class=\"relative p-1 rounded-sm flex items-center justify-center bg-token-main-surface-primary text-token-text-primary h-8 w-8\"><span style=\"font-size: 1rem\">A csal\u00e1dbar\u00e1t munkahelyek c\u00e9lja, hogy t\u00e1mogass\u00e1k a munkav\u00e1llal\u00f3k munka \u00e9s mag\u00e1n\u00e9let k\u00f6z\u00f6tti egyens\u00faly\u00e1t. A Semmelweis Egyetem k\u00fcl\u00f6nf\u00e9le szolg\u00e1ltat\u00e1sokkal seg\u00edti az egyetemi dolgoz\u00f3kat:<\/span><\/div>\n<ul>\n<li class=\"relative p-1 rounded-sm flex items-center justify-center bg-token-main-surface-primary text-token-text-primary h-8 w-8\"><span style=\"font-size: 1rem\">Semmelweis Egyetem b\u00f6lcs\u0151dei \u00e9s \u00f3vodai f\u00e9r\u0151helyek<\/span><\/li>\n<li class=\"relative p-1 rounded-sm flex items-center justify-center bg-token-main-surface-primary text-token-text-primary h-8 w-8\"><span style=\"font-size: 1rem\">iskolakezd\u00e9si t\u00e1mogat\u00e1s<\/span><\/li>\n<li class=\"relative p-1 rounded-sm flex items-center justify-center bg-token-main-surface-primary text-token-text-primary h-8 w-8\"><span style=\"font-size: 1rem\">sz\u00fcnidei gyermekmeg\u0151rz\u00e9s<\/span><\/li>\n<li class=\"relative p-1 rounded-sm flex items-center justify-center bg-token-main-surface-primary text-token-text-primary h-8 w-8\"><span style=\"font-size: 1rem\">ny\u00e1ri t\u00e1borok, valamint az egyetemi \u00fcd\u00fcl\u0151k haszn\u00e1lata<\/span><\/li>\n<\/ul>\n<\/div>\n<\/div>\n<\/div>\n<\/div>\n<p><img decoding=\"async\" loading=\"lazy\" class=\"aligncenter wp-image-104018 size-medium\" src=\"https:\/\/semmelweis.hu\/human\/files\/2024\/11\/Csaladbarat_hely_vedjegy_munkahely_RGB_office_2022_0620-1-400x400.jpg\" alt=\"\" width=\"400\" height=\"400\" srcset=\"https:\/\/semmelweis.hu\/human\/files\/2024\/11\/Csaladbarat_hely_vedjegy_munkahely_RGB_office_2022_0620-1-400x400.jpg 400w, https:\/\/semmelweis.hu\/human\/files\/2024\/11\/Csaladbarat_hely_vedjegy_munkahely_RGB_office_2022_0620-1-150x150.jpg 150w, https:\/\/semmelweis.hu\/human\/files\/2024\/11\/Csaladbarat_hely_vedjegy_munkahely_RGB_office_2022_0620-1.jpg 709w\" sizes=\"auto, (max-width: 400px) 100vw, 400px\" \/><\/p>\n<p>&nbsp;<\/p>\n\t\t\t<\/div>\n\t\t<\/div>\n\t\t            <\/div>\n\t\t\n<h2 style=\"text-align: center\"><span style=\"font-size: 24pt\">Eg\u00e9szs\u00e9g\u00fcgyi szakdolgoz\u00f3knak nyujtott kieg\u00e9sz\u00edt\u0151 jutatt\u00e1sok\u00a0<\/span><\/h2>\n            <div class=\"qae-faqs-container qae-faqs-toggle-container\">\n\t\t\t\t\t\t\t<ul class=\"qe-faqs-filters-container\">\n\t\t\t\t<li class=\"active\"><a class=\"qe-faqs-filter all-faqs\" href=\"#\" data-filter=\"*\">All<\/a><\/li>\n\t\t\t\t<li><a class=\"qe-faqs-filter\" href=\"#egeszsegugyi szakdolgozok\" data-filter=\".egeszsegugyi szakdolgozok\">Eg\u00e9szs\u00e9g\u00fcgyi szakdolgoz\u00f3k<\/a><\/li>\t\t\t<\/ul>\n\t\t\t\t\t<div id=\"qaef-104022\" class=\"qe-faq-toggle egeszsegugyi-szakdolgozok\">\n\t\t\t<div class=\"qe-toggle-title\">\n\t\t\t\t<h4>\n\t\t\t\t\t<i class=\"fa fa-minus-circle\"><\/i> MESZK tagd\u00edj \u00e1tv\u00e1llal\u00e1sa\t\t\t\t<\/h4>\n\t\t\t<\/div>\n\t\t\t<div class=\"qe-toggle-content\">\n\t\t\t\t<p>A Semmelweis Egyetem \u00e1tv\u00e1llalja a Magyar Eg\u00e9szs\u00e9g\u00fcgyi Szakdolgoz\u00f3i Kamara (MESZK) tagd\u00edj\u00e1nak megfizet\u00e9s\u00e9t.<\/p>\n\t\t\t<\/div>\n\t\t<\/div>\n\t\t\t\t<div id=\"qaef-104029\" class=\"qe-faq-toggle egeszsegugyi-szakdolgozok\">\n\t\t\t<div class=\"qe-toggle-title\">\n\t\t\t\t<h4>\n\t\t\t\t\t<i class=\"fa fa-minus-circle\"><\/i> \u00c9letp\u00e1lya modell\t\t\t\t<\/h4>\n\t\t\t<\/div>\n\t\t\t<div class=\"qe-toggle-content\">\n\t\t\t\t<div class=\"flex-shrink-0 flex flex-col relative items-end\">\n<div>\n<div class=\"pt-0\">\n<div class=\"gizmo-bot-avatar flex h-8 w-8 items-center justify-center overflow-hidden rounded-full\">\n<div class=\"relative p-1 rounded-sm flex items-center justify-center bg-token-main-surface-primary text-token-text-primary h-8 w-8\"><span style=\"font-size: 1rem\">A 2016-ban bevezetett szakdolgoz\u00f3i \u00e9letp\u00e1lyamodell alapj\u00e1n a Klinikai K\u00f6zpont h\u00e1romm\u0171szakos munkarendben dolgoz\u00f3, szakk\u00e9pzett munkat\u00e1rsai \u00e9letp\u00e1lyamodellben r\u00e9szes\u00fclnek.\u00a0\u00a0<\/span><\/div>\n<\/div>\n<\/div>\n<\/div>\n<\/div>\n\t\t\t<\/div>\n\t\t<\/div>\n\t\t            <\/div>\n\t\t\n<p>&nbsp;<\/p>\n<div class=\"keretes w-100\">\n<p>Csatlakozzon hozz\u00e1nk, legyen \u00d6n is Semmelweis Polg\u00e1r, ahol nemcsak a szakmai fejl\u0151d\u00e9s\u00e9t t\u00e1mogatjuk, hanem a csal\u00e1di \u00e9lete egyens\u00faly\u00e1nak megteremt\u00e9s\u00e9t is. V\u00e1rjuk egy inspir\u00e1l\u00f3 \u00e9s t\u00e1mogat\u00f3 k\u00f6z\u00f6ss\u00e9gbe!<\/p>\n<\/div>\n","protected":false},"excerpt":{"rendered":"<p>A 2016-ban bevezetett szakdolgoz\u00f3i \u00e9letp\u00e1lyamodell alapj\u00e1n a Klinikai K\u00f6zpont h\u00e1romm\u0171szakos munkarendben dolgoz\u00f3, szakk\u00e9pzett munkat\u00e1rsai \u00e9letp\u00e1lyamodellben r\u00e9szes\u00fclnek.\u00a0\u00a0<\/p>\n","protected":false},"author":102330,"featured_media":0,"parent":0,"menu_order":2,"comment_status":"closed","ping_status":"closed","template":"template-fullwidth.php","meta":{"_acf_changed":false,"footnotes":""},"categories":[10],"tags":[],"class_list":["post-103270","page","type-page","status-publish","hentry","category-karrier"],"acf":[],"_links":{"self":[{"href":"https:\/\/semmelweis.hu\/human\/wp-json\/wp\/v2\/pages\/103270","targetHints":{"allow":["GET"]}}],"collection":[{"href":"https:\/\/semmelweis.hu\/human\/wp-json\/wp\/v2\/pages"}],"about":[{"href":"https:\/\/semmelweis.hu\/human\/wp-json\/wp\/v2\/types\/page"}],"author":[{"embeddable":true,"href":"https:\/\/semmelweis.hu\/human\/wp-json\/wp\/v2\/users\/102330"}],"replies":[{"embeddable":true,"href":"https:\/\/semmelweis.hu\/human\/wp-json\/wp\/v2\/comments?post=103270"}],"version-history":[{"count":11,"href":"https:\/\/semmelweis.hu\/human\/wp-json\/wp\/v2\/pages\/103270\/revisions"}],"predecessor-version":[{"id":107922,"href":"https:\/\/semmelweis.hu\/human\/wp-json\/wp\/v2\/pages\/103270\/revisions\/107922"}],"wp:attachment":[{"href":"https:\/\/semmelweis.hu\/human\/wp-json\/wp\/v2\/media?parent=103270"}],"wp:term":[{"taxonomy":"category","embeddable":true,"href":"https:\/\/semmelweis.hu\/human\/wp-json\/wp\/v2\/categories?post=103270"},{"taxonomy":"post_tag","embeddable":true,"href":"https:\/\/semmelweis.hu\/human\/wp-json\/wp\/v2\/tags?post=103270"}],"curies":[{"name":"wp","href":"https:\/\/api.w.org\/{rel}","templated":true}]}}