{"id":101850,"date":"2024-03-21T13:21:47","date_gmt":"2024-03-21T12:21:47","guid":{"rendered":"https:\/\/semmelweis.hu\/human\/?page_id=101850"},"modified":"2025-11-20T19:22:46","modified_gmt":"2025-11-20T18:22:46","slug":"sf","status":"publish","type":"page","link":"https:\/\/semmelweis.hu\/human\/digitalis-hr\/sf\/","title":{"rendered":"SAP-SF-EC"},"content":{"rendered":"<div class=\"keretes w-100\">\n<p style=\"text-align: justify\">Az Egyetem Emberier\u0151forr\u00e1s-gazd\u00e1lkod\u00e1si F\u0151igazgat\u00f3s\u00e1ga fontos feladat\u00e1nak tekinti a HR-folyamatok min\u00e9l sz\u00e9lesebb k\u00f6r\u0171 digitaliz\u00e1ci\u00f3j\u00e1t, a pap\u00edrmentes adminisztr\u00e1ci\u00f3 ugyanis hat\u00e9konyabb, gyorsabb, \u00e1tl\u00e1that\u00f3bb \u00fcgyint\u00e9z\u00e9st \u00e9s fenntarthat\u00f3 munkak\u00f6rnyezetet biztos\u00edt, tov\u00e1bb\u00e1 lehet\u0151v\u00e9 teszi munkav\u00e1llal\u00f3i \u00f6nkiszolg\u00e1l\u00f3 funkci\u00f3k alkalmaz\u00e1s\u00e1t. Ennek jegy\u00e9ben vezett\u00fck be az Egyetemen az <a href=\"https:\/\/semmelweis.hu\/human\/digitalis-hr\/sf\/sap-sf-bejelentkezes\/\"><strong>SAP SuccessFactors Employee Central<\/strong><\/a> (a tov\u00e1bbiakban: \u201e<strong>SAP-SF-EC<\/strong>\u201d) rendszert, melynek r\u00e9sze a szabads\u00e1gtervez\u00e9si folyamat elektronikus, \u00f6nkiszolg\u00e1l\u00f3 \u00fcgyint\u00e9z\u00e9se.<\/p>\n<\/div>\n<style>\n           #page-grid .card-body > .line-clamp-box.excerpt{\n        width: inherit;\n        max-width: inherit;\n        display:flex;\n        min-height: 2.4em;\n        flex-direction: column;\n        justify-content: space-around;\n        background-color: #D6E4EA;\n        min-height: 3.4rem;\n        font-family: \"Montserrat\", sans-serif;\n    }\n\n    #page-grid a:hover .card-body > .line-clamp-box.excerpt {\n        background-color: #fff;\n        color: #313B40;\n    }\n\n    #page-grid .card-body .line-clamp-box.excerpt section{\n        max-width: inherit;\n        display: -webkit-box;\n        -webkit-line-clamp: 2;\n        -webkit-box-orient: vertical;\n        overflow: hidden;\n        text-overflow: ellipsis;\n        hyphens: auto;\n        margin: auto;\n        \n    }\n    .line-clamp-box.excerpt section, .line-clamp-box.excerpt section p{\n        font-size:0.8em;\n    }\n    \n<\/style>\n    <section id=\"page-grid\">\n        <section class=\"d-block d-md-flex title-row my-3 ml-0 ml-md-1\">\n<div class=\"section-title  mb-1 \">\n<h2>\n    Kapcsol\u00f3d\u00f3 oldalak\n<\/h2>\n<\/div>\n<\/section>\n        <div class=\"row row-cols-1 row-cols-md-2 row-cols-lg-4 no-gutters mx-0 \">    <div class =\"col  mb-2 card-wrapper\">\n        <a class=\"d-flex flex-fill card-link-warapper m-md-1\" href=\"https:\/\/semmelweis.hu\/human\/digitalis-hr\/sf\/oktatasi-anyagok\/\">\n            <div class=\"card border border-secondary se-border flex-fill\">\n                <div class=\"row no-gutters mx-0 d-flex flex-nowrap flex-md-wrap align-items-center\">\n                    <div class =\"  col-5 col-md-12  d-none  d-md-none d-md-none  bg-image  card-image justify-content-center\">\n                        <img class='wp-post-image img-fluid landscape' src='https:\/\/semmelweis.hu\/human\/wp-content\/themes\/se18\/dist\/images\/svg\/bg-image.svg' \/>\n                    <\/div>\n                    <div class=\"card-body  col flex-column  col-md-12 p-0\">\n                        <div class=\"line-clamp-box p-3\">\n                            <h5 class=\"ml-0 ml-sm-1 mt-2 align-items-center\"  >Felhaszn\u00e1l\u00f3i seg\u00e9dlet a szabads\u00e1gtervez\u00e9shez<\/h5>\n                        <\/div>\n                        \n                    <\/div>\n                <\/div>\n\n            <\/div>\n        <\/a>\n    <\/div>    <div class =\"col  mb-2 card-wrapper\">\n        <a class=\"d-flex flex-fill card-link-warapper m-md-1\" href=\"https:\/\/semmelweis.hu\/human\/digitalis-hr\/sf\/gyakran-ismetelt-kerdesek-2\/\">\n            <div class=\"card border border-secondary se-border flex-fill\">\n                <div class=\"row no-gutters mx-0 d-flex flex-nowrap flex-md-wrap align-items-center\">\n                    <div class =\"  col-5 col-md-12  d-none  d-md-none d-md-none  bg-image  card-image justify-content-center\">\n                        <img class='wp-post-image img-fluid landscape' src='https:\/\/semmelweis.hu\/human\/wp-content\/themes\/se18\/dist\/images\/svg\/bg-image.svg' \/>\n                    <\/div>\n                    <div class=\"card-body  col flex-column  col-md-12 p-0\">\n                        <div class=\"line-clamp-box p-3\">\n                            <h5 class=\"ml-0 ml-sm-1 mt-2 align-items-center\"  >Gyakran Ism\u00e9telt K\u00e9rd\u00e9sek (SAP SF)<\/h5>\n                        <\/div>\n                        \n                    <\/div>\n                <\/div>\n\n            <\/div>\n        <\/a>\n    <\/div>    <div class =\"col  mb-2 card-wrapper\">\n        <a class=\"d-flex flex-fill card-link-warapper m-md-1\" href=\"https:\/\/semmelweis.hu\/human\/digitalis-hr\/sf\/sap-sf-bejelentkezes\/\">\n            <div class=\"card border border-secondary se-border flex-fill\">\n                <div class=\"row no-gutters mx-0 d-flex flex-nowrap flex-md-wrap align-items-center\">\n                    <div class =\"  col-5 col-md-12  d-none  d-md-none d-md-none  bg-image  card-image justify-content-center\">\n                        <img class='wp-post-image img-fluid landscape' src='https:\/\/semmelweis.hu\/human\/wp-content\/themes\/se18\/dist\/images\/svg\/bg-image.svg' \/>\n                    <\/div>\n                    <div class=\"card-body  col flex-column  col-md-12 p-0\">\n                        <div class=\"line-clamp-box p-3\">\n                            <h5 class=\"ml-0 ml-sm-1 mt-2 align-items-center\"  >SAP SuccessFactors - bejelentkez\u00e9s<\/h5>\n                        <\/div>\n                        \n                    <\/div>\n                <\/div>\n\n            <\/div>\n        <\/a>\n    <\/div>    <div class =\"col  mb-2 card-wrapper\">\n        <a class=\"d-flex flex-fill card-link-warapper m-md-1\" href=\"https:\/\/semmelweis.hu\/human\/digitalis-hr\/sf\/folyamatleirasok-2\/\">\n            <div class=\"card border border-secondary se-border flex-fill\">\n                <div class=\"row no-gutters mx-0 d-flex flex-nowrap flex-md-wrap align-items-center\">\n                    <div class =\"  col-5 col-md-12  d-none  d-md-none d-md-none  bg-image  card-image justify-content-center\">\n                        <img class='wp-post-image img-fluid landscape' src='https:\/\/semmelweis.hu\/human\/wp-content\/themes\/se18\/dist\/images\/svg\/bg-image.svg' \/>\n                    <\/div>\n                    <div class=\"card-body  col flex-column  col-md-12 p-0\">\n                        <div class=\"line-clamp-box p-3\">\n                            <h5 class=\"ml-0 ml-sm-1 mt-2 align-items-center\"  >Folyamatle\u00edr\u00e1sok<\/h5>\n                        <\/div>\n                        \n                    <\/div>\n                <\/div>\n\n            <\/div>\n        <\/a>\n    <\/div>        <\/div>\n    <\/section>\n","protected":false},"excerpt":{"rendered":"<p>Az Egyetem Emberier\u0151forr\u00e1s-gazd\u00e1lkod\u00e1si F\u0151igazgat\u00f3s\u00e1ga fontos feladat\u00e1nak tekinti a HR-folyamatok min\u00e9l sz\u00e9lesebb k\u00f6r\u0171 digitaliz\u00e1ci\u00f3j\u00e1t, a pap\u00edrmentes adminisztr\u00e1ci\u00f3 ugyanis hat\u00e9konyabb, gyorsabb, \u00e1tl\u00e1that\u00f3bb \u00fcgyint\u00e9z\u00e9st \u00e9s fenntarthat\u00f3 munkak\u00f6rnyezetet biztos\u00edt, tov\u00e1bb\u00e1 lehet\u0151v\u00e9 teszi munkav\u00e1llal\u00f3i \u00f6nkiszolg\u00e1l\u00f3 funkci\u00f3k alkalmaz\u00e1s\u00e1t. Ennek jegy\u00e9ben vezett\u00fck be az Egyetemen az <a href=\"https:\/\/semmelweis.hu\/human\/digitalis-hr\/sf\/sap-sf-bejelentkezes\/\">SAP SuccessFactors Employee Central<\/a> (a tov\u00e1bbiakban: \u201eSAP-SF-EC\u201d) rendszert, melynek r\u00e9sze a szabads\u00e1gtervez\u00e9si folyamat elektronikus, \u00f6nkiszolg\u00e1l\u00f3 \u00fcgyint\u00e9z\u00e9se.<\/p>\n","protected":false},"author":101175,"featured_media":0,"parent":102667,"menu_order":0,"comment_status":"closed","ping_status":"closed","template":"template-fullwidth.php","meta":{"_acf_changed":false,"footnotes":""},"categories":[],"tags":[],"class_list":["post-101850","page","type-page","status-publish","hentry"],"acf":[],"_links":{"self":[{"href":"https:\/\/semmelweis.hu\/human\/wp-json\/wp\/v2\/pages\/101850","targetHints":{"allow":["GET"]}}],"collection":[{"href":"https:\/\/semmelweis.hu\/human\/wp-json\/wp\/v2\/pages"}],"about":[{"href":"https:\/\/semmelweis.hu\/human\/wp-json\/wp\/v2\/types\/page"}],"author":[{"embeddable":true,"href":"https:\/\/semmelweis.hu\/human\/wp-json\/wp\/v2\/users\/101175"}],"replies":[{"embeddable":true,"href":"https:\/\/semmelweis.hu\/human\/wp-json\/wp\/v2\/comments?post=101850"}],"version-history":[{"count":10,"href":"https:\/\/semmelweis.hu\/human\/wp-json\/wp\/v2\/pages\/101850\/revisions"}],"predecessor-version":[{"id":107186,"href":"https:\/\/semmelweis.hu\/human\/wp-json\/wp\/v2\/pages\/101850\/revisions\/107186"}],"up":[{"embeddable":true,"href":"https:\/\/semmelweis.hu\/human\/wp-json\/wp\/v2\/pages\/102667"}],"wp:attachment":[{"href":"https:\/\/semmelweis.hu\/human\/wp-json\/wp\/v2\/media?parent=101850"}],"wp:term":[{"taxonomy":"category","embeddable":true,"href":"https:\/\/semmelweis.hu\/human\/wp-json\/wp\/v2\/categories?post=101850"},{"taxonomy":"post_tag","embeddable":true,"href":"https:\/\/semmelweis.hu\/human\/wp-json\/wp\/v2\/tags?post=101850"}],"curies":[{"name":"wp","href":"https:\/\/api.w.org\/{rel}","templated":true}]}}

<div class="keretes w-100">
<p style="text-align: justify">Az Egyetem Emberierőforrás-gazdálkodási Főigazgatósága fontos feladatának tekinti a HR-folyamatok minél szélesebb körű digitalizációját, a papírmentes adminisztráció ugyanis hatékonyabb, gyorsabb, átláthatóbb ügyintézést és fenntartható munkakörnyezetet biztosít, továbbá lehetővé teszi munkavállalói önkiszolgáló funkciók alkalmazását. Ennek jegyében vezettük be az Egyetemen az <a href="https://semmelweis.hu/human/digitalis-hr/sf/sap-sf-bejelentkezes/"><strong>SAP SuccessFactors Employee Central</strong></a> (a továbbiakban: „<strong>SAP-SF-EC</strong>”) rendszert, melynek része a szabadságtervezési folyamat elektronikus, önkiszolgáló ügyintézése.</p>
</div>
<style>
           #page-grid .card-body > .line-clamp-box.excerpt{
        width: inherit;
        max-width: inherit;
        display:flex;
        min-height: 2.4em;
        flex-direction: column;
        justify-content: space-around;
        background-color: #D6E4EA;
        min-height: 3.4rem;
        font-family: "Montserrat", sans-serif;
    }

    #page-grid a:hover .card-body > .line-clamp-box.excerpt {
        background-color: #fff;
        color: #313B40;
    }

    #page-grid .card-body .line-clamp-box.excerpt section{
        max-width: inherit;
        display: -webkit-box;
        -webkit-line-clamp: 2;
        -webkit-box-orient: vertical;
        overflow: hidden;
        text-overflow: ellipsis;
        hyphens: auto;
        margin: auto;
        
    }
    .line-clamp-box.excerpt section, .line-clamp-box.excerpt section p{
        font-size:0.8em;
    }
    
</style>
    <section id="page-grid">
        <section class="d-block d-md-flex title-row my-3 ml-0 ml-md-1">
<div class="section-title  mb-1 ">
<h2>
    Kapcsolódó oldalak
</h2>
</div>
</section>
        <div class="row row-cols-1 row-cols-md-2 row-cols-lg-4 no-gutters mx-0 ">    <div class ="col  mb-2 card-wrapper">
        <a class="d-flex flex-fill card-link-warapper m-md-1" href="https://semmelweis.hu/human/digitalis-hr/sf/oktatasi-anyagok/">
            <div class="card border border-secondary se-border flex-fill">
                <div class="row no-gutters mx-0 d-flex flex-nowrap flex-md-wrap align-items-center">
                    <div class ="  col-5 col-md-12  d-none  d-md-none d-md-none  bg-image  card-image justify-content-center">
                        <img class='wp-post-image img-fluid landscape' src='https://semmelweis.hu/human/wp-content/themes/se18/dist/images/svg/bg-image.svg' />
                    </div>
                    <div class="card-body  col flex-column  col-md-12 p-0">
                        <div class="line-clamp-box p-3">
                            <h5 class="ml-0 ml-sm-1 mt-2 align-items-center"  >Felhasználói segédlet a szabadságtervezéshez</h5>
                        </div>
                        
                    </div>
                </div>

            </div>
        </a>
    </div>    <div class ="col  mb-2 card-wrapper">
        <a class="d-flex flex-fill card-link-warapper m-md-1" href="https://semmelweis.hu/human/digitalis-hr/sf/gyakran-ismetelt-kerdesek-2/">
            <div class="card border border-secondary se-border flex-fill">
                <div class="row no-gutters mx-0 d-flex flex-nowrap flex-md-wrap align-items-center">
                    <div class ="  col-5 col-md-12  d-none  d-md-none d-md-none  bg-image  card-image justify-content-center">
                        <img class='wp-post-image img-fluid landscape' src='https://semmelweis.hu/human/wp-content/themes/se18/dist/images/svg/bg-image.svg' />
                    </div>
                    <div class="card-body  col flex-column  col-md-12 p-0">
                        <div class="line-clamp-box p-3">
                            <h5 class="ml-0 ml-sm-1 mt-2 align-items-center"  >Gyakran Ismételt Kérdések (SAP SF)</h5>
                        </div>
                        
                    </div>
                </div>

            </div>
        </a>
    </div>    <div class ="col  mb-2 card-wrapper">
        <a class="d-flex flex-fill card-link-warapper m-md-1" href="https://semmelweis.hu/human/digitalis-hr/sf/sap-sf-bejelentkezes/">
            <div class="card border border-secondary se-border flex-fill">
                <div class="row no-gutters mx-0 d-flex flex-nowrap flex-md-wrap align-items-center">
                    <div class ="  col-5 col-md-12  d-none  d-md-none d-md-none  bg-image  card-image justify-content-center">
                        <img class='wp-post-image img-fluid landscape' src='https://semmelweis.hu/human/wp-content/themes/se18/dist/images/svg/bg-image.svg' />
                    </div>
                    <div class="card-body  col flex-column  col-md-12 p-0">
                        <div class="line-clamp-box p-3">
                            <h5 class="ml-0 ml-sm-1 mt-2 align-items-center"  >SAP SuccessFactors - bejelentkezés</h5>
                        </div>
                        
                    </div>
                </div>

            </div>
        </a>
    </div>    <div class ="col  mb-2 card-wrapper">
        <a class="d-flex flex-fill card-link-warapper m-md-1" href="https://semmelweis.hu/human/digitalis-hr/sf/folyamatleirasok-2/">
            <div class="card border border-secondary se-border flex-fill">
                <div class="row no-gutters mx-0 d-flex flex-nowrap flex-md-wrap align-items-center">
                    <div class ="  col-5 col-md-12  d-none  d-md-none d-md-none  bg-image  card-image justify-content-center">
                        <img class='wp-post-image img-fluid landscape' src='https://semmelweis.hu/human/wp-content/themes/se18/dist/images/svg/bg-image.svg' />
                    </div>
                    <div class="card-body  col flex-column  col-md-12 p-0">
                        <div class="line-clamp-box p-3">
                            <h5 class="ml-0 ml-sm-1 mt-2 align-items-center"  >Folyamatleírások</h5>
                        </div>
                        
                    </div>
                </div>

            </div>
        </a>
    </div>        </div>
    </section>

<p>Az Egyetem Emberierőforrás-gazdálkodási Főigazgatósága fontos feladatának tekinti a HR-folyamatok minél szélesebb körű digitalizációját, a papírmentes adminisztráció ugyanis hatékonyabb, gyorsabb, átláthatóbb ügyintézést és fenntartható munkakörnyezetet biztosít, továbbá lehetővé teszi munkavállalói önkiszolgáló funkciók alkalmazását. Ennek jegyében vezettük be az Egyetemen az <a href="https://semmelweis.hu/human/digitalis-hr/sf/sap-sf-bejelentkezes/">SAP SuccessFactors Employee Central</a> (a továbbiakban: „SAP-SF-EC”) rendszert, melynek része a szabadságtervezési folyamat elektronikus, önkiszolgáló ügyintézése.</p>
