{"id":967,"date":"2022-11-22T12:11:29","date_gmt":"2022-11-22T11:11:29","guid":{"rendered":"https:\/\/semmelweis.hu\/hta\/?page_id=967"},"modified":"2025-11-13T11:52:25","modified_gmt":"2025-11-13T10:52:25","slug":"doktori-program","status":"publish","type":"page","link":"https:\/\/semmelweis.hu\/hta\/oktatas\/phd-kepzes\/doktori-program\/","title":{"rendered":"Doktori Program"},"content":{"rendered":"<p><span style=\"font-size: 18pt\"><strong>Gy\u00f3gyszertudom\u00e1nyok \u00e9s Eg\u00e9sz\u00e9g\u00fcgyi Technol\u00f3gi\u00e1k Tagozat<\/strong><\/span><\/p>\n<p><strong>Eg\u00e9szs\u00e9g\u00fcgyi technol\u00f3gia\u00e9rt\u00e9kel\u00e9s program<\/strong><\/p>\n<p>Programvezet\u0151: Dr. Kal\u00f3 Zolt\u00e1n<\/p>\n<p>Tov\u00e1bbi inform\u00e1ci\u00f3k:\u00a0<a href=\"https:\/\/semmelweis.hu\/phd\/doktori-tagozatok\/gyogyszertudomanyok-es-egeszsegugyi-technologiak-tagozat\/\">https:\/\/semmelweis.hu\/phd\/doktori-tagozatok\/gyogyszertudomanyok-es-egeszsegugyi-technologiak-tagozat\/<\/a><\/p>\n<p><strong>1. Eg\u00e9szs\u00e9g\u00fcgyi technol\u00f3gi\u00e1k gazdas\u00e1gi elemz\u00e9se<\/strong><\/p>\n<p><strong>T\u00e9mak\u00f6r\u00f6k:<\/strong><\/p>\n<ul>\n<li>Eg\u00e9szs\u00e9g\u00fcgyi technol\u00f3gia\u00e9rt\u00e9kel\u00e9s meghat\u00e1roz\u00e1sa, elemei \u00e9s alkalmaz\u00e1si lehet\u0151s\u00e9gei az eg\u00e9szspolitikai d\u00f6nt\u00e9shozatalban<\/li>\n<li>Teljesk\u00f6r\u0171 eg\u00e9szs\u00e9g-gazdas\u00e1gtani elemz\u00e9sek jelent\u0151s\u00e9ge \u00e9s klasszifik\u00e1ci\u00f3ja<\/li>\n<li>Eg\u00e9szs\u00e9g-gazdas\u00e1gtani modellez\u00e9s f\u0151bb t\u00edpusai \u00e9s javasolt alkalmaz\u00e1sa<\/li>\n<li>Teljesk\u00f6r\u0171 gazdas\u00e1gi elemz\u00e9s l\u00e9p\u00e9sei<\/li>\n<li>Teljesk\u00f6r\u0171 eg\u00e9szs\u00e9g-gazdas\u00e1gtani elemz\u00e9sek d\u00f6nt\u00e9si szab\u00e1lya<\/li>\n<li>Az eg\u00e9szs\u00e9g\u00fcgyi technol\u00f3gia\u00e9rt\u00e9kel\u00e9s transzferabilit\u00e1sa<\/li>\n<li>Az eg\u00e9szs\u00e9g\u00fcgyi technol\u00f3gi\u00e1k \u00e9rt\u00e9k\u00e9nek becsl\u00e9se hagyom\u00e1nyos \u00e9s kiterjesztett \u00e9rt\u00e9kel\u00e9si krit\u00e9riumok alapj\u00e1n<\/li>\n<li>K\u00f6lts\u00e9gvet\u00e9si hat\u00e1s elemz\u00e9s m\u00f3dszertana \u00e9s jelent\u0151s\u00e9ge az eg\u00e9szs\u00e9gpolitikai d\u00f6nt\u00e9shozatalban<\/li>\n<\/ul>\n<p><strong>Aj\u00e1nlott irodalom (magyarul):<\/strong><\/p>\n<ul>\n<li>Kal\u00f3 Z, Inotai A, Nagyj\u00e1nosi L &#8211; Eg\u00e9szs\u00e9g-gazdas\u00e1gtani Fogalomt\u00e1r I. Professional Publishing Hungary Kft<\/li>\n<\/ul>\n<p><strong>\u00a0<\/strong><strong>Aj\u00e1nlott irodalom (angol):<\/strong><\/p>\n<ul>\n<li>Drummond MF, Sculpher MJ, Claxton K, Stoddart GL, Torrance GW. Methods for the Economic Evaluation of Health Care Programmes. Fourth edition 2015. Oxford University Press<\/li>\n<li>Bodrogi J, Kal\u00f3 Z. Principles of pharmacoeconomics and their impact on strategic imperatives of pharmaceutical research and development. Br J Pharmacol. 2010. 159(7):1367-73.<\/li>\n<li>Kov\u00e1cs S, N\u00e9meth B, Erd\u0151si D, Brodszky V, Boncz I, Kal\u00f3 Z, Zempl\u00e9nyi A. Should Hungary Pay More for a QALY Gain than Higher-Income Western European Countries?\u00a0Appl Health Econ Health Policy, 2022. 20(3). 291-303.<\/li>\n<li>Nagy B, Campbell JD, Kal\u00f3 Z. The Role of Modelling in Economic Evaluations in Health Care. E\u00f6tv\u00f6s University Press, Budapest, 2019. (<a href=\"https:\/\/www.eltereader.hu\/media\/2019\/07\/Nagy_Balazs_NT_WEB.pdf\">https:\/\/www.eltereader.hu\/media\/2019\/07\/Nagy_Balazs_NT_WEB.pdf<\/a>)<\/li>\n<li>Sullivan SD, Mauskopf JA, Augustovski F, Jaime Caro J, Lee KM, Minchin M, Orlewska E, Penna P, Rodriguez Barrios JM, Shau WY. Budget impact analysis-principles of good practice: report of the ISPOR 2012 Budget Impact Analysis Good Practice II Task Force. Value Health. 2014. 17(1):5-14.<\/li>\n<li>Garattini L, van de Vooren K. Budget impact analysis in economic evaluation: a proposal for a clearer definition. Eur J Health Econ. 2011. 12(6):499-502.<\/li>\n<li>Inotai A, Jakab I, Brixner D, Campbell J, Hawkins N, Kristensen L, Charokopou M, Mountian I, Szegvari B, Kal\u00f3 Z. Proposal for Capturing Patient Experience through Extended Value Frameworks of Health Technologies. J Manag Care Spec Pharm. 2021. 27(7). 936-947.<\/li>\n<li>Lakdawalla DN, Doshi JA, Garrison LP Jr, Phelps CE, Basu A, Danzon PM. Defining Elements of Value in Health Care-A Health Economics Approach: An ISPOR Special Task Force Report [3]. Value Health. 2018. 21(2):131-139<\/li>\n<li>Jakab I, Whittington MD, Franklin E, Raiola S, Campbell JD, Kal\u00f3 Z, McQueen RB. Patient and Payer Preferences for Additional Value Criteria. Frontiers in Pharmacology. 2021. 12:690021.<\/li>\n<li>Jakab I, N\u00e9meth B, Elezbawy B, Karaday\u0131 MA, Tozan H, Ayd\u0131n S, Shen J, Kal\u00f3 Z. Potential Criteria for Frameworks to Support the Evaluation of Innovative Medicines in Upper-Middle-Income Countries &#8211; A Systematic Literature Review on Value Frameworks and Multi-Criteria Decision Analyses. Frontiers in Pharmacology, 2020. 11. 1203.<\/li>\n<li>N\u00e9meth B, Goettsch W, Kristensen FB, Pinyazhko O, Hui\u0107 M, Tesa\u0159 T, Atanasijevic D, Lipska I, Kal\u00f3\u00a0Z. The transferability of health technology assessment &#8211; the European perspective with focus on Central and Eastern European countries,\u00a0Expert Rev Pharmacoecon Outcomes Res. 2020. 20. 4. 321\u2013329.<\/li>\n<li>Drummond M, Augustovski F, Kal\u00f3 Z, Yang BM, Pichon-Riviere A, Bae EZ, Kamal-Bahl S. Challenges faced in transferring economic evaluations to middle income countries. Int J Technol Assess Health Care. 2015. 31. 6. 442-8.<\/li>\n<\/ul>\n<p><strong>\u00a0<\/strong><strong>Aj\u00e1nlott kapcsol\u00f3d\u00f3 kurzusok:<\/strong><\/p>\n<ul>\n<li>Applied health economics (Dr. Inotai Andr\u00e1s, Dr. Kal\u00f3 Zolt\u00e1n, Dr. Nagy Bal\u00e1zs)<\/li>\n<li>Health economic aspects of pharmaceutical R&amp;D decisions<\/li>\n<li>Prerecorded webinars to each topic are available upon request<\/li>\n<\/ul>\n<p>&nbsp;<\/p>\n<p><strong>2. Eg\u00e9szs\u00e9g\u00fcgyi technol\u00f3gi\u00e1khoz kapcsol\u00f3d\u00f3 bizony\u00edt\u00e9kok szint\u00e9zise<\/strong><\/p>\n<p><strong>T\u00e9mak\u00f6r\u00f6k:<\/strong><\/p>\n<ol>\n<li>A tudom\u00e1nyos bizony\u00edt\u00e9kok defin\u00edci\u00f3ja \u00e9s jelent\u0151s\u00e9ge az eg\u00e9szs\u00e9g\u00fcgyben \u00e9s az eg\u00e9szs\u00e9g\u00fcgyi technol\u00f3gi\u00e1k \u00e9rt\u00e9kel\u00e9s\u00e9ben<\/li>\n<li>A tudom\u00e1nyos bizony\u00edt\u00e9kok k\u00fcl\u00f6nb\u00f6z\u0151 t\u00edpusai (study design \u00e9s publik\u00e1ci\u00f3s t\u00edpus szerint), a tudom\u00e1nyos bizony\u00edt\u00e9kok rangsorol\u00e1s\u00e1nak m\u00f3dszerei, szempontjai \u00e9s korl\u00e1tai<\/li>\n<li>A tudom\u00e1nyos bizony\u00edt\u00e9kok el\u0151\u00e1ll\u00edt\u00e1s\u00e1nak m\u00f3dszerei (bizony\u00edt\u00e9k gener\u00e1l\u00e1s primer adatelemz\u00e9s \u00fatj\u00e1n, bizony\u00edt\u00e9k szint\u00e9zis kvalitat\u00edv \u00e9s kvantitat\u00edv m\u00f3dszerekkel), a szisztematikus irodalmi \u00e1ttekint\u00e9s \u00e9s metaanal\u00edzis m\u00f3dszerek defin\u00edci\u00f3i \u00e9s ezek kapcsolata<\/li>\n<li>A szisztematikus irodalmi \u00e1ttekint\u00e9s m\u00f3dszertan\u00e1nak r\u00e9szletes bemutat\u00e1sa (a szisztematikuss\u00e1g felt\u00e9telei, f\u0151bb l\u00e9p\u00e9sei) \u00e9s a m\u00f3dszertanhoz kapcsol\u00f3d\u00f3 aktu\u00e1lis ir\u00e1nyelvek r\u00f6vid ismertet\u00e9se (PRISMA, Cochrane Handbook)<\/li>\n<li>A szisztematikus irodalmi \u00e1ttekint\u00e9s lehets\u00e9ges felhaszn\u00e1l\u00e1si ter\u00fcletei, el\u0151nyei \u00e9s a m\u00f3dszertan limit\u00e1ci\u00f3i<\/li>\n<li>A meta-anal\u00edzisek f\u0151bb form\u00e1i az elemz\u00e9si t\u00edpusok szerint<\/li>\n<li>A heterogenit\u00e1s jellemz\u00e9s\u00e9nek \u00e9s vizsg\u00e1lat\u00e1nak m\u00f3dszerei meta-anal\u00edzisekben<\/li>\n<li>A meta-anal\u00edzisekben jelentkez\u0151 legjelent\u0151sebb torz\u00edt\u00e1sok \u00e9s ezek megel\u0151z\u00e9se, vizsg\u00e1lata<\/li>\n<li>A h\u00e1l\u00f3zatos meta-anal\u00edzisek hiteless\u00e9g\u00e9nek felt\u00e9telei \u00e9s azok vizsg\u00e1lata<\/li>\n<\/ol>\n<p><strong>Aj\u00e1nlott irodalom (magyarul):<\/strong><\/p>\n<ul>\n<li>Bizony\u00edt\u00e9kokra alapozott gy\u00f3gy\u00edt\u00e1s &#8211; Evidence-based medicine (EBM) &#8211; David L. Sackett, R. Brian Haynes, W. Scott Richardson, William Rosenberg, 1999, Golden Book Kiad\u00f3<\/li>\n<li>Vok\u00f3 Z. Metaanal\u00edzis. In: Muszbek L, Bereczky Zs (szerk.). A klinikai kutat\u00e1sok tervez\u00e9se \u00e9s kivitelez\u00e9se: elm\u00e9leti \u00e9s m\u00f3dszertani alapok. Budapest, Medicina K\u00f6nyvkiad\u00f3, 2011.<\/li>\n<\/ul>\n<p><strong>Aj\u00e1nlott irodalom (angolul):<\/strong><\/p>\n<ul>\n<li>Cochrane Handbook for Systematic Reviews: <a href=\"https:\/\/training.cochrane.org\/handbook\/current\">https:\/\/training.cochrane.org\/handbook\/current<\/a><\/li>\n<li>PRISMA (Preferred Reporting Items for Systematic reviews and Meta-Analyses) statement: <a href=\"https:\/\/www.prisma-statement.org\/\">https:\/\/www.prisma-statement.org\/<\/a><\/li>\n<li>Evidence Synthesis for Decision Making in Healthcare &#8211; Nicky J. Welton, Alexander J. Sutton, Nicola Cooper, Keith R. Abrams, A. E. Ades, 2012, John Wiley &amp; Sons Ltd<\/li>\n<\/ul>\n<p><strong>Aj\u00e1nlott kapcsol\u00f3d\u00f3 kurzusok:<\/strong><\/p>\n<ul>\n<li>Systematic literature review &amp; meta-analysis: a practical approach (Dr. Vok\u00f3 Zolt\u00e1n)<\/li>\n<li>Systematic review and meta-analysis in science and clinical practice I. (Dr. Hegyi P\u00e9ter)<\/li>\n<\/ul>\n","protected":false},"excerpt":{"rendered":"<p>Gy\u00f3gyszertudom\u00e1nyok \u00e9s Eg\u00e9sz\u00e9g\u00fcgyi Technol\u00f3gi\u00e1k Tagozat Eg\u00e9szs\u00e9g\u00fcgyi technol\u00f3gia\u00e9rt\u00e9kel\u00e9s program Programvezet\u0151: Dr. Kal\u00f3 Zolt\u00e1n Tov\u00e1bbi inform\u00e1ci\u00f3k:\u00a0 <a href=\"https:\/\/semmelweis.hu\/phd\/doktori-tagozatok\/gyogyszertudomanyok-es-egeszsegugyi-technologiak-tagozat\/\">https:\/\/semmelweis.hu\/phd\/doktori-tagozatok\/gyogyszertudomanyok-es-egeszsegugyi-technologiak-tagozat\/<\/a> 1. Eg\u00e9szs\u00e9g\u00fcgyi technol\u00f3gi\u00e1k gazdas\u00e1gi elemz\u00e9se T\u00e9mak\u00f6r\u00f6k: Eg\u00e9szs\u00e9g\u00fcgyi technol\u00f3gia\u00e9rt\u00e9kel\u00e9s meghat\u00e1roz\u00e1sa, elemei \u00e9s alkalmaz\u00e1si lehet\u0151s\u00e9gei az eg\u00e9szspolitikai d\u00f6nt\u00e9shozatalban Teljesk\u00f6r\u0171 eg\u00e9szs\u00e9g-gazdas\u00e1gtani elemz\u00e9sek jelent\u0151s\u00e9ge \u00e9s klasszifik\u00e1ci\u00f3ja Eg\u00e9szs\u00e9g-gazdas\u00e1gtani modellez\u00e9s f\u0151bb t\u00edpusai \u00e9s javasolt alkalmaz\u00e1sa Teljesk\u00f6r\u0171 gazdas\u00e1gi elemz\u00e9s l\u00e9p\u00e9sei Teljesk\u00f6r\u0171 eg\u00e9szs\u00e9g-gazdas\u00e1gtani elemz\u00e9sek d\u00f6nt\u00e9si szab\u00e1lya Az eg\u00e9szs\u00e9g\u00fcgyi technol\u00f3gia\u00e9rt\u00e9kel\u00e9s &hellip;<\/p>\n","protected":false},"author":101744,"featured_media":0,"parent":133,"menu_order":4,"comment_status":"closed","ping_status":"closed","template":"","meta":{"_acf_changed":false,"footnotes":""},"categories":[],"tags":[],"class_list":["post-967","page","type-page","status-publish","hentry"],"acf":[],"_links":{"self":[{"href":"https:\/\/semmelweis.hu\/hta\/wp-json\/wp\/v2\/pages\/967","targetHints":{"allow":["GET"]}}],"collection":[{"href":"https:\/\/semmelweis.hu\/hta\/wp-json\/wp\/v2\/pages"}],"about":[{"href":"https:\/\/semmelweis.hu\/hta\/wp-json\/wp\/v2\/types\/page"}],"author":[{"embeddable":true,"href":"https:\/\/semmelweis.hu\/hta\/wp-json\/wp\/v2\/users\/101744"}],"replies":[{"embeddable":true,"href":"https:\/\/semmelweis.hu\/hta\/wp-json\/wp\/v2\/comments?post=967"}],"version-history":[{"count":10,"href":"https:\/\/semmelweis.hu\/hta\/wp-json\/wp\/v2\/pages\/967\/revisions"}],"predecessor-version":[{"id":1734,"href":"https:\/\/semmelweis.hu\/hta\/wp-json\/wp\/v2\/pages\/967\/revisions\/1734"}],"up":[{"embeddable":true,"href":"https:\/\/semmelweis.hu\/hta\/wp-json\/wp\/v2\/pages\/133"}],"wp:attachment":[{"href":"https:\/\/semmelweis.hu\/hta\/wp-json\/wp\/v2\/media?parent=967"}],"wp:term":[{"taxonomy":"category","embeddable":true,"href":"https:\/\/semmelweis.hu\/hta\/wp-json\/wp\/v2\/categories?post=967"},{"taxonomy":"post_tag","embeddable":true,"href":"https:\/\/semmelweis.hu\/hta\/wp-json\/wp\/v2\/tags?post=967"}],"curies":[{"name":"wp","href":"https:\/\/api.w.org\/{rel}","templated":true}]}}