{"id":589,"date":"2021-09-28T08:39:06","date_gmt":"2021-09-28T06:39:06","guid":{"rendered":"https:\/\/semmelweis.hu\/hta\/?page_id=589"},"modified":"2025-09-02T12:09:08","modified_gmt":"2025-09-02T10:09:08","slug":"diplomamunka-temak","status":"publish","type":"page","link":"https:\/\/semmelweis.hu\/hta\/oktatas\/diplomamunka-temak\/","title":{"rendered":"Diplomamunka t\u00e9m\u00e1k"},"content":{"rendered":"<p><strong>A diplomamunka elk\u00e9sz\u00edt\u00e9s\u00e9nek rendje, tartalmi \u00e9s formai k\u00f6vetelm\u00e9nyei:<\/strong><\/p>\n<p><a href=\"https:\/\/semmelweis.hu\/gytk\/oktatas\/vegzos-hallgatoknak\">https:\/\/semmelweis.hu\/gytk\/oktatas\/vegzos-hallgatoknak<\/a><\/p>\n<p style=\"font-weight: 400\"><strong>Magyar nyelv\u0171 k\u00e9pz\u00e9sben meghirdetett diplomamunka t\u00e9m\u00e1k:<\/strong><\/p>\n<p style=\"font-weight: 400\">(Megjegyz\u00e9s: a szakirodalom feldolgoz\u00e1s\u00e1hoz angol nyelvismeret sz\u00fcks\u00e9ges)<\/p>\n<table style=\"width: 101.052%\">\n<tbody>\n<tr>\n<td style=\"width: 49.92%\" width=\"312\">\n<p><strong>T\u00e9ma<\/strong><\/p>\n<\/td>\n<td style=\"width: 68.8%\" width=\"312\">\n<p><strong>T\u00e9mavezet\u0151<\/strong><\/p>\n<\/td>\n<\/tr>\n<tr>\n<td style=\"width: 49.92%\" width=\"312\">\n<p>Lej\u00e1rt szabadalm\u00fa gy\u00f3gyszerek gy\u00f3gyszerpolitikai k\u00f6rnyezet\u00e9nek vizsg\u00e1lata<\/p>\n<\/td>\n<td style=\"width: 68.8%\" width=\"312\">\n<p>Dr. Inotai Andr\u00e1s<\/p>\n<\/td>\n<\/tr>\n<tr>\n<td style=\"width: 49.92%\" width=\"312\">\n<p>K\u00f6lts\u00e9gadatok gy\u0171jt\u00e9se \u00e9s k\u00f6lts\u00e9gsz\u00e1m\u00edt\u00e1s eg\u00e9szs\u00e9g\u00fcgyi technol\u00f3gi\u00e1k teljesk\u00f6r\u0171 gazdas\u00e1gi elemz\u00e9s\u00e9hez<\/p>\n<\/td>\n<td style=\"width: 68.8%\" width=\"312\">\n<p>Dr. Nagy Bal\u00e1zs<\/p>\n<\/td>\n<\/tr>\n<tr>\n<td style=\"width: 49.92%\" width=\"312\">\n<p>Eg\u00e9szs\u00e9g\u00fcgyi technol\u00f3gia-\u00e9rt\u00e9kel\u00e9s (HTA) rendszer\u00e9nek fejleszt\u00e9se<\/p>\n<\/td>\n<td style=\"width: 68.8%\" width=\"312\">\n<p>Prof. Kal\u00f3 Zolt\u00e1n<\/p>\n<\/td>\n<\/tr>\n<\/tbody>\n<\/table>\n","protected":false},"excerpt":{"rendered":"<p>A diplomamunka elk\u00e9sz\u00edt\u00e9s\u00e9nek rendje, tartalmi \u00e9s formai k\u00f6vetelm\u00e9nyei:<br \/>\n<a href=\"https:\/\/semmelweis.hu\/gytk\/oktatas\/vegzos-hallgatoknak\">https:\/\/semmelweis.hu\/gytk\/oktatas\/vegzos-hallgatoknak<\/a><br \/>\nMagyar nyelv\u0171 k\u00e9pz\u00e9sben meghirdetett diplomamunka t\u00e9m\u00e1k:<br \/>\n(Megjegyz\u00e9s: a szakirodalom feldolgoz\u00e1s\u00e1hoz angol nyelvismeret sz\u00fcks\u00e9ges)<\/p>\n<p>T\u00e9ma<\/p>\n<p>T\u00e9mavezet\u0151<\/p>\n<p>Lej\u00e1rt szabadalm\u00fa gy\u00f3gyszerek gy\u00f3gyszerpolitikai k\u00f6rnyezet\u00e9nek vizsg\u00e1lata<\/p>\n<p>Dr. Inotai Andr\u00e1s<\/p>\n<p>K\u00f6lts\u00e9gadatok gy\u0171jt\u00e9se \u00e9s k\u00f6lts\u00e9gsz\u00e1m\u00edt\u00e1s eg\u00e9szs\u00e9g\u00fcgyi technol\u00f3gi\u00e1k teljesk\u00f6r\u0171 gazdas\u00e1gi elemz\u00e9s\u00e9hez<\/p>\n<p>Dr. Nagy Bal\u00e1zs<\/p>\n<p>Eg\u00e9szs\u00e9g\u00fcgyi technol\u00f3gia-\u00e9rt\u00e9kel\u00e9s (HTA) rendszer\u00e9nek fejleszt\u00e9se<\/p>\n<p>Prof. Kal\u00f3 Zolt\u00e1n<\/p>\n","protected":false},"author":101744,"featured_media":0,"parent":88,"menu_order":2,"comment_status":"closed","ping_status":"closed","template":"","meta":{"_acf_changed":false,"footnotes":""},"categories":[],"tags":[],"class_list":["post-589","page","type-page","status-publish","hentry"],"acf":[],"_links":{"self":[{"href":"https:\/\/semmelweis.hu\/hta\/wp-json\/wp\/v2\/pages\/589","targetHints":{"allow":["GET"]}}],"collection":[{"href":"https:\/\/semmelweis.hu\/hta\/wp-json\/wp\/v2\/pages"}],"about":[{"href":"https:\/\/semmelweis.hu\/hta\/wp-json\/wp\/v2\/types\/page"}],"author":[{"embeddable":true,"href":"https:\/\/semmelweis.hu\/hta\/wp-json\/wp\/v2\/users\/101744"}],"replies":[{"embeddable":true,"href":"https:\/\/semmelweis.hu\/hta\/wp-json\/wp\/v2\/comments?post=589"}],"version-history":[{"count":8,"href":"https:\/\/semmelweis.hu\/hta\/wp-json\/wp\/v2\/pages\/589\/revisions"}],"predecessor-version":[{"id":1654,"href":"https:\/\/semmelweis.hu\/hta\/wp-json\/wp\/v2\/pages\/589\/revisions\/1654"}],"up":[{"embeddable":true,"href":"https:\/\/semmelweis.hu\/hta\/wp-json\/wp\/v2\/pages\/88"}],"wp:attachment":[{"href":"https:\/\/semmelweis.hu\/hta\/wp-json\/wp\/v2\/media?parent=589"}],"wp:term":[{"taxonomy":"category","embeddable":true,"href":"https:\/\/semmelweis.hu\/hta\/wp-json\/wp\/v2\/categories?post=589"},{"taxonomy":"post_tag","embeddable":true,"href":"https:\/\/semmelweis.hu\/hta\/wp-json\/wp\/v2\/tags?post=589"}],"curies":[{"name":"wp","href":"https:\/\/api.w.org\/{rel}","templated":true}]}}