{"id":290,"date":"2020-10-07T11:50:02","date_gmt":"2020-10-07T09:50:02","guid":{"rendered":"https:\/\/semmelweis.hu\/hta\/?page_id=290"},"modified":"2025-05-13T10:17:44","modified_gmt":"2025-05-13T08:17:44","slug":"doktori-tanfolyamok","status":"publish","type":"page","link":"https:\/\/semmelweis.hu\/hta\/oktatas\/phd-kepzes\/doktori-tanfolyamok\/","title":{"rendered":"Doktori tanfolyamok"},"content":{"rendered":"<p style=\"text-align: center\">\u00a0<\/p>\n<div class=\"w-100 keretes\"><span style=\"font-size: 18pt\"><strong>Systematic literature review &amp; meta-analysis: a practical approach<\/strong><\/span><\/div>\n<p><a href=\"https:\/\/semmelweis.hu\/hta\/oktatas\/phd-kepzes\/systematic-literature-review-meta-analysis-a-practical-approach\/\">https:\/\/semmelweis.hu\/hta\/oktatas\/phd-kepzes\/systematic-literature-review-meta-analysis-a-practical-approach\/<\/a><\/p>\n<div class=\"w-100 keretes\"><span style=\"font-size: 18pt\"><strong>Health economic aspects of pharmaceutical R&amp;D decisions<\/strong><\/span><\/div>\n<p><a href=\"https:\/\/semmelweis.hu\/hta\/oktatas\/phd-kepzes\/teli-egyetem\/\">https:\/\/semmelweis.hu\/hta\/oktatas\/phd-kepzes\/teli-egyetem\/<\/a><\/p>\n<div class=\"w-100 keretes\"><span style=\"font-size: 18pt\"><strong>Applied health economics<\/strong><\/span><\/div>\n<p><a href=\"https:\/\/semmelweis.hu\/hta\/oktatas\/phd-kepzes\/applied-health-economics\/\">https:\/\/semmelweis.hu\/hta\/oktatas\/phd-kepzes\/applied-health-economics\/<\/a><\/p>\n<p>A K\u00f6zpont doktori kurzusait kiz\u00e1r\u00f3lag <strong>angol nyelven<\/strong> oktatja.\u00a0<\/p>\n<p>&nbsp;<\/p>\n","protected":false},"excerpt":{"rendered":"<p>\u00a0<br \/>\nSystematic literature review &amp; meta-analysis: a practical approach<br \/>\n<a href=\"https:\/\/semmelweis.hu\/hta\/oktatas\/phd-kepzes\/systematic-literature-review-meta-analysis-a-practical-approach\/\">https:\/\/semmelweis.hu\/hta\/oktatas\/phd-kepzes\/systematic-literature-review-meta-analysis-a-practical-approach\/<\/a><br \/>\nHealth economic aspects of pharmaceutical R&amp;D decisions<br \/>\n<a href=\"https:\/\/semmelweis.hu\/hta\/oktatas\/phd-kepzes\/teli-egyetem\/\">https:\/\/semmelweis.hu\/hta\/oktatas\/phd-kepzes\/teli-egyetem\/<\/a><br \/>\nApplied health economics<br \/>\n<a href=\"https:\/\/semmelweis.hu\/hta\/oktatas\/phd-kepzes\/applied-health-economics\/\">https:\/\/semmelweis.hu\/hta\/oktatas\/phd-kepzes\/applied-health-economics\/<\/a><br \/>\nA K\u00f6zpont doktori kurzusait kiz\u00e1r\u00f3lag angol nyelven oktatja.\u00a0<br \/>\n&nbsp;<\/p>\n","protected":false},"author":101743,"featured_media":0,"parent":133,"menu_order":1,"comment_status":"closed","ping_status":"closed","template":"","meta":{"_acf_changed":false,"footnotes":""},"categories":[],"tags":[],"class_list":["post-290","page","type-page","status-publish","hentry"],"acf":[],"_links":{"self":[{"href":"https:\/\/semmelweis.hu\/hta\/wp-json\/wp\/v2\/pages\/290","targetHints":{"allow":["GET"]}}],"collection":[{"href":"https:\/\/semmelweis.hu\/hta\/wp-json\/wp\/v2\/pages"}],"about":[{"href":"https:\/\/semmelweis.hu\/hta\/wp-json\/wp\/v2\/types\/page"}],"author":[{"embeddable":true,"href":"https:\/\/semmelweis.hu\/hta\/wp-json\/wp\/v2\/users\/101743"}],"replies":[{"embeddable":true,"href":"https:\/\/semmelweis.hu\/hta\/wp-json\/wp\/v2\/comments?post=290"}],"version-history":[{"count":12,"href":"https:\/\/semmelweis.hu\/hta\/wp-json\/wp\/v2\/pages\/290\/revisions"}],"predecessor-version":[{"id":1741,"href":"https:\/\/semmelweis.hu\/hta\/wp-json\/wp\/v2\/pages\/290\/revisions\/1741"}],"up":[{"embeddable":true,"href":"https:\/\/semmelweis.hu\/hta\/wp-json\/wp\/v2\/pages\/133"}],"wp:attachment":[{"href":"https:\/\/semmelweis.hu\/hta\/wp-json\/wp\/v2\/media?parent=290"}],"wp:term":[{"taxonomy":"category","embeddable":true,"href":"https:\/\/semmelweis.hu\/hta\/wp-json\/wp\/v2\/categories?post=290"},{"taxonomy":"post_tag","embeddable":true,"href":"https:\/\/semmelweis.hu\/hta\/wp-json\/wp\/v2\/tags?post=290"}],"curies":[{"name":"wp","href":"https:\/\/api.w.org\/{rel}","templated":true}]}}