{"id":133,"date":"2020-08-13T11:25:15","date_gmt":"2020-08-13T09:25:15","guid":{"rendered":"https:\/\/semmelweis.hu\/hta\/?page_id=133"},"modified":"2022-02-03T09:55:11","modified_gmt":"2022-02-03T08:55:11","slug":"phd-kepzes","status":"publish","type":"page","link":"https:\/\/semmelweis.hu\/hta\/oktatas\/phd-kepzes\/","title":{"rendered":"PhD k\u00e9pz\u00e9s"},"content":{"rendered":"<div class=\"keretes w-100\"><strong><span style=\"font-size: 18pt\">Jelentkez\u00e9s<\/span> <\/strong><\/div>\n<ul>\n<li>A PhD felv\u00e9telivel kapcsolatos inform\u00e1ci\u00f3k a Semmelweis Doktori Iskola honlapj\u00e1n tal\u00e1lhat\u00f3k meg az al\u00e1bbi linken:\u00a0<a href=\"https:\/\/semmelweis.hu\/phd\/felveteli\/\">https:\/\/semmelweis.hu\/phd\/felveteli\/<\/a><\/li>\n<li>T\u00e9mav\u00e1laszt\u00e1s \u00e9s t\u00e9mavezet\u00e9si inform\u00e1ci\u00f3k\u00e9rt keress\u00e9k a K\u00f6zpont t\u00e9ma szerinti felel\u0151s\u00e9t.<\/li>\n<\/ul>\n<table style=\"border-collapse: collapse;width: 100%;height: 56px\">\n<tbody>\n<tr style=\"height: 28px\">\n<td style=\"width: 39.5238%;height: 28px\"><span style=\"color: #003366\"><strong>Doktori iskola:<\/strong><\/span><\/td>\n<td style=\"width: 60.4762%;height: 28px\">\n<div class=\"w-100\">Gy\u00f3gyszertudom\u00e1nyok Doktori Iskola<\/div>\n<\/td>\n<\/tr>\n<tr style=\"height: 28px\">\n<td style=\"width: 39.5238%;height: 28px\"><span style=\"color: #003366\"><strong>Program:<\/strong><\/span><\/td>\n<td style=\"width: 60.4762%;height: 28px\">Az eg\u00e9szs\u00e9g\u00fcgyi technol\u00f3gia\u00e9rt\u00e9kel\u00e9s<\/td>\n<\/tr>\n<tr>\n<td style=\"width: 39.5238%\"><span style=\"color: #003366\"><strong>Programvezet\u0151:\u00a0<\/strong><\/span><\/td>\n<td style=\"width: 60.4762%\">Dr. Kal\u00f3 Zolt\u00e1n<\/td>\n<\/tr>\n<\/tbody>\n<\/table>\n<p>&nbsp;<\/p>\n","protected":false},"excerpt":{"rendered":"<p>Jelentkez\u00e9s <\/p>\n<p>A PhD felv\u00e9telivel kapcsolatos inform\u00e1ci\u00f3k a Semmelweis Doktori Iskola honlapj\u00e1n tal\u00e1lhat\u00f3k meg az al\u00e1bbi linken:\u00a0<a href=\"https:\/\/semmelweis.hu\/phd\/felveteli\/\">https:\/\/semmelweis.hu\/phd\/felveteli\/<\/a><br \/>\nT\u00e9mav\u00e1laszt\u00e1s \u00e9s t\u00e9mavezet\u00e9si inform\u00e1ci\u00f3k\u00e9rt keress\u00e9k a K\u00f6zpont t\u00e9ma szerinti felel\u0151s\u00e9t.<\/p>\n<p>Doktori iskola:<\/p>\n<p>Gy\u00f3gyszertudom\u00e1nyok Doktori Iskola<\/p>\n<p>Program:<br \/>\nAz eg\u00e9szs\u00e9g\u00fcgyi technol\u00f3gia\u00e9rt\u00e9kel\u00e9s<\/p>\n<p>Programvezet\u0151:\u00a0<br \/>\nDr. Kal\u00f3 Zolt\u00e1n<\/p>\n<p>&nbsp;<\/p>\n","protected":false},"author":101743,"featured_media":0,"parent":88,"menu_order":2,"comment_status":"closed","ping_status":"closed","template":"","meta":{"_acf_changed":false,"footnotes":""},"categories":[],"tags":[],"class_list":["post-133","page","type-page","status-publish","hentry"],"acf":[],"_links":{"self":[{"href":"https:\/\/semmelweis.hu\/hta\/wp-json\/wp\/v2\/pages\/133","targetHints":{"allow":["GET"]}}],"collection":[{"href":"https:\/\/semmelweis.hu\/hta\/wp-json\/wp\/v2\/pages"}],"about":[{"href":"https:\/\/semmelweis.hu\/hta\/wp-json\/wp\/v2\/types\/page"}],"author":[{"embeddable":true,"href":"https:\/\/semmelweis.hu\/hta\/wp-json\/wp\/v2\/users\/101743"}],"replies":[{"embeddable":true,"href":"https:\/\/semmelweis.hu\/hta\/wp-json\/wp\/v2\/comments?post=133"}],"version-history":[{"count":10,"href":"https:\/\/semmelweis.hu\/hta\/wp-json\/wp\/v2\/pages\/133\/revisions"}],"predecessor-version":[{"id":812,"href":"https:\/\/semmelweis.hu\/hta\/wp-json\/wp\/v2\/pages\/133\/revisions\/812"}],"up":[{"embeddable":true,"href":"https:\/\/semmelweis.hu\/hta\/wp-json\/wp\/v2\/pages\/88"}],"wp:attachment":[{"href":"https:\/\/semmelweis.hu\/hta\/wp-json\/wp\/v2\/media?parent=133"}],"wp:term":[{"taxonomy":"category","embeddable":true,"href":"https:\/\/semmelweis.hu\/hta\/wp-json\/wp\/v2\/categories?post=133"},{"taxonomy":"post_tag","embeddable":true,"href":"https:\/\/semmelweis.hu\/hta\/wp-json\/wp\/v2\/tags?post=133"}],"curies":[{"name":"wp","href":"https:\/\/api.w.org\/{rel}","templated":true}]}}