{"id":9298,"date":"2019-10-28T22:18:55","date_gmt":"2019-10-28T21:18:55","guid":{"rendered":"http:\/\/semmelweis.hu\/hok\/?page_id=9298"},"modified":"2024-02-06T13:57:53","modified_gmt":"2024-02-06T12:57:53","slug":"szeretnek-bejelenteni-valamit-valakit","status":"publish","type":"page","link":"https:\/\/semmelweis.hu\/hok\/elerhetoseg\/szeretnek-bejelenteni-valamit-valakit\/","title":{"rendered":"Bejelenten\u00e9k valamit\/valakit&#8230;"},"content":{"rendered":"<p>Nem oda ill\u0151 viselked\u00e9s miatti bejelent\u00e9st az al\u00e1bbi fel\u00fcleten lehet tenni bizalmasan (pl. n\u0151ket \u00e9rt zaklat\u00e1s, vall\u00e1si vagy nemi identit\u00e1sukban, szexu\u00e1lis orient\u00e1ci\u00f3jukban megs\u00e9rtett hallgat\u00f3k). A Hallgat\u00f3i \u00d6nkorm\u00e1nyzat munk\u00e1j\u00e1t kritiz\u00e1l\u00f3 v\u00e9lem\u00e9nyeket is sz\u00edvesen fogadunk.<\/p>\n<div class=\"keretes w-100\">\n<p style=\"text-align: center\"><a href=\"https:\/\/forms.office.com\/Pages\/ResponsePage.aspx?id=uJCuuvE5TUOrpmTr1YljV5Wl9oh1GfFPvg4jiWLovedUQlhITk0wUFlBSDdINzJCUVFXRU01WTA3TS4u\" target=\"_blank\" rel=\"noopener\"><span style=\"font-size: 18pt\"><strong>Bejelent\u00e9si rendszer<\/strong><\/span><\/a><\/p>\n<p style=\"text-align: center\"><a href=\"https:\/\/semmelweis.hu\/jogigfoig\/files\/2022\/05\/Etikai_kodex_hataly_2022_V_21.pdf\" target=\"_blank\" rel=\"noopener\">Etikai K\u00f3dex<\/a><\/p>\n<\/div>\n","protected":false},"excerpt":{"rendered":"<p>Nem oda ill\u0151 viselked\u00e9s miatti bejelent\u00e9st az al\u00e1bbi fel\u00fcleten lehet tenni bizalmasan (pl. n\u0151ket \u00e9rt zaklat\u00e1s, vall\u00e1si vagy nemi identit\u00e1sukban, szexu\u00e1lis orient\u00e1ci\u00f3jukban megs\u00e9rtett hallgat\u00f3k). A Hallgat\u00f3i \u00d6nkorm\u00e1nyzat munk\u00e1j\u00e1t kritiz\u00e1l\u00f3 v\u00e9lem\u00e9nyeket is sz\u00edvesen fogadunk.<\/p>\n<p><a href=\"https:\/\/forms.office.com\/Pages\/ResponsePage.aspx?id=uJCuuvE5TUOrpmTr1YljV5Wl9oh1GfFPvg4jiWLovedUQlhITk0wUFlBSDdINzJCUVFXRU01WTA3TS4u\" target=\"_blank\" rel=\"noopener\">Bejelent\u00e9si rendszer<\/a><br \/>\n<a href=\"https:\/\/semmelweis.hu\/jogigfoig\/files\/2022\/05\/Etikai_kodex_hataly_2022_V_21.pdf\" target=\"_blank\" rel=\"noopener\">Etikai K\u00f3dex<\/a><\/p>\n","protected":false},"author":101512,"featured_media":0,"parent":7720,"menu_order":4,"comment_status":"closed","ping_status":"closed","template":"","meta":{"_acf_changed":false,"footnotes":""},"categories":[],"tags":[],"class_list":["post-9298","page","type-page","status-publish","hentry"],"acf":[],"_links":{"self":[{"href":"https:\/\/semmelweis.hu\/hok\/wp-json\/wp\/v2\/pages\/9298","targetHints":{"allow":["GET"]}}],"collection":[{"href":"https:\/\/semmelweis.hu\/hok\/wp-json\/wp\/v2\/pages"}],"about":[{"href":"https:\/\/semmelweis.hu\/hok\/wp-json\/wp\/v2\/types\/page"}],"author":[{"embeddable":true,"href":"https:\/\/semmelweis.hu\/hok\/wp-json\/wp\/v2\/users\/101512"}],"replies":[{"embeddable":true,"href":"https:\/\/semmelweis.hu\/hok\/wp-json\/wp\/v2\/comments?post=9298"}],"version-history":[{"count":11,"href":"https:\/\/semmelweis.hu\/hok\/wp-json\/wp\/v2\/pages\/9298\/revisions"}],"predecessor-version":[{"id":16832,"href":"https:\/\/semmelweis.hu\/hok\/wp-json\/wp\/v2\/pages\/9298\/revisions\/16832"}],"up":[{"embeddable":true,"href":"https:\/\/semmelweis.hu\/hok\/wp-json\/wp\/v2\/pages\/7720"}],"wp:attachment":[{"href":"https:\/\/semmelweis.hu\/hok\/wp-json\/wp\/v2\/media?parent=9298"}],"wp:term":[{"taxonomy":"category","embeddable":true,"href":"https:\/\/semmelweis.hu\/hok\/wp-json\/wp\/v2\/categories?post=9298"},{"taxonomy":"post_tag","embeddable":true,"href":"https:\/\/semmelweis.hu\/hok\/wp-json\/wp\/v2\/tags?post=9298"}],"curies":[{"name":"wp","href":"https:\/\/api.w.org\/{rel}","templated":true}]}}