{"id":8819,"date":"2019-03-13T12:40:09","date_gmt":"2019-03-13T11:40:09","guid":{"rendered":"http:\/\/semmelweis.hu\/hok\/?page_id=8819"},"modified":"2019-03-13T12:41:56","modified_gmt":"2019-03-13T11:41:56","slug":"dormitory-events","status":"publish","type":"page","link":"https:\/\/semmelweis.hu\/hok\/en\/event-info-and-gallery\/dormitory-events\/","title":{"rendered":"Dormitory Events"},"content":{"rendered":"<p style=\"text-align: center\"><b>Here you can find the galleries and information of the events organized by the <span style=\"font-size: 18pt\">Dormitory Commission of the Students&#8217; Union<\/span>:<\/b><\/p>\n<p>&nbsp;<\/p>\n<table style=\"border-collapse: collapse;width: 100%;height: 696px\" border=\"1\">\n<tbody>\n<tr style=\"height: 201px\">\n<td style=\"width: 50%;text-align: center;height: 201px\"><a href=\"https:\/\/semmelweis.hu\/hok\/markusovszky-rendezvenyek\/\"><strong>Markusovszky Lajos Dormitory (Rezs\u0151)<\/strong><\/a><\/td>\n<td style=\"width: 50%;height: 201px;text-align: center\"><a href=\"https:\/\/semmelweis.hu\/kollegiumok\/kollegiumok\/markusovszky-lajos-kollegium\/\"><img loading=\"lazy\" decoding=\"async\" class=\"alignnone size-medium wp-image-7221\" src=\"https:\/\/semmelweis.hu\/hok\/files\/2018\/10\/markusovszky-300x200.jpg\" alt=\"\" width=\"300\" height=\"200\" srcset=\"https:\/\/semmelweis.hu\/hok\/files\/2018\/10\/markusovszky.jpg 300w, https:\/\/semmelweis.hu\/hok\/files\/2018\/10\/markusovszky-203x135.jpg 203w\" sizes=\"auto, (max-width: 300px) 100vw, 300px\" \/><\/a><\/td>\n<\/tr>\n<tr style=\"height: 201px\">\n<td style=\"width: 50%;text-align: center;height: 201px\"><a href=\"https:\/\/www.facebook.com\/groups\/115627835126593\/photos\/?filter=albums\"><strong>Balassa J\u00e1nos Dormitory (T\u00f6m\u0151)<\/strong><\/a><br \/>\n<em>(CLOSED GROUP)<\/em><\/td>\n<td style=\"width: 50%;height: 201px;text-align: center\"><a href=\"https:\/\/semmelweis.hu\/kollegiumok\/kollegiumok\/balassa-janos-kollegium\/\"><img loading=\"lazy\" decoding=\"async\" class=\"alignnone size-medium wp-image-7222\" src=\"https:\/\/semmelweis.hu\/hok\/files\/2018\/10\/balassa-300x200.jpg\" alt=\"\" width=\"300\" height=\"200\" srcset=\"https:\/\/semmelweis.hu\/hok\/files\/2018\/10\/balassa.jpg 300w, https:\/\/semmelweis.hu\/hok\/files\/2018\/10\/balassa-203x135.jpg 203w\" sizes=\"auto, (max-width: 300px) 100vw, 300px\" \/><\/a><\/td>\n<\/tr>\n<tr style=\"height: 201px\">\n<td style=\"width: 50%;text-align: center;height: 201px\"><strong><a href=\"https:\/\/www.facebook.com\/groups\/257395647791785\/events\/\">K\u00e1tai G\u00e1bor Dormitory<\/a><br \/>\n<\/strong><em>(CLOSED GROUP)<\/em><\/td>\n<td style=\"width: 50%;height: 201px;text-align: center\"><a href=\"https:\/\/semmelweis.hu\/kollegiumok\/kollegiumok\/katai-gabor-kollegium\/\"><img loading=\"lazy\" decoding=\"async\" class=\"alignnone size-medium wp-image-7223\" src=\"https:\/\/semmelweis.hu\/hok\/files\/2018\/10\/katai-300x200.jpg\" alt=\"\" width=\"300\" height=\"200\" srcset=\"https:\/\/semmelweis.hu\/hok\/files\/2018\/10\/katai.jpg 300w, https:\/\/semmelweis.hu\/hok\/files\/2018\/10\/katai-203x135.jpg 203w\" sizes=\"auto, (max-width: 300px) 100vw, 300px\" \/><\/a><\/td>\n<\/tr>\n<tr style=\"height: 31px\">\n<td style=\"width: 50%;text-align: center;height: 31px\">\n<p><strong><a href=\"https:\/\/www.facebook.com\/groups\/257395647791785\/events\/\">id. B\u00f3kay J\u00e1nos Dormitory<\/a><br \/>\n<\/strong><em>(CLOSED GROUP)<\/em><\/p>\n<\/td>\n<td style=\"width: 50%;height: 31px;text-align: center\"><a href=\"https:\/\/semmelweis.hu\/kollegiumok\/kollegiumok\/id-bokay-janos-kollegium\/\"><img loading=\"lazy\" decoding=\"async\" class=\"alignnone size-medium wp-image-7224\" src=\"https:\/\/semmelweis.hu\/hok\/files\/2018\/10\/bokay-300x200.png\" alt=\"\" width=\"300\" height=\"200\" srcset=\"https:\/\/semmelweis.hu\/hok\/files\/2018\/10\/bokay.png 300w, https:\/\/semmelweis.hu\/hok\/files\/2018\/10\/bokay-203x135.png 203w\" sizes=\"auto, (max-width: 300px) 100vw, 300px\" \/><\/a><\/td>\n<\/tr>\n<tr style=\"height: 31px\">\n<td style=\"width: 50%;text-align: center;height: 31px\"><strong><a href=\"https:\/\/www.facebook.com\/groups\/mpannikollegium\/events\/\">Pet\u0151 Andr\u00e1s Dormitory<\/a><br \/>\n<\/strong><em>(CLOSED GROUP)<\/em><\/td>\n<td style=\"width: 50%;height: 31px;text-align: center\"><a href=\"https:\/\/semmelweis.hu\/kollegiumok\/kollegiumok\/peto-andras-kollegium\/\"><img loading=\"lazy\" decoding=\"async\" class=\"alignnone size-medium wp-image-7225\" src=\"https:\/\/semmelweis.hu\/hok\/files\/2018\/10\/pet\u0151-300x199.jpg\" alt=\"\" width=\"300\" height=\"199\" srcset=\"https:\/\/semmelweis.hu\/hok\/files\/2018\/10\/pet\u0151.jpg 300w, https:\/\/semmelweis.hu\/hok\/files\/2018\/10\/pet\u0151-203x135.jpg 203w\" sizes=\"auto, (max-width: 300px) 100vw, 300px\" \/><\/a><\/td>\n<\/tr>\n<tr style=\"height: 31px\">\n<td style=\"width: 50%;text-align: center;height: 31px\"><strong><a href=\"https:\/\/www.facebook.com\/groups\/524249751357988\/\">Selye J\u00e1nos Dormitory<\/a><br \/>\n<\/strong><em>(CLOSED GROUP)<\/em><strong><br \/>\n<\/strong><\/td>\n<td style=\"width: 50%;height: 31px;text-align: center\"><a href=\"https:\/\/semmelweis.hu\/kollegiumok\/kollegiumok\/selye-janos-kollegium\/\"><img loading=\"lazy\" decoding=\"async\" class=\"alignnone size-medium wp-image-7226\" src=\"https:\/\/semmelweis.hu\/hok\/files\/2018\/10\/selye-300x200.jpg\" alt=\"\" width=\"300\" height=\"200\" srcset=\"https:\/\/semmelweis.hu\/hok\/files\/2018\/10\/selye.jpg 300w, https:\/\/semmelweis.hu\/hok\/files\/2018\/10\/selye-203x135.jpg 203w\" sizes=\"auto, (max-width: 300px) 100vw, 300px\" \/><\/a><\/td>\n<\/tr>\n<\/tbody>\n<\/table>\n<p style=\"text-align: center\">\u00a0<\/p>\n","protected":false},"excerpt":{"rendered":"<p>Here you can find the galleries and information of the events organized by the Dormitory Commission of the Students&#8217; Union:<br \/>\n&nbsp;<\/p>\n<p><a href=\"https:\/\/semmelweis.hu\/hok\/markusovszky-rendezvenyek\/\">Markusovszky Lajos Dormitory (Rezs\u0151)<\/a><br \/>\n<a href=\"https:\/\/semmelweis.hu\/kollegiumok\/kollegiumok\/markusovszky-lajos-kollegium\/\"><\/a><\/p>\n<p><a href=\"https:\/\/www.facebook.com\/groups\/115627835126593\/photos\/?filter=albums\">Balassa J\u00e1nos Dormitory (T\u00f6m\u0151)<\/a><br \/>\n(CLOSED GROUP)<br \/>\n<a href=\"https:\/\/semmelweis.hu\/kollegiumok\/kollegiumok\/balassa-janos-kollegium\/\"><\/a><\/p>\n<p><a href=\"https:\/\/www.facebook.com\/groups\/257395647791785\/events\/\">K\u00e1tai G\u00e1bor Dormitory<\/a><br \/>\n(CLOSED GROUP)<br \/>\n<a href=\"https:\/\/semmelweis.hu\/kollegiumok\/kollegiumok\/katai-gabor-kollegium\/\"><\/a><\/p>\n<p><a href=\"https:\/\/www.facebook.com\/groups\/257395647791785\/events\/\">id. B\u00f3kay J\u00e1nos Dormitory<\/a><br \/>\n(CLOSED GROUP)<\/p>\n<p><a href=\"https:\/\/semmelweis.hu\/kollegiumok\/kollegiumok\/id-bokay-janos-kollegium\/\"><\/a><\/p>\n<p><a href=\"https:\/\/www.facebook.com\/groups\/mpannikollegium\/events\/\">Pet\u0151 Andr\u00e1s Dormitory<\/a><br \/>\n(CLOSED GROUP)<br \/>\n<a href=\"https:\/\/semmelweis.hu\/kollegiumok\/kollegiumok\/peto-andras-kollegium\/\"><\/a><\/p>\n<p><a href=\"https:\/\/www.facebook.com\/groups\/524249751357988\/\">Selye J\u00e1nos Dormitory<\/a><br \/>\n(CLOSED GROUP)<\/p>\n<p><a href=\"https:\/\/semmelweis.hu\/kollegiumok\/kollegiumok\/selye-janos-kollegium\/\"><\/a><\/p>\n<p>\u00a0<\/p>\n","protected":false},"author":101158,"featured_media":0,"parent":8100,"menu_order":23,"comment_status":"closed","ping_status":"closed","template":"","meta":{"_acf_changed":false,"footnotes":""},"categories":[],"tags":[],"class_list":["post-8819","page","type-page","status-publish","hentry"],"acf":[],"_links":{"self":[{"href":"https:\/\/semmelweis.hu\/hok\/wp-json\/wp\/v2\/pages\/8819","targetHints":{"allow":["GET"]}}],"collection":[{"href":"https:\/\/semmelweis.hu\/hok\/wp-json\/wp\/v2\/pages"}],"about":[{"href":"https:\/\/semmelweis.hu\/hok\/wp-json\/wp\/v2\/types\/page"}],"author":[{"embeddable":true,"href":"https:\/\/semmelweis.hu\/hok\/wp-json\/wp\/v2\/users\/101158"}],"replies":[{"embeddable":true,"href":"https:\/\/semmelweis.hu\/hok\/wp-json\/wp\/v2\/comments?post=8819"}],"version-history":[{"count":3,"href":"https:\/\/semmelweis.hu\/hok\/wp-json\/wp\/v2\/pages\/8819\/revisions"}],"predecessor-version":[{"id":8822,"href":"https:\/\/semmelweis.hu\/hok\/wp-json\/wp\/v2\/pages\/8819\/revisions\/8822"}],"up":[{"embeddable":true,"href":"https:\/\/semmelweis.hu\/hok\/wp-json\/wp\/v2\/pages\/8100"}],"wp:attachment":[{"href":"https:\/\/semmelweis.hu\/hok\/wp-json\/wp\/v2\/media?parent=8819"}],"wp:term":[{"taxonomy":"category","embeddable":true,"href":"https:\/\/semmelweis.hu\/hok\/wp-json\/wp\/v2\/categories?post=8819"},{"taxonomy":"post_tag","embeddable":true,"href":"https:\/\/semmelweis.hu\/hok\/wp-json\/wp\/v2\/tags?post=8819"}],"curies":[{"name":"wp","href":"https:\/\/api.w.org\/{rel}","templated":true}]}}