{"id":8578,"date":"2019-03-07T12:27:23","date_gmt":"2019-03-07T11:27:23","guid":{"rendered":"http:\/\/semmelweis.hu\/hok\/?page_id=8578"},"modified":"2019-03-07T12:27:23","modified_gmt":"2019-03-07T11:27:23","slug":"climb-the-bird","status":"publish","type":"page","link":"https:\/\/semmelweis.hu\/hok\/en\/event-info-and-gallery\/climb-the-bird\/","title":{"rendered":"Climb the Bird"},"content":{"rendered":"<p style=\"text-align: center\">\u00a0<\/p>\n<p style=\"text-align: center\"><strong>Climbing the Bird is an old tradition of the medical students of the Semmelweis University. The students climb the so called &#8222;Bird&#8221; statue in the front of the Nagyv\u00e1rad t\u00e9ri Elm\u00e9leti T\u00f6mb (NET) every year. But before doing that they have to walk from the Corvin square towards the Nagyv\u00e1rad t\u00e9r and stop by every pub in their way and have a drink. This tradition represents that the students have successfully finished the first two academic years. You have to climb the statue on the steep\/hard side of it if you had got the best possible grades for all your second year exams.<\/strong><\/p>\n<p>&nbsp;<\/p>\n<p><a href=\"https:\/\/semmelweis.hu\/hok\/files\/2019\/03\/madarmaszas2015.jpg\"><img loading=\"lazy\" decoding=\"async\" class=\"aligncenter size-full wp-image-8572\" src=\"https:\/\/semmelweis.hu\/hok\/files\/2019\/03\/madarmaszas2015.jpg\" alt=\"\" width=\"851\" height=\"315\" \/><\/a><\/p>\n<p style=\"text-align: center\"><a href=\"https:\/\/www.facebook.com\/pg\/SMMLWSParties\/photos\/?tab=album&amp;album_id=1796158063778587\"><strong>Climb the Bird 2015<\/strong><\/a><\/p>\n<p><a href=\"https:\/\/semmelweis.hu\/hok\/files\/2019\/03\/madarmaszas2016.jpg\"><img loading=\"lazy\" decoding=\"async\" class=\"aligncenter size-full wp-image-8573\" src=\"https:\/\/semmelweis.hu\/hok\/files\/2019\/03\/madarmaszas2016.jpg\" alt=\"\" width=\"1200\" height=\"444\" \/><\/a><\/p>\n<p style=\"text-align: center\"><a href=\"https:\/\/www.facebook.com\/pg\/SMMLWSParties\/photos\/?tab=album&amp;album_id=1796160493778344\"><strong>Climb the Bird 2016<\/strong><\/a><\/p>\n<p><a href=\"https:\/\/semmelweis.hu\/hok\/files\/2019\/03\/madarmaszas2017.jpg\"><img loading=\"lazy\" decoding=\"async\" class=\"aligncenter size-full wp-image-8574\" src=\"https:\/\/semmelweis.hu\/hok\/files\/2019\/03\/madarmaszas2017.jpg\" alt=\"\" width=\"960\" height=\"421\" \/><\/a><\/p>\n<p style=\"text-align: center\"><a href=\"https:\/\/www.facebook.com\/pg\/SMMLWSParties\/photos\/?tab=album&amp;album_id=1796168187110908\"><strong>Climb the Bird 2017<\/strong><\/a><\/p>\n<p><a href=\"https:\/\/semmelweis.hu\/hok\/files\/2019\/03\/madarmaszas2018.jpg\"><img loading=\"lazy\" decoding=\"async\" class=\"aligncenter size-full wp-image-8575\" src=\"https:\/\/semmelweis.hu\/hok\/files\/2019\/03\/madarmaszas2018.jpg\" alt=\"\" width=\"1640\" height=\"859\" \/><\/a><\/p>\n<p style=\"text-align: center\"><a href=\"https:\/\/www.facebook.com\/pg\/SMMLWSParties\/photos\/?tab=album&amp;album_id=2075920879135636\"><strong>Climb the Bird 2018<\/strong><\/a><\/p>\n","protected":false},"excerpt":{"rendered":"<p>\u00a0 Climbing the Bird is an old tradition of the medical students of the Semmelweis University. The students climb the so called &#8222;Bird&#8221; statue in the front of the Nagyv\u00e1rad t\u00e9ri Elm\u00e9leti T\u00f6mb (NET) every year. But before doing that they have to walk from the Corvin square towards the Nagyv\u00e1rad t\u00e9r and stop by &hellip;<\/p>\n","protected":false},"author":101158,"featured_media":0,"parent":8100,"menu_order":4,"comment_status":"closed","ping_status":"closed","template":"","meta":{"_acf_changed":false,"footnotes":""},"categories":[],"tags":[],"class_list":["post-8578","page","type-page","status-publish","hentry"],"acf":[],"_links":{"self":[{"href":"https:\/\/semmelweis.hu\/hok\/wp-json\/wp\/v2\/pages\/8578","targetHints":{"allow":["GET"]}}],"collection":[{"href":"https:\/\/semmelweis.hu\/hok\/wp-json\/wp\/v2\/pages"}],"about":[{"href":"https:\/\/semmelweis.hu\/hok\/wp-json\/wp\/v2\/types\/page"}],"author":[{"embeddable":true,"href":"https:\/\/semmelweis.hu\/hok\/wp-json\/wp\/v2\/users\/101158"}],"replies":[{"embeddable":true,"href":"https:\/\/semmelweis.hu\/hok\/wp-json\/wp\/v2\/comments?post=8578"}],"version-history":[{"count":1,"href":"https:\/\/semmelweis.hu\/hok\/wp-json\/wp\/v2\/pages\/8578\/revisions"}],"predecessor-version":[{"id":8579,"href":"https:\/\/semmelweis.hu\/hok\/wp-json\/wp\/v2\/pages\/8578\/revisions\/8579"}],"up":[{"embeddable":true,"href":"https:\/\/semmelweis.hu\/hok\/wp-json\/wp\/v2\/pages\/8100"}],"wp:attachment":[{"href":"https:\/\/semmelweis.hu\/hok\/wp-json\/wp\/v2\/media?parent=8578"}],"wp:term":[{"taxonomy":"category","embeddable":true,"href":"https:\/\/semmelweis.hu\/hok\/wp-json\/wp\/v2\/categories?post=8578"},{"taxonomy":"post_tag","embeddable":true,"href":"https:\/\/semmelweis.hu\/hok\/wp-json\/wp\/v2\/tags?post=8578"}],"curies":[{"name":"wp","href":"https:\/\/api.w.org\/{rel}","templated":true}]}}