{"id":62,"date":"2016-10-11T22:02:53","date_gmt":"2016-10-11T20:02:53","guid":{"rendered":"http:\/\/semmelweis.hu\/hok\/?page_id=62"},"modified":"2024-02-27T23:03:28","modified_gmt":"2024-02-27T22:03:28","slug":"kerelmek","status":"publish","type":"page","link":"https:\/\/semmelweis.hu\/hok\/hasznos\/kerelmek\/","title":{"rendered":"K\u00e9relmek"},"content":{"rendered":"<h3><img loading=\"lazy\" decoding=\"async\" class=\"size-medium wp-image-16247 alignleft\" src=\"https:\/\/semmelweis.hu\/hok\/files\/2023\/11\/A\u0301OK_csempe-300x200.png\" alt=\"\" width=\"300\" height=\"200\" srcset=\"https:\/\/semmelweis.hu\/hok\/files\/2023\/11\/A\u0301OK_csempe-300x200.png 300w, https:\/\/semmelweis.hu\/hok\/files\/2023\/11\/A\u0301OK_csempe-768x512.png 768w, https:\/\/semmelweis.hu\/hok\/files\/2023\/11\/A\u0301OK_csempe-753x502.png 753w, https:\/\/semmelweis.hu\/hok\/files\/2023\/11\/A\u0301OK_csempe-203x135.png 203w, https:\/\/semmelweis.hu\/hok\/files\/2023\/11\/A\u0301OK_csempe.png 950w\" sizes=\"auto, (max-width: 300px) 100vw, 300px\" \/><a href=\"https:\/\/semmelweis.hu\/aok\/oktatas\/letoltheto-dokumentumok-hallgatoknak\/\" target=\"_blank\" rel=\"noopener\">\u00c1OK<\/a><\/h3>\n<hr \/>\n<h3><img loading=\"lazy\" decoding=\"async\" class=\"size-medium wp-image-16248 alignleft\" src=\"https:\/\/semmelweis.hu\/hok\/files\/2023\/11\/FOK_csempe-300x200.png\" alt=\"\" width=\"300\" height=\"200\" srcset=\"https:\/\/semmelweis.hu\/hok\/files\/2023\/11\/FOK_csempe-300x200.png 300w, https:\/\/semmelweis.hu\/hok\/files\/2023\/11\/FOK_csempe-768x512.png 768w, https:\/\/semmelweis.hu\/hok\/files\/2023\/11\/FOK_csempe-753x502.png 753w, https:\/\/semmelweis.hu\/hok\/files\/2023\/11\/FOK_csempe-203x135.png 203w, https:\/\/semmelweis.hu\/hok\/files\/2023\/11\/FOK_csempe.png 950w\" sizes=\"auto, (max-width: 300px) 100vw, 300px\" \/><a href=\"https:\/\/semmelweis.hu\/fok-tvb\/tanulmanyi-ugyek\/\" target=\"_blank\" rel=\"noopener\">FOK<\/a><\/h3>\n<hr \/>\n<h3><img loading=\"lazy\" decoding=\"async\" class=\"size-medium wp-image-16248 alignleft\" src=\"https:\/\/semmelweis.hu\/hok\/files\/2023\/11\/GYTK_csempe-300x200.png\" alt=\"\" width=\"300\" height=\"200\" \/><a href=\"https:\/\/semmelweis.hu\/gytk\/oktatas\/letoltheto-nyomtatvanyok\/\" target=\"_blank\" rel=\"noopener\">GYTK<\/a><\/h3>\n<hr \/>\n<h3><a href=\"https:\/\/semmelweis.hu\/etk\/nyomtatvanyok\/\" target=\"_blank\" rel=\"noopener\">ETK<\/a><img loading=\"lazy\" decoding=\"async\" class=\"size-medium wp-image-16248 alignleft\" src=\"https:\/\/semmelweis.hu\/hok\/files\/2023\/11\/ETK_csempe-300x200.png\" alt=\"\" width=\"300\" height=\"200\" \/><\/h3>\n<hr \/>\n<h3><img loading=\"lazy\" decoding=\"async\" class=\"size-medium wp-image-16248 alignleft\" src=\"https:\/\/semmelweis.hu\/hok\/files\/2023\/11\/EKK_csempe-300x200.png\" alt=\"\" width=\"300\" height=\"200\" \/><span style=\"font-size: 14pt\"><span style=\"color: #00ffff\"><a href=\"https:\/\/semmelweis.hu\/dei\/ugyintezes\/\" target=\"_blank\" rel=\"noopener\">Digit\u00e1lis Eg\u00e9szs\u00e9gtudom\u00e1nyi Int\u00e9zet<\/a><\/span><\/span><\/h3>\n<h3><span style=\"font-size: 14pt\"><a href=\"http:\/\/mental.semmelweis.hu\/hu\/formanyomtatvanyok\/kerelmek\" target=\"_blank\" rel=\"noopener\">Ment\u00e1lhigi\u00e9n\u00e9 Int\u00e9zet<\/a><\/span><\/h3>\n<hr \/>\n<h3><img loading=\"lazy\" decoding=\"async\" class=\"size-medium wp-image-16248 alignleft\" src=\"https:\/\/semmelweis.hu\/hok\/files\/2023\/11\/PAK_csempe-300x200.png\" alt=\"\" width=\"300\" height=\"200\" \/><a href=\"https:\/\/semmelweis.hu\/pak\/hallgatoknak\/letoltheto-dokumentumok\/\" target=\"_blank\" rel=\"noopener\">PAK<\/a><\/h3>\n","protected":false},"excerpt":{"rendered":"<p><a href=\"https:\/\/semmelweis.hu\/aok\/oktatas\/letoltheto-dokumentumok-hallgatoknak\/\" target=\"_blank\" rel=\"noopener\">\u00c1OK<\/a><\/p>\n<p><a href=\"https:\/\/semmelweis.hu\/fok-tvb\/tanulmanyi-ugyek\/\" target=\"_blank\" rel=\"noopener\">FOK<\/a><\/p>\n<p><a href=\"https:\/\/semmelweis.hu\/gytk\/oktatas\/letoltheto-nyomtatvanyok\/\" target=\"_blank\" rel=\"noopener\">GYTK<\/a><\/p>\n<p><a href=\"https:\/\/semmelweis.hu\/etk\/nyomtatvanyok\/\" target=\"_blank\" rel=\"noopener\">ETK<\/a><\/p>\n<p><a href=\"https:\/\/semmelweis.hu\/dei\/ugyintezes\/\" target=\"_blank\" rel=\"noopener\">Digit\u00e1lis Eg\u00e9szs\u00e9gtudom\u00e1nyi Int\u00e9zet<\/a><br \/>\n<a href=\"http:\/\/mental.semmelweis.hu\/hu\/formanyomtatvanyok\/kerelmek\" target=\"_blank\" rel=\"noopener\">Ment\u00e1lhigi\u00e9n\u00e9 Int\u00e9zet<\/a><\/p>\n<p><a href=\"https:\/\/semmelweis.hu\/pak\/hallgatoknak\/letoltheto-dokumentumok\/\" target=\"_blank\" rel=\"noopener\">PAK<\/a><\/p>\n","protected":false},"author":101156,"featured_media":0,"parent":28,"menu_order":3,"comment_status":"closed","ping_status":"closed","template":"","meta":{"_acf_changed":false,"footnotes":""},"categories":[],"tags":[],"class_list":["post-62","page","type-page","status-publish","hentry"],"acf":[],"_links":{"self":[{"href":"https:\/\/semmelweis.hu\/hok\/wp-json\/wp\/v2\/pages\/62","targetHints":{"allow":["GET"]}}],"collection":[{"href":"https:\/\/semmelweis.hu\/hok\/wp-json\/wp\/v2\/pages"}],"about":[{"href":"https:\/\/semmelweis.hu\/hok\/wp-json\/wp\/v2\/types\/page"}],"author":[{"embeddable":true,"href":"https:\/\/semmelweis.hu\/hok\/wp-json\/wp\/v2\/users\/101156"}],"replies":[{"embeddable":true,"href":"https:\/\/semmelweis.hu\/hok\/wp-json\/wp\/v2\/comments?post=62"}],"version-history":[{"count":13,"href":"https:\/\/semmelweis.hu\/hok\/wp-json\/wp\/v2\/pages\/62\/revisions"}],"predecessor-version":[{"id":16982,"href":"https:\/\/semmelweis.hu\/hok\/wp-json\/wp\/v2\/pages\/62\/revisions\/16982"}],"up":[{"embeddable":true,"href":"https:\/\/semmelweis.hu\/hok\/wp-json\/wp\/v2\/pages\/28"}],"wp:attachment":[{"href":"https:\/\/semmelweis.hu\/hok\/wp-json\/wp\/v2\/media?parent=62"}],"wp:term":[{"taxonomy":"category","embeddable":true,"href":"https:\/\/semmelweis.hu\/hok\/wp-json\/wp\/v2\/categories?post=62"},{"taxonomy":"post_tag","embeddable":true,"href":"https:\/\/semmelweis.hu\/hok\/wp-json\/wp\/v2\/tags?post=62"}],"curies":[{"name":"wp","href":"https:\/\/api.w.org\/{rel}","templated":true}]}}