{"id":18553,"date":"2025-07-16T12:58:14","date_gmt":"2025-07-16T10:58:14","guid":{"rendered":"https:\/\/semmelweis.hu\/hok\/?page_id=18553"},"modified":"2025-07-16T13:00:58","modified_gmt":"2025-07-16T11:00:58","slug":"osztondijprogram-felhivas","status":"publish","type":"page","link":"https:\/\/semmelweis.hu\/hok\/palyazatok\/osztondijprogram-felhivas\/","title":{"rendered":"\u00d6szt\u00f6nd\u00edjprogram felh\u00edv\u00e1s"},"content":{"rendered":"<p><span style=\"font-weight: 400\">A Mahidol Egyetem (Bangkok) \u00e9s a Semmelweis Egyetem hallgat\u00f3i csereprogramot ind\u00edt, mely lehet\u0151s\u00e9get biztos\u00edt klinikai gyakorlatra <\/span><span style=\"font-weight: 400\">k\u00e9t v\u00e9gz\u0151s (5. vagy 6. \u00e9ves) hallgat\u00f3 sz\u00e1m\u00e1ra<\/span><\/p>\n<ol start=\"2026\">\n<li><span style=\"font-weight: 400\"> m\u00e1rcius 2. \u2013 m\u00e1rcius 28. k\u00f6z\u00f6tt. A p\u00e1ly\u00e1zat nyertesei lehet\u0151s\u00e9get kapnak a Pann\u00f3nia \u00d6szt\u00f6nd\u00edjra val\u00f3 p\u00e1ly\u00e1z\u00e1sra, amely erre az id\u0151szakra 465.000 forint t\u00e1mogat\u00e1st biztos\u00edt.\u00a0<\/span><\/li>\n<\/ol>\n<p><span style=\"font-weight: 400\">K\u00f6lts\u00e9gek, amit az \u00e9rintett hallgat\u00f3knak kell fedezni:<\/span><\/p>\n<ul>\n<li style=\"font-weight: 400\"><span style=\"font-weight: 400\">Ret\u00far rep\u00fcl\u0151jegy<\/span><\/li>\n<li style=\"font-weight: 400\"><span style=\"font-weight: 400\">Eg\u00e9szs\u00e9gbiztos\u00edt\u00e1s<\/span><\/li>\n<li style=\"font-weight: 400\"><span style=\"font-weight: 400\">Szem\u00e9lyes utasbiztos\u00edt\u00e1s<\/span><\/li>\n<li style=\"font-weight: 400\"><span style=\"font-weight: 400\">Felel\u0151ss\u00e9gbiztos\u00edt\u00e1s (orvosi)<\/span><\/li>\n<li style=\"font-weight: 400\"><span style=\"font-weight: 400\">Meg\u00e9lhet\u00e9si \u00e9s szem\u00e9lyes kiad\u00e1sok (\u00e9tkez\u00e9s, k\u00f6nyvek, utaz\u00e1s, ruh\u00e1zat stb.)<\/span><\/li>\n<li style=\"font-weight: 400\"><span style=\"font-weight: 400\">V\u00edzum k\u00f6lts\u00e9ge<\/span><\/li>\n<li style=\"font-weight: 400\"><span style=\"font-weight: 400\">\u00c1ltal\u00e1nos orvosi vizsg\u00e1lat \u00e9s sz\u00fcks\u00e9ges v\u00e9d\u0151olt\u00e1sok k\u00f6lts\u00e9gei<\/span><\/li>\n<\/ul>\n<p><span style=\"font-weight: 400\">Mindezek c\u00e9lja, hogy a hallgat\u00f3k k\u00f3rh\u00e1zi k\u00f6rnyezetben szerezzenek klinikai tapasztalatot.\u00a0<\/span><\/p>\n<p><span style=\"font-weight: 400\">P\u00e1ly\u00e1zati felt\u00e9telek (minden dokumentumot angol nyelven kell beny\u00fajtani):\u00a0<\/span><\/p>\n<ul>\n<li style=\"font-weight: 400\"><span style=\"font-weight: 400\">Kit\u00f6lt\u00f6tt jelentkez\u00e9si lap<\/span><\/li>\n<li style=\"font-weight: 400\"><span style=\"font-weight: 400\">Motiv\u00e1ci\u00f3s lev\u00e9l<\/span><\/li>\n<li style=\"font-weight: 400\"><span style=\"font-weight: 400\">\u00d6n\u00e9letrajz<\/span><\/li>\n<li style=\"font-weight: 400\"><span style=\"font-weight: 400\">Angol nyelv\u0171 kreditigazol\u00e1s az 1. tan\u00e9vt\u0151l kezd\u0151d\u0151en, valamint hallgat\u00f3i jogviszony-igazol\u00e1s<\/span><\/li>\n<\/ul>\n<p><span style=\"font-weight: 400\">Jelentkez\u00e9si lap az al\u00e1bbi linkr\u0151l let\u00f6lthet\u0151:\u00a0<\/span><\/p>\n<p><span style=\"font-weight: 400\">https:\/\/semmelweis.hu\/nki\/files\/2024\/01\/palyazati_adatlap_2024_EN.docx<\/span><\/p>\n<p><span style=\"font-weight: 400\">A kiv\u00e1lasztott jel\u00f6ltek angol nyelv\u0171 sz\u00f3beli meghallgat\u00e1son vesznek r\u00e9szt, melynek id\u0151pontj\u00e1r\u00f3l e-mailben \u00e9rtes\u00edt\u00e9st kapnak.<\/span><\/p>\n<p><span style=\"font-weight: 400\">Jelentkez\u00e9si hat\u00e1rid\u0151: <strong>2025. szeptember 15.<\/strong><\/span><\/p>\n<p><span style=\"font-weight: 400\">A jelentkez\u00e9seket e-mailben lehet elk\u00fcldeni a k\u00f6vetkez\u0151 c\u00edmre: bolgar.andrea@semmelweis.hu<\/span><span style=\"font-weight: 400\"><br \/>\n<\/span><span style=\"font-weight: 400\"> Tov\u00e1bbi inform\u00e1ci\u00f3\u00e9rt k\u00e9rj\u00fck, forduljanak Bolg\u00e1rn\u00e9 Menyh\u00e1rt Andrea-hoz a k\u00f6vetkez\u0151 telefonsz\u00e1mon: +36 20 825 0453<\/span><\/p>\n","protected":false},"excerpt":{"rendered":"<p>A Mahidol Egyetem (Bangkok) \u00e9s a Semmelweis Egyetem hallgat\u00f3i csereprogramot ind\u00edt, mely lehet\u0151s\u00e9get biztos\u00edt klinikai gyakorlatra k\u00e9t v\u00e9gz\u0151s (5. vagy 6. \u00e9ves) hallgat\u00f3 sz\u00e1m\u00e1ra m\u00e1rcius 2. \u2013 m\u00e1rcius 28. k\u00f6z\u00f6tt. A p\u00e1ly\u00e1zat nyertesei lehet\u0151s\u00e9get kapnak a Pann\u00f3nia \u00d6szt\u00f6nd\u00edjra val\u00f3 p\u00e1ly\u00e1z\u00e1sra, amely erre az id\u0151szakra 465.000 forint t\u00e1mogat\u00e1st biztos\u00edt.\u00a0 K\u00f6lts\u00e9gek, amit az \u00e9rintett hallgat\u00f3knak kell fedezni: &hellip;<\/p>\n","protected":false},"author":102340,"featured_media":0,"parent":12323,"menu_order":0,"comment_status":"closed","ping_status":"closed","template":"","meta":{"_acf_changed":false,"footnotes":""},"categories":[],"tags":[584],"class_list":["post-18553","page","type-page","status-publish","hentry","tag-palyod"],"acf":[],"_links":{"self":[{"href":"https:\/\/semmelweis.hu\/hok\/wp-json\/wp\/v2\/pages\/18553","targetHints":{"allow":["GET"]}}],"collection":[{"href":"https:\/\/semmelweis.hu\/hok\/wp-json\/wp\/v2\/pages"}],"about":[{"href":"https:\/\/semmelweis.hu\/hok\/wp-json\/wp\/v2\/types\/page"}],"author":[{"embeddable":true,"href":"https:\/\/semmelweis.hu\/hok\/wp-json\/wp\/v2\/users\/102340"}],"replies":[{"embeddable":true,"href":"https:\/\/semmelweis.hu\/hok\/wp-json\/wp\/v2\/comments?post=18553"}],"version-history":[{"count":1,"href":"https:\/\/semmelweis.hu\/hok\/wp-json\/wp\/v2\/pages\/18553\/revisions"}],"predecessor-version":[{"id":18554,"href":"https:\/\/semmelweis.hu\/hok\/wp-json\/wp\/v2\/pages\/18553\/revisions\/18554"}],"up":[{"embeddable":true,"href":"https:\/\/semmelweis.hu\/hok\/wp-json\/wp\/v2\/pages\/12323"}],"wp:attachment":[{"href":"https:\/\/semmelweis.hu\/hok\/wp-json\/wp\/v2\/media?parent=18553"}],"wp:term":[{"taxonomy":"category","embeddable":true,"href":"https:\/\/semmelweis.hu\/hok\/wp-json\/wp\/v2\/categories?post=18553"},{"taxonomy":"post_tag","embeddable":true,"href":"https:\/\/semmelweis.hu\/hok\/wp-json\/wp\/v2\/tags?post=18553"}],"curies":[{"name":"wp","href":"https:\/\/api.w.org\/{rel}","templated":true}]}}