{"id":16949,"date":"2024-02-25T23:48:55","date_gmt":"2024-02-25T22:48:55","guid":{"rendered":"https:\/\/semmelweis.hu\/hok\/?page_id=16949"},"modified":"2024-02-26T00:22:21","modified_gmt":"2024-02-25T23:22:21","slug":"a-szaknyelvi-intezet-tanfolyamai-kepzesei","status":"publish","type":"page","link":"https:\/\/semmelweis.hu\/hok\/hirdetesek\/a-szaknyelvi-intezet-tanfolyamai-kepzesei\/","title":{"rendered":"A Szaknyelvi Int\u00e9zet tanfolyamai, k\u00e9pz\u00e9sei"},"content":{"rendered":"","protected":false},"excerpt":{"rendered":"","protected":false},"author":102121,"featured_media":0,"parent":10261,"menu_order":1,"comment_status":"closed","ping_status":"closed","template":"","meta":{"_acf_changed":false,"footnotes":""},"categories":[],"tags":[],"class_list":["post-16949","page","type-page","status-publish","hentry"],"acf":[],"_links":{"self":[{"href":"https:\/\/semmelweis.hu\/hok\/wp-json\/wp\/v2\/pages\/16949","targetHints":{"allow":["GET"]}}],"collection":[{"href":"https:\/\/semmelweis.hu\/hok\/wp-json\/wp\/v2\/pages"}],"about":[{"href":"https:\/\/semmelweis.hu\/hok\/wp-json\/wp\/v2\/types\/page"}],"author":[{"embeddable":true,"href":"https:\/\/semmelweis.hu\/hok\/wp-json\/wp\/v2\/users\/102121"}],"replies":[{"embeddable":true,"href":"https:\/\/semmelweis.hu\/hok\/wp-json\/wp\/v2\/comments?post=16949"}],"version-history":[{"count":8,"href":"https:\/\/semmelweis.hu\/hok\/wp-json\/wp\/v2\/pages\/16949\/revisions"}],"predecessor-version":[{"id":16957,"href":"https:\/\/semmelweis.hu\/hok\/wp-json\/wp\/v2\/pages\/16949\/revisions\/16957"}],"up":[{"embeddable":true,"href":"https:\/\/semmelweis.hu\/hok\/wp-json\/wp\/v2\/pages\/10261"}],"wp:attachment":[{"href":"https:\/\/semmelweis.hu\/hok\/wp-json\/wp\/v2\/media?parent=16949"}],"wp:term":[{"taxonomy":"category","embeddable":true,"href":"https:\/\/semmelweis.hu\/hok\/wp-json\/wp\/v2\/categories?post=16949"},{"taxonomy":"post_tag","embeddable":true,"href":"https:\/\/semmelweis.hu\/hok\/wp-json\/wp\/v2\/tags?post=16949"}],"curies":[{"name":"wp","href":"https:\/\/api.w.org\/{rel}","templated":true}]}}