{"id":14083,"date":"2022-10-28T17:54:27","date_gmt":"2022-10-28T15:54:27","guid":{"rendered":"https:\/\/semmelweis.hu\/hok\/?page_id=14083"},"modified":"2024-02-26T00:23:35","modified_gmt":"2024-02-25T23:23:35","slug":"tdk-lehetosegek","status":"publish","type":"page","link":"https:\/\/semmelweis.hu\/hok\/hirdetesek\/tdk-lehetosegek\/","title":{"rendered":"TDK lehet\u0151s\u00e9gek"},"content":{"rendered":"<div class=\"responsive-tabs\">\n<h2 class=\"tabtitle\">TDK lehet\u0151s\u00e9gek<\/h2>\n<div class=\"tabcontent\">\n\n\n\n<\/div><h2 class=\"tabtitle\">TDK munka meghirdet\u00e9se<\/h2>\n<div class=\"tabcontent\">\n\n<p style=\"text-align: center\"><span style=\"font-size: 12pt\">Angol nyelven <a href=\"https:\/\/semmelweis.hu\/hok\/en\/job-portal\/tdk-opportunities\/\">itt<\/a> tud bek\u00fcldeni.<\/span><\/p>\n\n<div class=\"wpcf7 no-js\" id=\"wpcf7-f14079-o1\" lang=\"hu-HU\" dir=\"ltr\" data-wpcf7-id=\"14079\">\n<div class=\"screen-reader-response\"><p role=\"status\" aria-live=\"polite\" aria-atomic=\"true\"><\/p> <ul><\/ul><\/div>\n<form action=\"\/hok\/wp-json\/wp\/v2\/pages\/14083#wpcf7-f14079-o1\" method=\"post\" class=\"wpcf7-form init\" aria-label=\"Kapcsolatfelv\u00e9teli \u0171rlap\" novalidate=\"novalidate\" data-status=\"init\">\n<div style=\"display: none;\">\n<input type=\"hidden\" name=\"_wpcf7\" value=\"14079\" \/>\n<input type=\"hidden\" name=\"_wpcf7_version\" value=\"6.0.5\" \/>\n<input type=\"hidden\" name=\"_wpcf7_locale\" value=\"hu_HU\" \/>\n<input type=\"hidden\" name=\"_wpcf7_unit_tag\" value=\"wpcf7-f14079-o1\" \/>\n<input type=\"hidden\" name=\"_wpcf7_container_post\" value=\"0\" \/>\n<input type=\"hidden\" name=\"_wpcf7_posted_data_hash\" value=\"\" \/>\n<input type=\"hidden\" name=\"_wpcf7_recaptcha_response\" value=\"\" \/>\n<\/div>\n<p><label> Ennek az \u0171rlapnak a c\u00e9lja, hogy seg\u00edtse \u00f6sszekapcsolni a TDK-t hirdet\u0151 t\u00e9mavezet\u0151ket j\u00f6v\u0151beli TDK hallgat\u00f3ikkal.<br \/>\nSzeretn\u00e9nk seg\u00edteni abban, hogy mindenki megtal\u00e1lja a sz\u00e1m\u00e1ra legmegfelel\u0151bb seg\u00edts\u00e9get \u00e9s t\u00e9m\u00e1t, egyar\u00e1nt kedvezve ezzel az int\u00e9zeteknek, \u00e9s p\u00e1ly\u00e1juk, hivat\u00e1suk elej\u00e9n \u00e1ll\u00f3 hallgat\u00f3knak. K\u00e9rj\u00fck, seg\u00edtse \u00d6n is kezdem\u00e9nyez\u00e9s\u00fcnket azzal, hogy min\u00e9l alaposabban, \u00e1tgondoltabban adja meg v\u00e1laszait a k\u00e9rd\u00e9sekre. Ezek alapj\u00e1n az inform\u00e1ci\u00f3k alapj\u00e1n a leend\u0151 TDK hallgat\u00f3k k\u00e9pet kapnak a lehets\u00e9ges feladatokr\u00f3l, munkafolyamatokr\u00f3l, ezzel k\u00f6nny\u00edtve meg sz\u00e1mukra is az inform\u00e1l\u00f3d\u00e1st \u00e9s jelentkez\u00e9st.<br \/>\nA be\u00e9rkezett hirdet\u00e9seket v\u00e1ltoztat\u00e1s n\u00e9lk\u00fcl tessz\u00fck k\u00f6zz\u00e9.<br \/>\nJelenlegi, \u00e9s j\u00f6v\u0151ben indul\u00f3 kutat\u00e1saihoz egyar\u00e1nt sok sikert \u00e9s lelkes jelentkez\u0151ket k\u00edv\u00e1nunk! <\/label>\n<\/p>\n<p><label> T\u00e9mavezet\u0151 neve:<br \/>\n<span class=\"wpcf7-form-control-wrap\" data-name=\"temveznev\"><input size=\"40\" maxlength=\"400\" class=\"wpcf7-form-control wpcf7-text wpcf7-validates-as-required\" aria-required=\"true\" aria-invalid=\"false\" value=\"\" type=\"text\" name=\"temveznev\" \/><\/span> <\/label>\n<\/p>\n<p><label> T\u00e9mavezet\u0151 fokozata:<br \/>\n<span class=\"wpcf7-form-control-wrap\" data-name=\"temvezfok\"><select class=\"wpcf7-form-control wpcf7-select\" aria-invalid=\"false\" name=\"temvezfok\"><option value=\"\">&#8212; K\u00e9rj\u00fck, v\u00e1lasszon egy opci\u00f3t &#8212;<\/option><option value=\"egyetemi adjunktus\">egyetemi adjunktus<\/option><option value=\"egyetemi docens\">egyetemi docens<\/option><option value=\"egyetemi tan\u00e1r\">egyetemi tan\u00e1r<\/option><option value=\"egyetemi tan\u00e1rseg\u00e9d\">egyetemi tan\u00e1rseg\u00e9d<\/option><option value=\"mesteroktat\u00f3\">mesteroktat\u00f3<\/option><option value=\"PhD-hallgat\u00f3\">PhD-hallgat\u00f3<\/option><option value=\"tudom\u00e1nyos f\u0151munkat\u00e1rs\">tudom\u00e1nyos f\u0151munkat\u00e1rs<\/option><option value=\"tudom\u00e1nyos munkat\u00e1rs\">tudom\u00e1nyos munkat\u00e1rs<\/option><\/select><\/span> <\/label><br \/>\n<span class=\"wpcf7-form-control-wrap\" data-name=\"temvezfokegyeb\"><input size=\"40\" maxlength=\"400\" class=\"wpcf7-form-control wpcf7-text\" aria-invalid=\"false\" placeholder=\"K\u00e9rj\u00fck ide \u00edrja a fokozat\u00e1t, ha az nem szerepel a list\u00e1ban.\" value=\"\" type=\"text\" name=\"temvezfokegyeb\" \/><\/span>\n<\/p>\n<p><label> T\u00e9mavezet\u0151 el\u00e9rhet\u0151s\u00e9ge (e-mail):<br \/>\n<span class=\"wpcf7-form-control-wrap\" data-name=\"temvezmail\"><input size=\"40\" maxlength=\"400\" class=\"wpcf7-form-control wpcf7-email wpcf7-validates-as-required wpcf7-text wpcf7-validates-as-email\" aria-required=\"true\" aria-invalid=\"false\" value=\"\" type=\"email\" name=\"temvezmail\" \/><\/span> <\/label>\n<\/p>\n<p><label> Meghirdetni k\u00edv\u00e1nt t\u00e9ma c\u00edme:<br \/>\n<span class=\"wpcf7-form-control-wrap\" data-name=\"temcim\"><input size=\"40\" maxlength=\"400\" class=\"wpcf7-form-control wpcf7-text wpcf7-validates-as-required\" aria-required=\"true\" aria-invalid=\"false\" value=\"\" type=\"text\" name=\"temcim\" \/><\/span> <\/label>\n<\/p>\n<p><label> A t\u00e9m\u00e1t meghirdetni k\u00edv\u00e1n\u00f3 int\u00e9zet:<br \/>\n<span class=\"wpcf7-form-control-wrap\" data-name=\"temint\"><input size=\"40\" maxlength=\"400\" class=\"wpcf7-form-control wpcf7-text wpcf7-validates-as-required\" aria-required=\"true\" aria-invalid=\"false\" value=\"\" type=\"text\" name=\"temint\" \/><\/span> <\/label>\n<\/p>\n<p>Mely karokr\u00f3l v\u00e1rja hallgat\u00f3k jelentkez\u00e9s\u00e9t a t\u00e9m\u00e1ra?<br \/>\n<span class=\"wpcf7-form-control-wrap\" data-name=\"temkar\"><span class=\"wpcf7-form-control wpcf7-checkbox wpcf7-validates-as-required\"><span class=\"wpcf7-list-item first\"><input type=\"checkbox\" name=\"temkar[]\" value=\"\u00c1OK\" \/><span class=\"wpcf7-list-item-label\">\u00c1OK<\/span><\/span><span class=\"wpcf7-list-item\"><input type=\"checkbox\" name=\"temkar[]\" value=\"EKK\" \/><span class=\"wpcf7-list-item-label\">EKK<\/span><\/span><span class=\"wpcf7-list-item\"><input type=\"checkbox\" name=\"temkar[]\" value=\"ETK\" \/><span class=\"wpcf7-list-item-label\">ETK<\/span><\/span><span class=\"wpcf7-list-item\"><input type=\"checkbox\" name=\"temkar[]\" value=\"FOK\" \/><span class=\"wpcf7-list-item-label\">FOK<\/span><\/span><span class=\"wpcf7-list-item\"><input type=\"checkbox\" name=\"temkar[]\" value=\"GYTK\" \/><span class=\"wpcf7-list-item-label\">GYTK<\/span><\/span><span class=\"wpcf7-list-item last\"><input type=\"checkbox\" name=\"temkar[]\" value=\"PAK\" \/><span class=\"wpcf7-list-item-label\">PAK<\/span><\/span><\/span><\/span>\n<\/p>\n<p>Mely \u00e9vfolyamokr\u00f3l v\u00e1rja hallgat\u00f3k jelentkez\u00e9s\u00e9t a t\u00e9m\u00e1ra?<br \/>\n<span class=\"wpcf7-form-control-wrap\" data-name=\"temevf\"><span class=\"wpcf7-form-control wpcf7-checkbox wpcf7-validates-as-required\"><span class=\"wpcf7-list-item first\"><input type=\"checkbox\" name=\"temevf[]\" value=\"1. \u00e9vfolyam\" \/><span class=\"wpcf7-list-item-label\">1. \u00e9vfolyam<\/span><\/span><span class=\"wpcf7-list-item\"><input type=\"checkbox\" name=\"temevf[]\" value=\"2. \u00e9vfolyam\" \/><span class=\"wpcf7-list-item-label\">2. \u00e9vfolyam<\/span><\/span><span class=\"wpcf7-list-item\"><input type=\"checkbox\" name=\"temevf[]\" value=\"3. \u00e9vfolyam\" \/><span class=\"wpcf7-list-item-label\">3. \u00e9vfolyam<\/span><\/span><span class=\"wpcf7-list-item\"><input type=\"checkbox\" name=\"temevf[]\" value=\"4. \u00e9vfolyam\" \/><span class=\"wpcf7-list-item-label\">4. \u00e9vfolyam<\/span><\/span><span class=\"wpcf7-list-item\"><input type=\"checkbox\" name=\"temevf[]\" value=\"5. \u00e9vfolyam\" \/><span class=\"wpcf7-list-item-label\">5. \u00e9vfolyam<\/span><\/span><span class=\"wpcf7-list-item last\"><input type=\"checkbox\" name=\"temevf[]\" value=\"6. \u00e9vfolyam\" \/><span class=\"wpcf7-list-item-label\">6. \u00e9vfolyam<\/span><\/span><\/span><\/span>\n<\/p>\n<p><label> A meghirdetni k\u00edv\u00e1nt t\u00e9ma ismertet\u00e9se, a t\u00e9m\u00e1val kapcsolatos fontos tudnival\u00f3k:<br \/>\n<span class=\"wpcf7-form-control-wrap\" data-name=\"temism\"><textarea cols=\"40\" rows=\"10\" maxlength=\"2000\" class=\"wpcf7-form-control wpcf7-textarea wpcf7-validates-as-required\" aria-required=\"true\" aria-invalid=\"false\" name=\"temism\"><\/textarea><\/span> <\/label>\n<\/p>\n<p><label> A meghirdetni k\u00edv\u00e1nt t\u00e9m\u00e1hoz kapcsol\u00f3d\u00f3 hallgat\u00f3i feladatok \u00e9s k\u00f6vetelm\u00e9nyek:<br \/>\n<span class=\"wpcf7-form-control-wrap\" data-name=\"temfeladat\"><textarea cols=\"40\" rows=\"10\" maxlength=\"2000\" class=\"wpcf7-form-control wpcf7-textarea wpcf7-validates-as-required\" aria-required=\"true\" aria-invalid=\"false\" name=\"temfeladat\"><\/textarea><\/span> <\/label>\n<\/p>\n<p><label> A meghirdetni k\u00edv\u00e1nt t\u00e9m\u00e1ra meddig jelentkezhetnek hallgat\u00f3k? (Ezt k\u00f6vet\u0151en a bejegyz\u00e9st levehet\u0151nek tekintj\u00fck a honlapr\u00f3l.)<br \/>\n<span class=\"wpcf7-form-control-wrap\" data-name=\"temhatido\"><input class=\"wpcf7-form-control wpcf7-date wpcf7-validates-as-required wpcf7-validates-as-date\" min=\"2022-10-28\" max=\"2199-12-31\" aria-required=\"true\" aria-invalid=\"false\" placeholder=\"\u00c9\u00c9\u00c9\u00c9. HH. NN.\" value=\"\" type=\"date\" name=\"temhatido\" \/><\/span> <\/label>\n<\/p>\n<p><input class=\"wpcf7-form-control wpcf7-submit has-spinner\" type=\"submit\" value=\"Bek\u00fcld\u00e9s\" \/>\n<\/p><div class=\"wpcf7-response-output\" aria-hidden=\"true\"><\/div>\n<\/form>\n<\/div>\n\n<\/div><\/div>\n<p style=\"text-align: center\">A lej\u00e1rt, r\u00e9gi meghirdet\u00e9sek <a href=\"https:\/\/semmelweis.hu\/hok\/category\/archiv\/\" target=\"_blank\" rel=\"noopener\">itt<\/a> tal\u00e1lhat\u00f3ak meg.<\/p>\n","protected":false},"excerpt":{"rendered":"<p>Angol nyelven <a href=\"https:\/\/semmelweis.hu\/hok\/en\/job-portal\/tdk-opportunities\/\">itt<\/a> tud bek\u00fcldeni.<\/p>\n<p>A lej\u00e1rt, r\u00e9gi meghirdet\u00e9sek <a href=\"https:\/\/semmelweis.hu\/hok\/category\/archiv\/\" target=\"_blank\" rel=\"noopener\">itt<\/a> tal\u00e1lhat\u00f3ak meg.<\/p>\n","protected":false},"author":101673,"featured_media":0,"parent":10261,"menu_order":3,"comment_status":"closed","ping_status":"closed","template":"","meta":{"_acf_changed":false,"footnotes":""},"categories":[],"tags":[],"class_list":["post-14083","page","type-page","status-publish","hentry"],"acf":[],"_links":{"self":[{"href":"https:\/\/semmelweis.hu\/hok\/wp-json\/wp\/v2\/pages\/14083","targetHints":{"allow":["GET"]}}],"collection":[{"href":"https:\/\/semmelweis.hu\/hok\/wp-json\/wp\/v2\/pages"}],"about":[{"href":"https:\/\/semmelweis.hu\/hok\/wp-json\/wp\/v2\/types\/page"}],"author":[{"embeddable":true,"href":"https:\/\/semmelweis.hu\/hok\/wp-json\/wp\/v2\/users\/101673"}],"replies":[{"embeddable":true,"href":"https:\/\/semmelweis.hu\/hok\/wp-json\/wp\/v2\/comments?post=14083"}],"version-history":[{"count":7,"href":"https:\/\/semmelweis.hu\/hok\/wp-json\/wp\/v2\/pages\/14083\/revisions"}],"predecessor-version":[{"id":15192,"href":"https:\/\/semmelweis.hu\/hok\/wp-json\/wp\/v2\/pages\/14083\/revisions\/15192"}],"up":[{"embeddable":true,"href":"https:\/\/semmelweis.hu\/hok\/wp-json\/wp\/v2\/pages\/10261"}],"wp:attachment":[{"href":"https:\/\/semmelweis.hu\/hok\/wp-json\/wp\/v2\/media?parent=14083"}],"wp:term":[{"taxonomy":"category","embeddable":true,"href":"https:\/\/semmelweis.hu\/hok\/wp-json\/wp\/v2\/categories?post=14083"},{"taxonomy":"post_tag","embeddable":true,"href":"https:\/\/semmelweis.hu\/hok\/wp-json\/wp\/v2\/tags?post=14083"}],"curies":[{"name":"wp","href":"https:\/\/api.w.org\/{rel}","templated":true}]}}