{"id":13707,"date":"2021-10-27T16:46:44","date_gmt":"2021-10-27T14:46:44","guid":{"rendered":"https:\/\/semmelweis.hu\/hok\/?page_id=13707"},"modified":"2025-09-15T17:45:32","modified_gmt":"2025-09-15T15:45:32","slug":"szent-gyorgyi-hallgato-osztondij","status":"publish","type":"page","link":"https:\/\/semmelweis.hu\/hok\/palyazatok\/szent-gyorgyi-hallgato-osztondij\/","title":{"rendered":"Szent-Gy\u00f6rgyi Hallgat\u00f3 \u00d6szt\u00f6nd\u00edj"},"content":{"rendered":"<p>A Nemzeti Tud\u00f3sk\u00e9pz\u0151 Akad\u00e9mia alapvet\u0151 szakmai feladata a kutat\u00f3i ut\u00e1np\u00f3tl\u00e1s vil\u00e1gsz\u00ednvonal\u00fa k\u00e9pz\u00e9se Magyarorsz\u00e1gon. Az NTA a tudom\u00e1ny ir\u00e1nt elk\u00f6telezett egyetemist\u00e1kat az els\u0151 \u00e9vfolyamt\u00f3l kezdve akt\u00edvan seg\u00edti tudom\u00e1nyos \u00e9rdekl\u0151d\u00e9s\u00fck kibontakoz\u00e1s\u00e1ban \u00e9s a legmagasabb szint\u0171 tudom\u00e1nyos projektekbe val\u00f3 bekapcsol\u00f3d\u00e1st teszi sz\u00e1mukra lehet\u0151v\u00e9. Az NTA elitk\u00e9pz\u0151 int\u00e9zm\u00e9ny, amely a tudom\u00e1ny frontvonal\u00e1t tekinti referenci\u00e1j\u00e1nak \u00e9s hallgat\u00f3i, valamint mentorai sz\u00e1m\u00e1ra annak el\u00e9r\u00e9s\u00e9t, illetve meghalad\u00e1s\u00e1t t\u0171zi ki c\u00e9lk\u00e9nt.<\/p>\n<p>A Semmelweis Egyetem (NTA-SE szakmai vezet\u0151je Dr. M\u00f3csai Attila) \u00e9s a K\u00eds\u00e9rleti Orvostudom\u00e1nyi Kutat\u00f3int\u00e9zet (NTA-KOKI szakmai vezet\u0151je Dr. D\u00e9nes \u00c1d\u00e1m), elk\u00f6telezett az orvosbiol\u00f3giai tudom\u00e1nyokat magas szinten m\u0171velni k\u00edv\u00e1n\u00f3, kiemelked\u0151 k\u00e9pess\u00e9g\u0171 hallgat\u00f3k t\u00e1mogat\u00e1s\u00e1ban, ez\u00e9rt 2021 november\u00e9ben az int\u00e9zm\u00e9ny csatlakozott az NTA programj\u00e1hoz \u00e9s v\u00e1rja a hallgat\u00f3k jelentkez\u00e9s\u00e9t 2025-ben is az al\u00e1bbi p\u00e1ly\u00e1zatokra:<\/p>\n<div class=\"exp-col-content-holder\"><a class=\"expand-cnt-link\" href=\"#\">\u00c1OK, FOK, GYTK I. \u00e9s II. \u00e9ves hallgat\u00f3i r\u00e9sz\u00e9re<\/a><\/p>\n<div class=\"hidden-content\">\n<p>P\u00e1ly\u00e1zati felh\u00edv\u00e1s:<br \/>\n<a href=\"https:\/\/unisemmelweis-my.sharepoint.com\/:b:\/g\/personal\/magyar_daniel_stud_semmelweis_hu\/ESphoBgwTiZMgRjE3ycH8LAB1cBWQgdwiKIDl4vEes-uAQ?e=v06M4f\">NTA SE felv\u00e9teli felh\u00edv\u00e1s I. \u00e9s II. \u00e9ves hallgat\u00f3k r\u00e9sz\u00e9re &#8211; 2025.pdf<\/a><\/p>\n<p style=\"text-align: left\">Elektronikus jelentkez\u00e9si lap bek\u00fcld\u00e9s\u00e9nek <strong>hat\u00e1rideje: 2025. szeptember 21. (vas\u00e1rnap)<\/strong><\/p>\n<p style=\"text-align: left\">Jelentkez\u00e9si lapot kit\u00f6lteni az al\u00e1bbi oldalon lehet:<br \/>\n<a href=\"https:\/\/www.formpl.us\/form\/6506360632901632\" target=\"_blank\" rel=\"noopener\">https:\/\/forms.gle\/7oryEH4AU4E84hHW9<\/a><\/p>\n<\/div>\n<\/div>\n<div class=\"exp-col-content-holder\"><a class=\"expand-cnt-link\" href=\"#\">TDK Hallgat\u00f3k r\u00e9sz\u00e9re<\/a><\/p>\n<div class=\"hidden-content\">\n<p>P\u00e1ly\u00e1zati felh\u00edv\u00e1s:<br \/>\n<a href=\"https:\/\/unisemmelweis-my.sharepoint.com\/:b:\/g\/personal\/magyar_daniel_stud_semmelweis_hu\/EUf72g3U3nZLjHQKPj9fqQoBERR9n1qQRzOygV3IvjZYGA?e=kEc3ZG\">NTA_HUN_TDK SE jelentkez\u00e9si lap 2025.pdf<\/a><\/p>\n<p style=\"text-align: left\">Elektronikus jelentkez\u00e9si lap bek\u00fcld\u00e9s\u00e9nek <strong>hat\u00e1rideje: 2025. szeptember 21. (vas\u00e1rnap)<\/strong><\/p>\n<p style=\"text-align: left\">Jelentkez\u00e9si lapot kit\u00f6lteni az al\u00e1bbi oldalon lehet:<br \/>\n<a href=\"https:\/\/www.formpl.us\/form\/5140803161554944\" target=\"_blank\" rel=\"noopener\">https:\/\/forms.gle\/j1Z81V2W9EKJprPs6<\/a><\/p>\n<\/div>\n<\/div>\n<p>Az NTA k\u00e9pz\u00e9si programj\u00e1r\u00f3l, valamint a jelentkez\u00e9s r\u00e9szleteir\u0151l, illetve a jelentkez\u00e9s lehet\u0151s\u00e9g\u00e9r\u0151l tov\u00e1bbi inform\u00e1ci\u00f3t a <a href=\"http:\/\/www.edu-sci.org\/\" target=\"_blank\" rel=\"noopener noreferrer\"><span style=\"color: #0563c1\">http:\/\/www.edu-sci.org\/<\/span><\/a>\u00a0oldalon olvashatnak.<\/p>\n<p><embed src=\"https:\/\/semmelweis.hu\/hok\/files\/2024\/09\/NTA-Legyel-Te-is-Szent-Gyorgyi-Hallgato_2024.pdf\" width=\"100%\" height=\"900\"><\/embed><\/p>\n","protected":false},"excerpt":{"rendered":"<p>A Nemzeti Tud\u00f3sk\u00e9pz\u0151 Akad\u00e9mia alapvet\u0151 szakmai feladata a kutat\u00f3i ut\u00e1np\u00f3tl\u00e1s vil\u00e1gsz\u00ednvonal\u00fa k\u00e9pz\u00e9se Magyarorsz\u00e1gon. Az NTA a tudom\u00e1ny ir\u00e1nt elk\u00f6telezett egyetemist\u00e1kat az els\u0151 \u00e9vfolyamt\u00f3l kezdve akt\u00edvan seg\u00edti tudom\u00e1nyos \u00e9rdekl\u0151d\u00e9s\u00fck kibontakoz\u00e1s\u00e1ban \u00e9s a legmagasabb szint\u0171 tudom\u00e1nyos projektekbe val\u00f3 bekapcsol\u00f3d\u00e1st teszi sz\u00e1mukra lehet\u0151v\u00e9. Az NTA elitk\u00e9pz\u0151 int\u00e9zm\u00e9ny, amely a tudom\u00e1ny frontvonal\u00e1t tekinti referenci\u00e1j\u00e1nak \u00e9s hallgat\u00f3i, valamint mentorai sz\u00e1m\u00e1ra &hellip;<\/p>\n","protected":false},"author":101673,"featured_media":13708,"parent":12323,"menu_order":15,"comment_status":"closed","ping_status":"closed","template":"","meta":{"_acf_changed":false,"footnotes":""},"categories":[],"tags":[584],"class_list":["post-13707","page","type-page","status-publish","has-post-thumbnail","hentry","tag-palyod"],"acf":[],"_links":{"self":[{"href":"https:\/\/semmelweis.hu\/hok\/wp-json\/wp\/v2\/pages\/13707","targetHints":{"allow":["GET"]}}],"collection":[{"href":"https:\/\/semmelweis.hu\/hok\/wp-json\/wp\/v2\/pages"}],"about":[{"href":"https:\/\/semmelweis.hu\/hok\/wp-json\/wp\/v2\/types\/page"}],"author":[{"embeddable":true,"href":"https:\/\/semmelweis.hu\/hok\/wp-json\/wp\/v2\/users\/101673"}],"replies":[{"embeddable":true,"href":"https:\/\/semmelweis.hu\/hok\/wp-json\/wp\/v2\/comments?post=13707"}],"version-history":[{"count":10,"href":"https:\/\/semmelweis.hu\/hok\/wp-json\/wp\/v2\/pages\/13707\/revisions"}],"predecessor-version":[{"id":18872,"href":"https:\/\/semmelweis.hu\/hok\/wp-json\/wp\/v2\/pages\/13707\/revisions\/18872"}],"up":[{"embeddable":true,"href":"https:\/\/semmelweis.hu\/hok\/wp-json\/wp\/v2\/pages\/12323"}],"wp:featuredmedia":[{"embeddable":true,"href":"https:\/\/semmelweis.hu\/hok\/wp-json\/wp\/v2\/media\/13708"}],"wp:attachment":[{"href":"https:\/\/semmelweis.hu\/hok\/wp-json\/wp\/v2\/media?parent=13707"}],"wp:term":[{"taxonomy":"category","embeddable":true,"href":"https:\/\/semmelweis.hu\/hok\/wp-json\/wp\/v2\/categories?post=13707"},{"taxonomy":"post_tag","embeddable":true,"href":"https:\/\/semmelweis.hu\/hok\/wp-json\/wp\/v2\/tags?post=13707"}],"curies":[{"name":"wp","href":"https:\/\/api.w.org\/{rel}","templated":true}]}}