{"id":13288,"date":"2021-10-27T16:47:17","date_gmt":"2021-10-27T14:47:17","guid":{"rendered":"https:\/\/semmelweis.hu\/hok\/?page_id=13288"},"modified":"2024-05-02T20:17:53","modified_gmt":"2024-05-02T18:17:53","slug":"innovacios-dij","status":"publish","type":"page","link":"https:\/\/semmelweis.hu\/hok\/palyazatok\/innovacios-dij\/","title":{"rendered":"Innov\u00e1ci\u00f3s D\u00edj"},"content":{"rendered":"<h4 style=\"text-align: center\">2024 \u2013 Semmelweis Innov\u00e1ci\u00f3s D\u00edj felh\u00edv\u00e1s<\/h4>\n<p><strong>2024-ben ism\u00e9t p\u00e1ly\u00e1zhat\u00f3 a Semmelweis Egyetem Innov\u00e1ci\u00f3s D\u00edja<\/strong><\/p>\n<p>A Semmelweis Innov\u00e1ci\u00f3s D\u00edj adom\u00e1nyoz\u00e1s\u00e1val a Semmelweis Egyetem c\u00e9lja elismerni azon kutat\u00f3k, doktorjel\u00f6ltek, doktoranduszok \u00e9s hallgat\u00f3k kutat\u00e1s-fejleszt\u00e9si, innov\u00e1ci\u00f3s tev\u00e9kenys\u00e9g\u00e9t, akik az Egyetemhez k\u00f6t\u0151d\u0151 kutat\u00f3munk\u00e1juk sor\u00e1n \u00faj, tudom\u00e1nyos, kutat\u00e1si eredm\u00e9nyt, innovat\u00edv megold\u00e1st dolgoztak ki.<\/p>\n<p>A Semmelweis Innov\u00e1ci\u00f3s D\u00edjra p\u00e1ly\u00e1zni lehet a Semmelweis Egyetemhez \u00a0k\u00f6t\u0151d\u0151 kutat\u00f3munka sor\u00e1n l\u00e9trehozott olyan \u00faj, tudom\u00e1nyos, kutat\u00e1si eredm\u00e9nnyel, innovat\u00edv megold\u00e1ssal, amely szellemi alkot\u00e1snak min\u0151s\u00fcl, alkalmazhat\u00f3 \u00e9s \u00fczleti szempontb\u00f3l is hasznos\u00edthat\u00f3.<\/p>\n<p>Szellemi alkot\u00e1snak min\u0151s\u00fcl az az alkot\u00e1s, \u00f6tlet, amely alkalmas lehet arra, hogy szellemitulajdon-v\u00e9delem (szabadalom, haszn\u00e1latiminta-, formatervez\u00e9siminta-, n\u00f6v\u00e9nyfajta- vagy topogr\u00e1fiaoltalom, know-how) t\u00e1rgy\u00e1t k\u00e9pezze.<\/p>\n<div class=\"keretes w-100\">\n<p><strong>Beny\u00fajt\u00e1si hat\u00e1rid\u0151:<\/strong> 2024. j\u00fanius 30. (vas\u00e1rnap)<\/p>\n<p><strong>Az Egyetem a D\u00edjat \u2212 az oklev\u00e9l \u00e9s krist\u00e1lyd\u00edj mellett \u2212 a k\u00f6vetkez\u0151 kateg\u00f3ri\u00e1kban, az al\u00e1bbi <\/strong><strong>p\u00e9nzjutalommal hirdeti meg:<\/strong><\/p>\n<ul>\n<li>a leginnovat\u00edvabb TDK munk\u00e1\u00e9rt \u2013 brutt\u00f3 500 ezer Ft<\/li>\n<li>a leginnovat\u00edvabb PhD munk\u00e1\u00e9rt \u2013 brutt\u00f3 750 ezer Ft<\/li>\n<li>a leginnovat\u00edvabb kutat\u00f3 munk\u00e1\u00e9rt \u2013 brutt\u00f3 1,5 milli\u00f3 Ft<\/li>\n<\/ul>\n<p>A D\u00edj valamennyi kateg\u00f3ri\u00e1j\u00e1ban lehet\u0151s\u00e9g van egy\u00e9ni \u00e9s csoportos p\u00e1ly\u00e1zat beny\u00fajt\u00e1s\u00e1ra.<\/p>\n<p><strong>Beny\u00fajtand\u00f3 p\u00e1ly\u00e1zati anyag:<\/strong><\/p>\n<ul>\n<li>a kit\u00f6lt\u00f6tt p\u00e1ly\u00e1zati adatlap \u00e9s nyilatkozat,<\/li>\n<li>p\u00e1ly\u00e1z\u00f3(k) szakmai \u00f6n\u00e9letrajza(i)<\/li>\n<\/ul>\n<p>A p\u00e1ly\u00e1zathoz lehet\u0151s\u00e9g van k\u00e9pi anyagok, prezent\u00e1ci\u00f3k, vide\u00f3k be\u00e1gyaz\u00e1s\u00e1ra, f\u00e1jlk\u00e9nt, illetve hivatkoz\u00e1sk\u00e9nt t\u00f6rt\u00e9n\u0151 csatol\u00e1s\u00e1ra. A r\u00e9szletes p\u00e1ly\u00e1zati felt\u00e9teleket \u00e9s az \u00e9rt\u00e9kel\u00e9s rendj\u00e9t a p\u00e1ly\u00e1zati felh\u00edv\u00e1s tartalmazza.<\/p>\n<p>Bek\u00fcld\u00e9si c\u00edm, tov\u00e1bbi inform\u00e1ci\u00f3k:\u00a0<a href=\"mailto:tudomanyos.rektorhelyettes@semmelweis.hu\" target=\"_blank\" rel=\"noopener\">tudomanyos.rektorhelyettes@semmelweis.hu<\/a><\/p>\n<p><strong>Let\u00f6lthet\u0151 anyagok:<\/strong><\/p>\n<ul>\n<li><a href=\"https:\/\/semmelweis.hu\/tudrh\/files\/2024\/04\/Semmelweis_Innovacios_Dij_felhivas_20240430.pdf\" target=\"_blank\" rel=\"noopener\">Felh\u00edv\u00e1s \u2013 2024-es Innov\u00e1ci\u00f3s D\u00edj<\/a><\/li>\n<li><a href=\"https:\/\/semmelweis.hu\/tudrh\/files\/2024\/04\/Innov_Dij_palyazati_adatlap_2024.docx\" target=\"_blank\" rel=\"noopener\">P\u00e1ly\u00e1zati adatlap \u2013 2024-es Innov\u00e1ci\u00f3s D\u00edj<\/a><\/li>\n<\/ul>\n<\/div>\n<p>&nbsp;<\/p>\n","protected":false},"excerpt":{"rendered":"<p>2024 \u2013 Semmelweis Innov\u00e1ci\u00f3s D\u00edj felh\u00edv\u00e1s 2024-ben ism\u00e9t p\u00e1ly\u00e1zhat\u00f3 a Semmelweis Egyetem Innov\u00e1ci\u00f3s D\u00edja A Semmelweis Innov\u00e1ci\u00f3s D\u00edj adom\u00e1nyoz\u00e1s\u00e1val a Semmelweis Egyetem c\u00e9lja elismerni azon kutat\u00f3k, doktorjel\u00f6ltek, doktoranduszok \u00e9s hallgat\u00f3k kutat\u00e1s-fejleszt\u00e9si, innov\u00e1ci\u00f3s tev\u00e9kenys\u00e9g\u00e9t, akik az Egyetemhez k\u00f6t\u0151d\u0151 kutat\u00f3munk\u00e1juk sor\u00e1n \u00faj, tudom\u00e1nyos, kutat\u00e1si eredm\u00e9nyt, innovat\u00edv megold\u00e1st dolgoztak ki. A Semmelweis Innov\u00e1ci\u00f3s D\u00edjra p\u00e1ly\u00e1zni lehet a Semmelweis &hellip;<\/p>\n","protected":false},"author":101673,"featured_media":13289,"parent":12323,"menu_order":14,"comment_status":"closed","ping_status":"closed","template":"","meta":{"_acf_changed":false,"footnotes":""},"categories":[],"tags":[584],"class_list":["post-13288","page","type-page","status-publish","has-post-thumbnail","hentry","tag-palyod"],"acf":[],"_links":{"self":[{"href":"https:\/\/semmelweis.hu\/hok\/wp-json\/wp\/v2\/pages\/13288","targetHints":{"allow":["GET"]}}],"collection":[{"href":"https:\/\/semmelweis.hu\/hok\/wp-json\/wp\/v2\/pages"}],"about":[{"href":"https:\/\/semmelweis.hu\/hok\/wp-json\/wp\/v2\/types\/page"}],"author":[{"embeddable":true,"href":"https:\/\/semmelweis.hu\/hok\/wp-json\/wp\/v2\/users\/101673"}],"replies":[{"embeddable":true,"href":"https:\/\/semmelweis.hu\/hok\/wp-json\/wp\/v2\/comments?post=13288"}],"version-history":[{"count":7,"href":"https:\/\/semmelweis.hu\/hok\/wp-json\/wp\/v2\/pages\/13288\/revisions"}],"predecessor-version":[{"id":17152,"href":"https:\/\/semmelweis.hu\/hok\/wp-json\/wp\/v2\/pages\/13288\/revisions\/17152"}],"up":[{"embeddable":true,"href":"https:\/\/semmelweis.hu\/hok\/wp-json\/wp\/v2\/pages\/12323"}],"wp:featuredmedia":[{"embeddable":true,"href":"https:\/\/semmelweis.hu\/hok\/wp-json\/wp\/v2\/media\/13289"}],"wp:attachment":[{"href":"https:\/\/semmelweis.hu\/hok\/wp-json\/wp\/v2\/media?parent=13288"}],"wp:term":[{"taxonomy":"category","embeddable":true,"href":"https:\/\/semmelweis.hu\/hok\/wp-json\/wp\/v2\/categories?post=13288"},{"taxonomy":"post_tag","embeddable":true,"href":"https:\/\/semmelweis.hu\/hok\/wp-json\/wp\/v2\/tags?post=13288"}],"curies":[{"name":"wp","href":"https:\/\/api.w.org\/{rel}","templated":true}]}}