{"id":13156,"date":"2022-04-13T19:59:29","date_gmt":"2022-04-13T17:59:29","guid":{"rendered":"https:\/\/semmelweis.hu\/hok\/?page_id=13156"},"modified":"2025-07-29T21:34:18","modified_gmt":"2025-07-29T19:34:18","slug":"egyetemi-kollegiumok","status":"publish","type":"page","link":"https:\/\/semmelweis.hu\/hok\/hasznos\/hallgatoi-terek-szolgaltatasok\/egyetemi-kollegiumok\/","title":{"rendered":"Koll\u00e9giumok"},"content":{"rendered":"<div class=\"w-100 keretes\">A Koll\u00e9giumok Igazgat\u00f3s\u00e1g\u00e1nak honlapja <a href=\"https:\/\/semmelweis.hu\/kollegiumok\/\" target=\"_blank\" rel=\"noopener\">ezen a linken<\/a> \u00e9rhet\u0151 el.<\/div>\n<p>A Semmelweis Egyetem jelenleg n\u00e9gy koll\u00e9giumot \u00e9s h\u00e1rom szakkoll\u00e9giumot tart fenn.<\/p>\n<p>A koll\u00e9gium nemcsak egy lak\u00f3hely, hanem \u00e9lett\u00e9r is, ahol seg\u00edtj\u00fck egym\u00e1st tanulm\u00e1nyaink elv\u00e9gz\u00e9s\u00e9ben, t\u00f6reksz\u00fcnk arra, hogy mindenki kibontakoztathassa tehets\u00e9g\u00e9t, igyeksz\u00fcnk hozz\u00e1j\u00e1rulni az \u00f6nk\u00e9pz\u00e9shez, a m\u0171vel\u0151d\u00e9shez, a testedz\u00e9shez, valamint a szabadid\u0151 tartalmas elt\u00f6lt\u00e9s\u00e9hez. Az itt kialakul\u00f3 k\u00f6z\u00f6ss\u00e9gek \u00e9s bar\u00e1ts\u00e1gok \u00e9letre sz\u00f3l\u00f3ak \u00e9s meghat\u00e1roz\u00f3ak lehetnek az egyetemi \u00e9vek ut\u00e1n is. A Semmelweis Egyetem a koll\u00e9giumaiban \u00f6sszesen t\u00f6bb, mint 900 hallgat\u00f3 elhelyez\u00e9s\u00e9t biztos\u00edtja.<\/p>\n<h2 style=\"text-align: center\">BALASSA J\u00c1NOS KOLL\u00c9GIUM (T\u00d6M\u0150)<\/h2>\n<p>A Koll\u00e9gium a 366 f\u00e9r\u0151hely\u00e9vel az Egyetem legnagyobb koll\u00e9giuma. 1981-ben adt\u00e1k \u00e1t, az\u00f3ta is b\u00fcszk\u00e9n viseli az utc\u00e1r\u00f3l kapott T\u00f6m\u0151 becenevet. A kilenc emeletes \u00e9p\u00fclet az M3-as metr\u00f3 Klinik\u00e1k meg\u00e1ll\u00f3j\u00e1t\u00f3l 8 perc s\u00e9t\u00e1ra tal\u00e1lhat\u00f3. Az Egyetem t\u00f6bb f\u0151 \u00e9p\u00fclete (EOK, NET) 15 perc alatt el\u00e9rhet\u0151. F\u0151k\u00e9nt 3 f\u0151s szob\u00e1k vannak, de minden szinten tal\u00e1lhat\u00f3 egy 2 f\u0151s szoba is. A szob\u00e1k mindegyike h\u0171t\u0151vel, mosd\u00f3val \u00e9s t\u00fck\u00f6rrel felszerelt. Minden emeleten van konyha (mikrohull\u00e1m\u00fa s\u00fct\u0151vel, rezs\u00f3val, mosogat\u00f3val, v\u00edzforral\u00f3val), zuhanyz\u00f3, WC, az alagsori mos\u00f3konyh\u00e1ban pedig 6 mos\u00f3g\u00e9p \u00e9s 2 sz\u00e1r\u00edt\u00f3g\u00e9p tal\u00e1lhat\u00f3. A 9. emelet kiv\u00e9tel\u00e9vel minden szinten tal\u00e1lhat\u00f3 tanul\u00f3szoba, illetve az els\u0151 emeleten m\u00e9g egy k\u00f6z\u00f6s hangos tanul\u00f3 is. Az els\u0151 emeleten kett\u0151, zongor\u00e1val felszerelt k\u00f6z\u00f6ss\u00e9gi helyis\u00e9g, TV szoba <span data-olk-copy-source=\"MessageBody\">\u2013 babzs\u00e1kokkal \u00e9s TV-vel.<\/span> <span data-olk-copy-source=\"MessageBody\">Csocs\u00f3- \u00e9s bili\u00e1rdasztal biztos\u00edtja a kellemes kikapcsol\u00f3d\u00e1st az el\u0151t\u00e9rben<\/span>. A nagyteremben t\u00f6bb kanap\u00e9 \u00e9s asztal, a kisteremben pedig kanap\u00e9, darts, zongora \u00e9s babzs\u00e1kok v\u00e1rj\u00e1k a kikapcsol\u00f3dni v\u00e1gy\u00f3 Hallgat\u00f3kat.\u00a0A f\u00f6ldszinten tal\u00e1lhat\u00f3 fel\u00faj\u00edtott konditerem a nap 24 \u00f3r\u00e1j\u00e1ban haszn\u00e1lhat\u00f3, illetve mind\u00f6ssze 10 perc s\u00e9t\u00e1ra tal\u00e1lhat\u00f3 az Orczy Kertben l\u00e9v\u0151 fut\u00f3p\u00e1lya is. K\u00fclt\u00e9ri edz\u0151park \u00e9s fel\u00faj\u00edtott kos\u00e1rp\u00e1lya is megtal\u00e1lhat\u00f3 a koll\u00e9gium udvar\u00e1ban. A koll\u00e9gium k\u00e9t k\u00f6z\u00f6ss\u00e9gi helys\u00e9g\u00e9ben \u00e9v k\u00f6zben t\u00f6bb programot is szervez a koll\u00e9giumi albizotts\u00e1g, ilyen p\u00e9ld\u00e1ul a heti szinten rendezett Teah\u00e1z, a k\u00f6z\u00f6s meccsn\u00e9z\u00e9sek, kerti bogr\u00e1csoz\u00e1sok, szintismerked\u0151k. Az \u00e9p\u00fclet mellett Mol Bubi gy\u0171jt\u0151\u00e1llom\u00e1s is van. P\u00e1r l\u00e9p\u00e9sre a koll\u00e9giumt\u00f3l tal\u00e1lhat\u00f3 egy kis bolt \u00e9s egy vegyesbolt, a p\u00e1rhuzamos utc\u00e1ban pedig egy SPAR. Kicsit messzebb, az \u00e9ppen meg\u00fajul\u00f3 Corvin negyedben tal\u00e1lhat\u00f3 egy Lidl, valamint a Corvin Plaza sz\u00e1mos \u00fczlet\u00e9vel. A Corvin s\u00e9t\u00e1nyon tov\u00e1bb\u00e1 sz\u00e1mos k\u00e1v\u00e9z\u00f3 \u00e9s \u00e9tterem is tal\u00e1lhat\u00f3.<\/p>\n<p style=\"text-align: center\"><iframe loading=\"lazy\" title=\"Bemutatjuk a Semmelweis Egyetem koll\u00e9giumait: Balassa J\u00e1nos Koll\u00e9gium, avagy a &quot;T\u00f6m\u0151&quot;\" width=\"753\" height=\"424\" src=\"https:\/\/www.youtube.com\/embed\/a0oJZPQ6_Uo?feature=oembed\" frameborder=\"0\" allow=\"accelerometer; autoplay; clipboard-write; encrypted-media; gyroscope; picture-in-picture; web-share\" referrerpolicy=\"strict-origin-when-cross-origin\" allowfullscreen><\/iframe><\/p>\n<h2 style=\"text-align: center\">MARKUSOVSZKY LAJOS KOLL\u00c9GIUM (REZS\u0150)<\/h2>\n<p>A Markusovszky Lajos Koll\u00e9gium (becenev\u00e9n Rezs\u0151), a Semmelweis Egyetem m\u00e1sodik legnagyobb koll\u00e9giuma, a f\u0151v\u00e1ros VIII. ker\u00fclet\u00e9ben, a Szenes Iv\u00e1n t\u00e9r 7. sz\u00e1m alatt \u00e1ll. A koll\u00e9gium nagyj\u00e1b\u00f3l 312 hallgat\u00f3nak biztos\u00edt elhelyez\u00e9st f\u0151leg h\u00e1rom\u00e1gyas \u00e9s kevesebb k\u00e9t\u00e1gyas szob\u00e1ban. <span data-ogsc=\"rgb(30, 35, 38)\" data-ogsb=\"rgb(255, 255, 255)\" data-olk-copy-source=\"MessageBody\">Minden szinten tal\u00e1lhat\u00f3 1 konyha, 2 f\u00fcrd\u0151helyis\u00e9g (4-4 zuhanyz\u00f3), mosd\u00f3. A f\u00f6lszinten megtal\u00e1lhat\u00f3 egy minden ig\u00e9nyt kiel\u00e9g\u00edt\u0151 konditerem. Az 1. emeleten t\u00f6bb k\u00f6z\u00f6ss\u00e9gi hely is a kikapcsol\u00f3d\u00e1st szolg\u00e1lja. TV-szoba \u2013 Tv-vel, kanap\u00e9kkal, asztalokkal \u00e9s sz\u00e9kekkel. Nagyterem, ahol megtal\u00e1lhat\u00f3 zongora, bili\u00e1rd, csocs\u00f3, ping \u2013 pong. A f\u00f6ldszint kiv\u00e9tel\u00e9vel minden szinten van t\u00f6bb tanul\u00f3szoba is, az els\u0151 emeleten r\u00e1ad\u00e1sk\u00e9nt egy fotelekkel ell\u00e1tott tanul\u00f3szoba is megtal\u00e1lhat\u00f3.\u00a0<\/span><span data-ogsc=\"\" data-ogsb=\"rgb(255, 255, 255)\">A kikapcsol\u00f3d\u00e1st seg\u00edti a gy\u00f6ny\u00f6r\u0171 kert ki\u00fcl\u0151vel, valamint a k\u00fclt\u00e9ri edz\u0151park v\u00e1rja az edzeni v\u00e1gy\u00f3kat.\u00a0<\/span>A koll\u00e9gium elhelyezked\u00e9se igen kedvez\u0151, 5 perc s\u00e9t\u00e1val el\u00e9rhet\u0151 a 3-as metr\u00f3 \u00e9s a 24-es villamos Nagyv\u00e1rad t\u00e9ri meg\u00e1ll\u00f3ja, illetve az 1-es villamos n\u00e9pligeti meg\u00e1ll\u00f3ja is. Sz\u00e1mos bev\u00e1s\u00e1rl\u00e1si \u00e9s \u00e9tkez\u00e9si lehet\u0151s\u00e9g tal\u00e1lhat\u00f3 a k\u00f6rny\u00e9ken: a Pumukli, az \u00e9jjel-nappali kisbolt a Nagyv\u00e1rad t\u00e9ren, sz\u00e1mos \u00e9tterem a Nagyv\u00e1rad t\u00e9r, a Klinik\u00e1k \u00e9s a Corvin negyed metr\u00f3meg\u00e1ll\u00f3k k\u00f6z\u00f6tt. 15 percre, a Klinik\u00e1k meg\u00e1ll\u00f3n\u00e1l Spar, Penny \u00e9s Tesco; 20 percre, a Corvin negyedben pedig Lidl, Aldi \u00e9s a Corvin Pl\u00e1za biztos\u00edt bev\u00e1s\u00e1rl\u00e1si lehet\u0151s\u00e9get, illetve a koll\u00e9gium el\u0151tt tal\u00e1lhat\u00f3 a MOL bubi bicikliparkol\u00f3ja is. A koll\u00e9gista l\u00e9t legjobb r\u00e9sze a k\u00f6z\u00f6ss\u00e9gi \u00e9let, a Rezs\u0151ben pedig mindenki tal\u00e1l mag\u00e1nak val\u00f3 programot. P\u00e9ldak\u00e9nt eml\u00edten\u00e9m a tan\u00e9v eleji g\u00f3lya avat\u00f3t, a t\u00f6bb alkalommal megrendez\u00e9sre ker\u00fcl\u0151 Mozi estet \u00e9s Teah\u00e1zat, illetve a tavasz legnagyobb esem\u00e9ny\u00e9t, a Rezs\u0151 Napokat. Ezeken k\u00edv\u00fcl pedig a mindennapi kikapcsol\u00f3d\u00e1st a folyamatosan fejlesztett konditerem, tv szoba, csocs\u00f3 asztal, bili\u00e1rd \u00e9s pingpongasztal biztos\u00edtja.<\/p>\n<p style=\"text-align: center\"><iframe loading=\"lazy\" title=\"Bemutatjuk a Semmelweis Egyetem koll\u00e9giumait: Markusovszky Lajos Koll\u00e9gium, avagy a &quot;Rezs\u0151&quot;\" width=\"753\" height=\"424\" src=\"https:\/\/www.youtube.com\/embed\/jILesPKrnhM?feature=oembed\" frameborder=\"0\" allow=\"accelerometer; autoplay; clipboard-write; encrypted-media; gyroscope; picture-in-picture; web-share\" referrerpolicy=\"strict-origin-when-cross-origin\" allowfullscreen><\/iframe><\/p>\n<h2 style=\"text-align: center\">B\u00d3KAY J\u00c1NOS KOLL\u00c9GIUM<\/h2>\n<p>Az id. B\u00f3kay J\u00e1nos Koll\u00e9gium \u00dajpesten tal\u00e1lhat\u00f3, parkos\u00edtott, z\u00f6ld k\u00f6rnyezetben, gy\u00f6ny\u00f6r\u0171 rendezett nagy udvarral. A koll\u00e9gium 56 f\u00e9r\u0151hely\u00e9t 17 db k\u00e9t\u00e1gyas, 6 db h\u00e1rom\u00e1gyas \u00e9s 1 db n\u00e9gy\u00e1gyas szoba biztos\u00edtja. A szob\u00e1kban \u00e1gy, asztal, szekr\u00e9ny \u00e9s h\u0171t\u0151szekr\u00e9ny v\u00e1rja a leend\u0151 lak\u00f3kat. Az internetszolg\u00e1ltat\u00e1s biztos\u00edtott a koll\u00e9giumban, zuhanyoz\u00e1sra pedig a folyos\u00f3n l\u00e9v\u0151 k\u00f6z\u00f6s helyis\u00e9gben van lehet\u0151s\u00e9g. A f\u0151z\u00e9shez sz\u00fcks\u00e9ges felt\u00e9teleket, mikrohull\u00e1m\u00fa s\u00fct\u0151vel, t\u0171zhellyel \u00e9s v\u00edzforral\u00f3val felszerelt t\u00e1gas k\u00f6z\u00f6s konyha biztos\u00edtja. A mos\u00f3konyha nagy teljes\u00edtm\u00e9ny\u0171 mos\u00f3g\u00e9ppel \u00e9s sz\u00e1r\u00edt\u00f3g\u00e9ppel felszerelt, illetve a vasal\u00e1si lehet\u0151s\u00e9g is biztos\u00edtva van.\u00a0<\/p>\n<p>&nbsp;<\/p>\n<h2 style=\"text-align: center\">K\u00c1TAI G\u00c1BOR KOLL\u00c9GIUM<\/h2>\n<p>A K\u00e1tai G\u00e1bor Koll\u00e9gium Angyalf\u00f6ld\u00f6n, a Vasas Sportp\u00e1lya m\u00f6g\u00f6tti z\u00f6ld\u00f6vezetben, t\u00f6megk\u00f6zleked\u00e9si csom\u00f3pontokhoz k\u00f6zel tal\u00e1lhat\u00f3. A Semmelweis Egyetem 154 f\u00e9r\u0151hellyel rendelkez\u0151 koll\u00e9giuma, amely felszerelts\u00e9g\u00e9vel \u00e9s sz\u00ednvonal\u00e1val kiemelkedik a magyar koll\u00e9giumok k\u00f6z\u00fcl. A fel\u00faj\u00edtott, k\u00e9t\u00e1gyas szob\u00e1k k\u00e9nyelmesek \u00e9s j\u00f3l felszereltek: \u00e1gy, asztal, szekr\u00e9ny \u00e9s h\u0171t\u0151szekr\u00e9ny v\u00e1rja a leend\u0151 lak\u00f3kat. K\u00e9tszob\u00e1nk\u00e9nt van zuhanyz\u00f3, folyos\u00f3nk\u00e9nt k\u00f6z\u00f6s konyha \u00e9s WC. A konyh\u00e1k t\u0171zhellyel, s\u00fct\u0151vel, v\u00edzforral\u00f3val, keny\u00e9rpir\u00edt\u00f3val \u00e9s mikrohull\u00e1m\u00fa s\u00fct\u0151vel v\u00e1rj\u00e1k a f\u0151zni v\u00e1gy\u00f3kat. A k\u00f6z\u00f6ss\u00e9gi \u00e9letet a k\u00f6z\u00f6s t\u00e1rsalg\u00f3 \u00e9s TV szolg\u00e1lja ki. Az \u00e9p\u00fcletben tal\u00e1lhat\u00f3 m\u00e9g konditerem, klubhelyis\u00e9g \u00e9s tanul\u00f3szoba is. A f\u00f6ldszinti mos\u00f3konyha nagy teljes\u00edtm\u00e9ny\u0171 mos\u00f3g\u00e9pekkel \u00e9s sz\u00e1r\u00edt\u00f3g\u00e9ppel felszerelt. Az \u00e9p\u00fclethez parkos\u00edtott kert \u00e9s kos\u00e1rp\u00e1lya is tartozik. A koll\u00e9gium k\u00f6zel\u00e9ben tal\u00e1lhat\u00f3 kellemes park, ki\u00e9p\u00edtett gumis fut\u00f3p\u00e1ly\u00e1val \u00e9s kis edz\u0151parkkal. Kikapcsol\u00f3d\u00e1sra \u00e9s sportol\u00e1sra is megfelel\u0151 hely. 10 perc s\u00e9t\u00e1ra tal\u00e1lhat\u00f3 az M3-as metr\u00f3, valamint 5 perc s\u00e9ta a 14-es villamos, egy meg\u00e1ll\u00f3nyira Mol Bubi lerak\u00f3hely is van. A k\u00f6zelben Aldi, Lidl, s Tesco ny\u00fajt lehet\u0151s\u00e9get a mindennapi bev\u00e1s\u00e1rl\u00e1sra. A fel\u00faj\u00edtott alagsorban csocs\u00f3, bili\u00e1rd, ping-pong \u00e9s darts t\u00e1bla is megtal\u00e1lhat\u00f3.\u00a0<\/p>\n<div dir=\"auto\" data-ogsc=\"rgb(0, 0, 0)\">\u00a0<\/div>\n<p>&nbsp;<\/p>\n<h2 style=\"text-align: center\">KOR\u00c1NYI FRIGYES SZAKKOLL\u00c9GIUM (H\u00c1RSFA)<\/h2>\n<p>Kor\u00e1nyi Frigyes nev\u00e9hez f\u0171z\u0151dik az akt\u00edv k\u00fczdelem megindul\u00e1sa a tuberkol\u00f3zis ellen, valamint a mai t\u00fcd\u0151sz\u0171r\u0151 \u00e1llom\u00e1sok rendszer\u00e9nek l\u00e9trehoz\u00e1sa. A belv\u00e1ros sz\u00edv\u00e9ben, nem messze a Kir\u00e1ly utcai villamosmeg\u00e1ll\u00f3t\u00f3l tal\u00e1lhat\u00f3 a Semmelweis Egyetem r\u00f3la elnevezett szakkoll\u00e9giuma. Az ide jelentkez\u0151 \u00c1ltal\u00e1nos Orvostudom\u00e1nyi, Fogorvostudom\u00e1nyi \u00e9s Gy\u00f3gyszer\u00e9sztudom\u00e1nyi Karon tanul\u00f3 hallgat\u00f3kat a koll\u00e9giumokra jellemz\u0151 hangulat \u00e9s k\u00fcl\u00f6nb\u00f6z\u0151 sz\u00ednes szakmai programok v\u00e1rj\u00e1k. Az \u00e9p\u00fcletben tal\u00e1lhat\u00f3 k\u00e9t\u00e1gyas szob\u00e1khoz saj\u00e1t f\u00fcrd\u0151szoba \u00e9s f\u0151z\u0151lappal, h\u0171t\u0151vel felszerelt konyha tartozik. A kikapcsol\u00f3d\u00e1st sz\u00e1mtalan lehet\u0151s\u00e9g biztos\u00edtja (pl. t\u00e9v\u00e9szoba, csocs\u00f3, bili\u00e1rd, pingpongasztal, konditerem, relax\u00e1ci\u00f3s szoba, st\u00fadi\u00f3, k\u00e9t skill-labor), az egyetemi kih\u00edv\u00e1sok sikeres teljes\u00edt\u00e9s\u00e9ben pedig az \u00f6sszetart\u00f3 k\u00f6z\u00f6ss\u00e9g \u00e9s a koll\u00e9giumban tal\u00e1lhat\u00f3 tanul\u00f3szob\u00e1k, illetve az id\u0151sebb koll\u00e9gist\u00e1k \u00e1ltal tartott konzult\u00e1ci\u00f3k seg\u00edtenek. A g\u00f3ly\u00e1kat hasznos tippekkel \u00e9s tapasztalatokkal t\u00e1mogatja tov\u00e1bb\u00e1 egy fels\u0151bb \u00e9ves koll\u00e9gista a mentorprogram keret\u00e9ben. Mindemellett \u00e9l\u00e9nk t\u00e1rsas\u00e1gi \u00e9let jellemzi a koll\u00e9giumot, a k\u00f6z\u00f6s t\u00far\u00e1k, bork\u00f3stol\u00f3k, szob\u00e1k k\u00f6zti vacsoracsata \u00e9s filmn\u00e9z\u00e9sek t\u00f6bbek k\u00f6z\u00f6tt gyakori programok a H\u00e1rsf\u00e1ban. A szakkoll\u00e9gium saj\u00e1t kurzusai id\u00e9n 40 \u00e9ve seg\u00edtik a lak\u00f3k magas sz\u00ednvonal\u00fa szakmai k\u00e9pz\u00e9s\u00e9t, \u00edgy a lelkes hallgat\u00f3k k\u00f6nnyen beilleszkedhetnek az egyetem legjobb klinikai \u00e9s alapkutat\u00e1saiba. Az itt el\u00e9rt eredm\u00e9nyek bemutat\u00e1s\u00e1ra is lehet\u0151s\u00e9g ny\u00edlik a koll\u00e9gium lak\u00f3i \u00e1ltal \u00e9vente szervezett Kor\u00e1nyi Frigyes Tudom\u00e1nyos F\u00f3rumon, melyen magyar \u00e9s k\u00fclf\u00f6ldi hallgat\u00f3k is el\u0151adj\u00e1k munk\u00e1ikat. Szakkoll\u00e9gistak\u00e9nt minimum 4,0-\u00e1s \u00e1tlagot kell teljes\u00edteni, \u00e9s akt\u00edvan r\u00e9szt kell venni a koll\u00e9gium szakmai \u00e9s k\u00f6z\u00f6ss\u00e9gi \u00e9let\u00e9ben.<\/p>\n<p>&nbsp;<\/p>\n<h2 style=\"text-align: center\">SELYE J\u00c1NOS DOKTORANDUSZ SZAKKOLL\u00c9GIUM<\/h2>\n<p>A koll\u00e9giumba jelentkez\u0151 \u00c1ltal\u00e1nos Orvostudom\u00e1nyi, Fogorvostudom\u00e1nyi \u00e9s Gy\u00f3gyszer\u00e9sztudom\u00e1nyi Karon tanul\u00f3 hallgat\u00f3k egy olyan k\u00f6z\u00f6ss\u00e9g r\u00e9szesei lehetnek, ahol sz\u00ednes hangulat \u00e9s k\u00fcl\u00f6nb\u00f6z\u0151 szakmai programok v\u00e1rj\u00e1k \u0151ket. A koll\u00e9gium \u00e9p\u00fclet\u00e9ben tal\u00e1lhat\u00f3 k\u00e9t\u00e1gyas szob\u00e1khoz saj\u00e1t f\u00fcrd\u0151szoba \u00e9s felszerelt konyha is tartozik, \u00edgy a komfort \u00e9rezhet\u0151. A g\u00f3ly\u00e1k sz\u00e1m\u00e1ra mentorprogram seg\u00edti a beilleszked\u00e9st, m\u00edg a konzult\u00e1ci\u00f3k \u00e9s a tanul\u00f3szob\u00e1k seg\u00edtenek a tanul\u00e1sban. Az id\u0151sebb koll\u00e9gist\u00e1k \u00e1ltal tartott konzult\u00e1ci\u00f3k mellett a k\u00f6z\u00f6ss\u00e9gi \u00e9let is pezsg\u0151 a koll\u00e9giumban, melyet k\u00f6z\u00f6s t\u00far\u00e1k, bork\u00f3stol\u00f3k, szob\u00e1k k\u00f6zti vacsoracsata \u00e9s filmn\u00e9z\u00e9sek sz\u00ednes\u00edtenek. A szakkoll\u00e9gium \u00e1ltal szervezett kurzusok pedig m\u00e1r 35 \u00e9ve t\u00e1mogatj\u00e1k a lak\u00f3k magas sz\u00ednvonal\u00fa szakmai k\u00e9pz\u00e9s\u00e9t, \u00edgy a fiatal lelkes hallgat\u00f3k k\u00f6nnyen beilleszkedhetnek az egyetem klinikai \u00e9s alapkutat\u00e1saiba. Az el\u00e9rt eredm\u00e9nyek bemutat\u00e1s\u00e1ra \u00e9vente lehet\u0151s\u00e9g ny\u00edlik a koll\u00e9gium \u00e1ltal szervezett Kor\u00e1nyi Frigyes Tudom\u00e1nyos F\u00f3rumon, melyen magyar \u00e9s k\u00fclf\u00f6ldi hallgat\u00f3k is r\u00e9szt vesznek.<\/p>\n<p>Tov\u00e1bbi inform\u00e1ci\u00f3k\u00e9rt l\u00e1togass el az al\u00e1bbi weblapra: <a href=\"https:\/\/semmelweis.hu\/selye\/\">Selye J\u00e1nos Doktorandusz Szakkoll\u00e9gium \u2013 Semmelweis Egyetem<\/a><\/p>\n<p>&nbsp;<\/p>\n<h2 style=\"text-align: center\">SEMMELWEIS IGN\u00c1C SZAKKOLL\u00c9GIUM<\/h2>\n<p>Hosszas el\u0151k\u00e9sz\u00edt\u00e9st k\u00f6vet\u0151en a 2021\/22 tan\u00e9v \u0151szi szemeszter\u00e9t\u0151l megnyitja kapuit a Semmelweis Ign\u00e1c Szakkoll\u00e9gium, mely k\u00f6z\u00f6ss\u00e9g, tehets\u00e9ggondoz\u00f3, tanul\u00f3k\u00f6r \u00e9s di\u00e1kszervezet egyben. A szakkoll\u00e9gium seg\u00edti tagjait a fejl\u0151d\u00e9sben, akik r\u00e9szt vehetnek az egyetemi kurrikulumot kieg\u00e9sz\u00edt\u0151 hasznos kurzusokon, konferenci\u00e1kon, k\u00e9pz\u00e9s\u00e9ken, szakmai l\u00e1togat\u00e1sokon. A k\u00f6z\u00f6ss\u00e9g r\u00e9szek\u00e9nt, tagjai \u00e9letre sz\u00f3l\u00f3 kapcsolatokat \u00e9p\u00edthetnek, \u00e9lm\u00e9nyeket szerezhetnek ak\u00e1r egy-egy k\u00f6z\u00f6s t\u00e1borban, csapat\u00e9p\u00edt\u0151n, ak\u00e1r a mindennapokban.<\/p>\n<p>A Semmelweis Ign\u00e1c Szakkoll\u00e9gium egy \u00e9p\u00fcletben kap helyet a Selye J\u00e1nos Doktorandusz Szak- koll\u00e9giummal, mely Magyarorsz\u00e1gon egyed\u00fclik\u00e9nt biztos\u00edt dedik\u00e1ltan PhD hallgat\u00f3k sz\u00e1m\u00e1ra lakhat\u00e1st \u00e9s szakmai fejl\u0151d\u00e9st. A k\u00e9t szakkoll\u00e9gium kooper\u00e1ci\u00f3ja azok mentorprogramj\u00e1ban testes\u00fcl meg, mely sor\u00e1n \u2013 kutat\u00f3i \u00e9letp\u00e1lya-modell\u00fcnk \u00e1ltal \u2013 a Doktori Iskola Kutat\u00e1s \u00e9s Management munkacsoportj\u00e1nak seg\u00edts\u00e9g\u00e9vel egyenes utat k\u00edv\u00e1nunk biztos\u00edtani a PhD fokozatszerz\u00e9shez, azt k\u00f6vet\u0151en pedig a t\u00e9mavezet\u0151v\u00e9 v\u00e1l\u00e1shoz. Tekintettel a k\u00e9t szakkoll\u00e9gium szoros egy\u00fcttm\u0171k\u00f6d\u00e9s\u00e9re a Hallgat\u00f3i \u00d6nkorm\u00e1nyzattal, a Doktorandusz \u00d6nkorm\u00e1nyzattal \u00e9s a Doktori Iskol\u00e1val k\u00f6z\u00e9leti, valamint szervez\u00e9si tapasztalatszerz\u00e9st \u00e9s el\u0151menetelt is k\u00edn\u00e1lunk a j\u00f6v\u0151ben vezet\u0151i p\u00e1ly\u00e1t tervez\u0151 hallgat\u00f3ink sz\u00e1m\u00e1ra.<\/p>\n<p>A Semmelweis Egyetem akt\u00edv st\u00e1tusz\u00fa jogviszonnyal rendelkez\u0151 hallgat\u00f3jak\u00e9nt a felv\u00e9teli elj\u00e1r\u00e1s megkezd\u00e9s\u00e9hez nincs m\u00e1s teend\u0151d, mint kit\u00f6lteni a jelentkez\u00e9si fel\u00fcletet itt: <a href=\"https:\/\/semmelweis.hu\/siszk\/\" target=\"_blank\" rel=\"noopener\">https:\/\/semmelweis.hu\/siszk\/<\/a><\/p>\n","protected":false},"excerpt":{"rendered":"<p>A Koll\u00e9giumok Igazgat\u00f3s\u00e1g\u00e1nak honlapja <a href=\"https:\/\/semmelweis.hu\/kollegiumok\/\" target=\"_blank\" rel=\"noopener\">ezen a linken<\/a> \u00e9rhet\u0151 el. A Semmelweis Egyetem jelenleg n\u00e9gy koll\u00e9giumot \u00e9s h\u00e1rom szakkoll\u00e9giumot tart fenn. A koll\u00e9gium nemcsak egy lak\u00f3hely, hanem \u00e9lett\u00e9r is, ahol seg\u00edtj\u00fck egym\u00e1st tanulm\u00e1nyaink elv\u00e9gz\u00e9s\u00e9ben, t\u00f6reksz\u00fcnk arra, hogy mindenki kibontakoztathassa tehets\u00e9g\u00e9t, igyeksz\u00fcnk hozz\u00e1j\u00e1rulni az \u00f6nk\u00e9pz\u00e9shez, a m\u0171vel\u0151d\u00e9shez, a testedz\u00e9shez, valamint a szabadid\u0151 tartalmas elt\u00f6lt\u00e9s\u00e9hez. Az itt kialakul\u00f3 k\u00f6z\u00f6ss\u00e9gek \u00e9s bar\u00e1ts\u00e1gok &hellip;<\/p>\n","protected":false},"author":101673,"featured_media":18622,"parent":12918,"menu_order":2,"comment_status":"closed","ping_status":"closed","template":"","meta":{"_acf_changed":false,"footnotes":""},"categories":[],"tags":[669],"class_list":["post-13156","page","type-page","status-publish","has-post-thumbnail","hentry","tag-hallterszol"],"acf":[],"_links":{"self":[{"href":"https:\/\/semmelweis.hu\/hok\/wp-json\/wp\/v2\/pages\/13156","targetHints":{"allow":["GET"]}}],"collection":[{"href":"https:\/\/semmelweis.hu\/hok\/wp-json\/wp\/v2\/pages"}],"about":[{"href":"https:\/\/semmelweis.hu\/hok\/wp-json\/wp\/v2\/types\/page"}],"author":[{"embeddable":true,"href":"https:\/\/semmelweis.hu\/hok\/wp-json\/wp\/v2\/users\/101673"}],"replies":[{"embeddable":true,"href":"https:\/\/semmelweis.hu\/hok\/wp-json\/wp\/v2\/comments?post=13156"}],"version-history":[{"count":12,"href":"https:\/\/semmelweis.hu\/hok\/wp-json\/wp\/v2\/pages\/13156\/revisions"}],"predecessor-version":[{"id":18624,"href":"https:\/\/semmelweis.hu\/hok\/wp-json\/wp\/v2\/pages\/13156\/revisions\/18624"}],"up":[{"embeddable":true,"href":"https:\/\/semmelweis.hu\/hok\/wp-json\/wp\/v2\/pages\/12918"}],"wp:featuredmedia":[{"embeddable":true,"href":"https:\/\/semmelweis.hu\/hok\/wp-json\/wp\/v2\/media\/18622"}],"wp:attachment":[{"href":"https:\/\/semmelweis.hu\/hok\/wp-json\/wp\/v2\/media?parent=13156"}],"wp:term":[{"taxonomy":"category","embeddable":true,"href":"https:\/\/semmelweis.hu\/hok\/wp-json\/wp\/v2\/categories?post=13156"},{"taxonomy":"post_tag","embeddable":true,"href":"https:\/\/semmelweis.hu\/hok\/wp-json\/wp\/v2\/tags?post=13156"}],"curies":[{"name":"wp","href":"https:\/\/api.w.org\/{rel}","templated":true}]}}