{"id":12918,"date":"2022-03-17T21:23:12","date_gmt":"2022-03-17T20:23:12","guid":{"rendered":"https:\/\/semmelweis.hu\/hok\/?page_id=12918"},"modified":"2023-07-09T23:33:42","modified_gmt":"2023-07-09T21:33:42","slug":"hallgatoi-terek-szolgaltatasok","status":"publish","type":"page","link":"https:\/\/semmelweis.hu\/hok\/hasznos\/hallgatoi-terek-szolgaltatasok\/","title":{"rendered":"Hallgat\u00f3i terek, szolg\u00e1ltat\u00e1sok"},"content":{"rendered":"<p>A Semmelweis Egyetem rendk\u00edv\u00fcl sok \u00e9p\u00fclettel rendelkezik, melyekben oktat\u00e1s, kutat\u00e1s \u00e9s betegell\u00e1t\u00e1s egyar\u00e1nt zajlik. Az \u00e9p\u00fcletek nagy r\u00e9sze elsz\u00f3rtan tal\u00e1lhat\u00f3 Budapest-szerte. K\u00fcl\u00f6nlegess\u00e9ge ezeknek az \u00e9p\u00fcleteknek, hogy sok k\u00fcl\u00f6nb\u00f6z\u0151 t\u00f6rt\u00e9nelmi korszakb\u00f3l hordoznak magukon st\u00edlusjegyeket. Egyetemista l\u00e9tetek sz\u00ednterei, bar\u00e1ts\u00e1gok, szerelmek, k\u00f6z\u00f6s tanul\u00e1sok helysz\u00ednei.<\/p>\n<p style=\"text-align: center\"><script type=\"text\/javascript\" src=\"https:\/\/semmelweis.hu\/hok\/wp-content\/themes\/se18\/dist\/scripts\/carousel.js\"><\/script>    <section class=\"post-cards shortcode-wrapper\">\r\n        <div id=\"news-container\" class=\" d-none d-sm-flex flex-column  full-width-post-cards-shortcode-card news-container-for-card-code\" style=\"\">\r\n            \r\n            <div class=\"row card-row my-2 pt-3 pb-0 mx-0 w-100 \">\r\n               \r\n                \ufeff\r\n    <div class=\"card-format col col-12 col-md-4 col-lg-3 pl-1 pl-md-0 pr-1 pr-md-2 mb-2\">\r\n        <a class=\"d-block w-100\"  href=\"https:\/\/semmelweis.hu\/hok\/hasznos\/hallgatoi-terek-szolgaltatasok\/egyetemi-epuletek\/\">\r\n      <!--  <a class=\"d-block w-100\" target=\"_blank\" href=\" \"> -->\r\n            <div class=\"card\">\r\n                                    <div class=\"card-image img-fluid \">\r\n                         \r\n                        <img loading=\"lazy\" decoding=\"async\" width=\"331\" height=\"223\" src=\"https:\/\/semmelweis.hu\/hok\/files\/2021\/07\/epuletek.jpg\" class=\"landscape wp-post-image\" alt=\"\" srcset=\"https:\/\/semmelweis.hu\/hok\/files\/2021\/07\/epuletek.jpg 331w, https:\/\/semmelweis.hu\/hok\/files\/2021\/07\/epuletek-300x202.jpg 300w\" sizes=\"auto, (max-width: 331px) 100vw, 331px\" \/>                    <\/div>\r\n                \r\n                <div class=\"card-body\">\r\n                    <div class=\"card-date text-uppercase  d-none  \">\r\n                                                    <h5><span class=\"font-weight-normal\">2022. <\/span>\u00e1prilis 13.<\/h5>\r\n                                            <\/div>\r\n                    <div class=\"card-title\">\r\n                        <h3 class=\"mt-2 entry-title\">\u00c9p\u00fcletek<\/h3>\r\n                    <\/div>\r\n                    <style>\r\n                        .card-text-inside{\r\n                                                 display: -webkit-box;\r\n                    -webkit-line-clamp: 4;\r\n                    -webkit-box-orient: vertical;\r\n                     overflow:hidden;\r\n                     text-overflow: ellipsis;\r\n                        }\r\n                        <\/style>\r\n                                    <\/div>\r\n            <\/div>\r\n        <\/a>\r\n    <\/div>\r\n\r\n\r\n\ufeff\r\n    <div class=\"card-format col col-12 col-md-4 col-lg-3 pl-1 pl-md-0 pr-1 pr-md-2 mb-2\">\r\n        <a class=\"d-block w-100\"  href=\"https:\/\/semmelweis.hu\/hok\/hasznos\/hallgatoi-terek-szolgaltatasok\/egyetemi-kollegiumok\/\">\r\n      <!--  <a class=\"d-block w-100\" target=\"_blank\" href=\" \"> -->\r\n            <div class=\"card\">\r\n                                    <div class=\"card-image img-fluid \">\r\n                         \r\n                        <img loading=\"lazy\" decoding=\"async\" width=\"753\" height=\"424\" src=\"https:\/\/semmelweis.hu\/hok\/files\/2025\/07\/Kollegiumok-768x432.jpeg\" class=\"landscape wp-post-image\" alt=\"\" srcset=\"https:\/\/semmelweis.hu\/hok\/files\/2025\/07\/Kollegiumok-768x432.jpeg 768w, https:\/\/semmelweis.hu\/hok\/files\/2025\/07\/Kollegiumok-300x169.jpeg 300w, https:\/\/semmelweis.hu\/hok\/files\/2025\/07\/Kollegiumok-1024x576.jpeg 1024w, https:\/\/semmelweis.hu\/hok\/files\/2025\/07\/Kollegiumok-1536x864.jpeg 1536w, https:\/\/semmelweis.hu\/hok\/files\/2025\/07\/Kollegiumok-753x424.jpeg 753w, https:\/\/semmelweis.hu\/hok\/files\/2025\/07\/Kollegiumok.jpeg 2048w\" sizes=\"auto, (max-width: 753px) 100vw, 753px\" \/>                    <\/div>\r\n                \r\n                <div class=\"card-body\">\r\n                    <div class=\"card-date text-uppercase  d-none  \">\r\n                                                    <h5><span class=\"font-weight-normal\">2022. <\/span>\u00e1prilis 13.<\/h5>\r\n                                            <\/div>\r\n                    <div class=\"card-title\">\r\n                        <h3 class=\"mt-2 entry-title\">Koll\u00e9giumok<\/h3>\r\n                    <\/div>\r\n                    <style>\r\n                        .card-text-inside{\r\n                                                 display: -webkit-box;\r\n                    -webkit-line-clamp: 4;\r\n                    -webkit-box-orient: vertical;\r\n                     overflow:hidden;\r\n                     text-overflow: ellipsis;\r\n                        }\r\n                        <\/style>\r\n                                    <\/div>\r\n            <\/div>\r\n        <\/a>\r\n    <\/div>\r\n\r\n\r\n\ufeff\r\n    <div class=\"card-format col col-12 col-md-4 col-lg-3 pl-1 pl-md-0 pr-1 pr-md-2 mb-2\">\r\n        <a class=\"d-block w-100\"  href=\"https:\/\/semmelweis.hu\/hok\/hasznos\/hallgatoi-terek-szolgaltatasok\/egyetemi-konyvtarak\/\">\r\n      <!--  <a class=\"d-block w-100\" target=\"_blank\" href=\" \"> -->\r\n            <div class=\"card\">\r\n                                    <div class=\"card-image img-fluid \">\r\n                         \r\n                        <img loading=\"lazy\" decoding=\"async\" width=\"410\" height=\"230\" src=\"https:\/\/semmelweis.hu\/hok\/files\/2021\/07\/konyvtarak.jpg\" class=\"landscape wp-post-image\" alt=\"\" srcset=\"https:\/\/semmelweis.hu\/hok\/files\/2021\/07\/konyvtarak.jpg 410w, https:\/\/semmelweis.hu\/hok\/files\/2021\/07\/konyvtarak-300x168.jpg 300w\" sizes=\"auto, (max-width: 410px) 100vw, 410px\" \/>                    <\/div>\r\n                \r\n                <div class=\"card-body\">\r\n                    <div class=\"card-date text-uppercase  d-none  \">\r\n                                                    <h5><span class=\"font-weight-normal\">2022. <\/span>\u00e1prilis 13.<\/h5>\r\n                                            <\/div>\r\n                    <div class=\"card-title\">\r\n                        <h3 class=\"mt-2 entry-title\">K\u00f6nyvt\u00e1rak<\/h3>\r\n                    <\/div>\r\n                    <style>\r\n                        .card-text-inside{\r\n                                                 display: -webkit-box;\r\n                    -webkit-line-clamp: 4;\r\n                    -webkit-box-orient: vertical;\r\n                     overflow:hidden;\r\n                     text-overflow: ellipsis;\r\n                        }\r\n                        <\/style>\r\n                                    <\/div>\r\n            <\/div>\r\n        <\/a>\r\n    <\/div>\r\n\r\n\r\n\ufeff\r\n    <div class=\"card-format col col-12 col-md-4 col-lg-3 pl-1 pl-md-0 pr-1 pr-md-2 mb-2\">\r\n        <a class=\"d-block w-100\"  href=\"https:\/\/semmelweis.hu\/hok\/hasznos\/hallgatoi-terek-szolgaltatasok\/egyetemi-szolgaltatasok\/\">\r\n      <!--  <a class=\"d-block w-100\" target=\"_blank\" href=\" \"> -->\r\n            <div class=\"card\">\r\n                                    <div class=\"card-image img-fluid \">\r\n                         \r\n                        <img loading=\"lazy\" decoding=\"async\" width=\"633\" height=\"404\" src=\"https:\/\/semmelweis.hu\/hok\/files\/2022\/04\/szolgaltatsok-belyegkep.jpg\" class=\"landscape wp-post-image\" alt=\"\" srcset=\"https:\/\/semmelweis.hu\/hok\/files\/2022\/04\/szolgaltatsok-belyegkep.jpg 633w, https:\/\/semmelweis.hu\/hok\/files\/2022\/04\/szolgaltatsok-belyegkep-300x191.jpg 300w\" sizes=\"auto, (max-width: 633px) 100vw, 633px\" \/>                    <\/div>\r\n                \r\n                <div class=\"card-body\">\r\n                    <div class=\"card-date text-uppercase  d-none  \">\r\n                                                    <h5><span class=\"font-weight-normal\">2022. <\/span>\u00e1prilis 13.<\/h5>\r\n                                            <\/div>\r\n                    <div class=\"card-title\">\r\n                        <h3 class=\"mt-2 entry-title\">Szolg\u00e1ltat\u00e1sok<\/h3>\r\n                    <\/div>\r\n                    <style>\r\n                        .card-text-inside{\r\n                                                 display: -webkit-box;\r\n                    -webkit-line-clamp: 4;\r\n                    -webkit-box-orient: vertical;\r\n                     overflow:hidden;\r\n                     text-overflow: ellipsis;\r\n                        }\r\n                        <\/style>\r\n                                    <\/div>\r\n            <\/div>\r\n        <\/a>\r\n    <\/div>\r\n\r\n\r\n\ufeff\r\n    <div class=\"card-format col col-12 col-md-4 col-lg-3 pl-1 pl-md-0 pr-1 pr-md-2 mb-2\">\r\n        <a class=\"d-block w-100\"  href=\"https:\/\/semmelweis.hu\/hok\/hasznos\/hallgatoi-terek-szolgaltatasok\/egyetemi-terkep\/\">\r\n      <!--  <a class=\"d-block w-100\" target=\"_blank\" href=\" \"> -->\r\n            <div class=\"card\">\r\n                                    <div class=\"card-image img-fluid \">\r\n                         \r\n                        <img loading=\"lazy\" decoding=\"async\" width=\"500\" height=\"353\" src=\"https:\/\/semmelweis.hu\/hok\/files\/2022\/04\/seterkep-belyegkep.jpg\" class=\"landscape wp-post-image\" alt=\"\" srcset=\"https:\/\/semmelweis.hu\/hok\/files\/2022\/04\/seterkep-belyegkep.jpg 500w, https:\/\/semmelweis.hu\/hok\/files\/2022\/04\/seterkep-belyegkep-300x212.jpg 300w\" sizes=\"auto, (max-width: 500px) 100vw, 500px\" \/>                    <\/div>\r\n                \r\n                <div class=\"card-body\">\r\n                    <div class=\"card-date text-uppercase  d-none  \">\r\n                                                    <h5><span class=\"font-weight-normal\">2022. <\/span>\u00e1prilis 13.<\/h5>\r\n                                            <\/div>\r\n                    <div class=\"card-title\">\r\n                        <h3 class=\"mt-2 entry-title\">T\u00e9rk\u00e9p<\/h3>\r\n                    <\/div>\r\n                    <style>\r\n                        .card-text-inside{\r\n                                                 display: -webkit-box;\r\n                    -webkit-line-clamp: 4;\r\n                    -webkit-box-orient: vertical;\r\n                     overflow:hidden;\r\n                     text-overflow: ellipsis;\r\n                        }\r\n                        <\/style>\r\n                                    <\/div>\r\n            <\/div>\r\n        <\/a>\r\n    <\/div>\r\n\r\n\r\n                \r\n            <\/div>\r\n        <\/div>\r\n\r\n                        <div class=\"post-slide-hirek row px-0\">\r\n            <style>\r\n                .post-slide-hirek .owl-nav button {\r\n                    margin: 0px !important;\r\n                    height: 100% !important;\r\n                }\r\n\r\n                .card-custom-title {\r\n                    font-size: 17px;\r\n                    line-height: 23px;\r\n                    overflow: hidden;\r\n                    text-overflow: ellipsis;\r\n                    display: -webkit-box;\r\n                    -webkit-line-clamp: 3;\r\n                    -webkit-box-orient: vertical;\r\n                    min-height: 72px;\r\n                }\r\n\r\n                .card-custom-max-h {\r\n                    max-height: 235px !important;\r\n                    object-fit: cover;\r\n                }\r\n\r\n                .post-slide-hirek .owl-item .card-img img {\r\n                    opacity: 1 !important;\r\n                    aspect-ratio: 3\/ 2;\r\n\r\n                }\r\n                .card:has(.card-date:not(.d-none)):not(:has(img)) {\r\n                    margin-top: 20px;\r\n                }\r\n            <\/style>\r\n                            <div class=\"owl-carousel col-12 px-0 mt-2 mb-4 md-md-0 d-sm-none\">\r\n                                            <a class=\"item-1\" href=\"https:\/\/semmelweis.hu\/hok\/hasznos\/hallgatoi-terek-szolgaltatasok\/egyetemi-epuletek\/\">\r\n\r\n                            <div class=\"card-img \">\r\n                                <img loading=\"lazy\" decoding=\"async\" width=\"331\" height=\"223\" src=\"https:\/\/semmelweis.hu\/hok\/files\/2021\/07\/epuletek.jpg\" class=\"d-block card-custom-max-h  img-fluid n-1 wp-post-image\" alt=\"\" srcset=\"https:\/\/semmelweis.hu\/hok\/files\/2021\/07\/epuletek.jpg 331w, https:\/\/semmelweis.hu\/hok\/files\/2021\/07\/epuletek-300x202.jpg 300w\" sizes=\"auto, (max-width: 331px) 100vw, 331px\" \/>                            <\/div>\r\n                            <div class=\"card-title mb-1\">\r\n                                <h3 class=\"mt-0 pt-1 mb-0 px-2 card-custom-title d-flex align-items-center d-md-block\">\r\n                                    <span class=\"entry-title pt-0 pt-md-1\">\u00c9p\u00fcletek                                <\/h3>\r\n                            <\/div>\r\n                            \r\n\r\n                        <\/a>\r\n                                            <a class=\"item-2\" href=\"https:\/\/semmelweis.hu\/hok\/hasznos\/hallgatoi-terek-szolgaltatasok\/egyetemi-kollegiumok\/\">\r\n\r\n                            <div class=\"card-img \">\r\n                                <img loading=\"lazy\" decoding=\"async\" width=\"560\" height=\"315\" src=\"https:\/\/semmelweis.hu\/hok\/files\/2025\/07\/Kollegiumok.jpeg\" class=\"d-block card-custom-max-h  img-fluid n-2 wp-post-image\" alt=\"\" srcset=\"https:\/\/semmelweis.hu\/hok\/files\/2025\/07\/Kollegiumok.jpeg 2048w, https:\/\/semmelweis.hu\/hok\/files\/2025\/07\/Kollegiumok-300x169.jpeg 300w, https:\/\/semmelweis.hu\/hok\/files\/2025\/07\/Kollegiumok-1024x576.jpeg 1024w, https:\/\/semmelweis.hu\/hok\/files\/2025\/07\/Kollegiumok-768x432.jpeg 768w, https:\/\/semmelweis.hu\/hok\/files\/2025\/07\/Kollegiumok-1536x864.jpeg 1536w, https:\/\/semmelweis.hu\/hok\/files\/2025\/07\/Kollegiumok-753x424.jpeg 753w\" sizes=\"auto, (max-width: 560px) 100vw, 560px\" \/>                            <\/div>\r\n                            <div class=\"card-title mb-1\">\r\n                                <h3 class=\"mt-0 pt-1 mb-0 px-2 card-custom-title d-flex align-items-center d-md-block\">\r\n                                    <span class=\"entry-title pt-0 pt-md-1\">Koll\u00e9giumok                                <\/h3>\r\n                            <\/div>\r\n                            \r\n\r\n                        <\/a>\r\n                                            <a class=\"item-3\" href=\"https:\/\/semmelweis.hu\/hok\/hasznos\/hallgatoi-terek-szolgaltatasok\/egyetemi-konyvtarak\/\">\r\n\r\n                            <div class=\"card-img \">\r\n                                <img loading=\"lazy\" decoding=\"async\" width=\"410\" height=\"230\" src=\"https:\/\/semmelweis.hu\/hok\/files\/2021\/07\/konyvtarak.jpg\" class=\"d-block card-custom-max-h  img-fluid n-3 wp-post-image\" alt=\"\" srcset=\"https:\/\/semmelweis.hu\/hok\/files\/2021\/07\/konyvtarak.jpg 410w, https:\/\/semmelweis.hu\/hok\/files\/2021\/07\/konyvtarak-300x168.jpg 300w\" sizes=\"auto, (max-width: 410px) 100vw, 410px\" \/>                            <\/div>\r\n                            <div class=\"card-title mb-1\">\r\n                                <h3 class=\"mt-0 pt-1 mb-0 px-2 card-custom-title d-flex align-items-center d-md-block\">\r\n                                    <span class=\"entry-title pt-0 pt-md-1\">K\u00f6nyvt\u00e1rak                                <\/h3>\r\n                            <\/div>\r\n                            \r\n\r\n                        <\/a>\r\n                                            <a class=\"item-4\" href=\"https:\/\/semmelweis.hu\/hok\/hasznos\/hallgatoi-terek-szolgaltatasok\/egyetemi-szolgaltatasok\/\">\r\n\r\n                            <div class=\"card-img \">\r\n                                <img loading=\"lazy\" decoding=\"async\" width=\"560\" height=\"357\" src=\"https:\/\/semmelweis.hu\/hok\/files\/2022\/04\/szolgaltatsok-belyegkep.jpg\" class=\"d-block card-custom-max-h  img-fluid n-4 wp-post-image\" alt=\"\" srcset=\"https:\/\/semmelweis.hu\/hok\/files\/2022\/04\/szolgaltatsok-belyegkep.jpg 633w, https:\/\/semmelweis.hu\/hok\/files\/2022\/04\/szolgaltatsok-belyegkep-300x191.jpg 300w\" sizes=\"auto, (max-width: 560px) 100vw, 560px\" \/>                            <\/div>\r\n                            <div class=\"card-title mb-1\">\r\n                                <h3 class=\"mt-0 pt-1 mb-0 px-2 card-custom-title d-flex align-items-center d-md-block\">\r\n                                    <span class=\"entry-title pt-0 pt-md-1\">Szolg\u00e1ltat\u00e1sok                                <\/h3>\r\n                            <\/div>\r\n                            \r\n\r\n                        <\/a>\r\n                                            <a class=\"item-5\" href=\"https:\/\/semmelweis.hu\/hok\/hasznos\/hallgatoi-terek-szolgaltatasok\/egyetemi-terkep\/\">\r\n\r\n                            <div class=\"card-img \">\r\n                                <img loading=\"lazy\" decoding=\"async\" width=\"500\" height=\"353\" src=\"https:\/\/semmelweis.hu\/hok\/files\/2022\/04\/seterkep-belyegkep.jpg\" class=\"d-block card-custom-max-h  img-fluid n-5 wp-post-image\" alt=\"\" srcset=\"https:\/\/semmelweis.hu\/hok\/files\/2022\/04\/seterkep-belyegkep.jpg 500w, https:\/\/semmelweis.hu\/hok\/files\/2022\/04\/seterkep-belyegkep-300x212.jpg 300w\" sizes=\"auto, (max-width: 500px) 100vw, 500px\" \/>                            <\/div>\r\n                            <div class=\"card-title mb-1\">\r\n                                <h3 class=\"mt-0 pt-1 mb-0 px-2 card-custom-title d-flex align-items-center d-md-block\">\r\n                                    <span class=\"entry-title pt-0 pt-md-1\">T\u00e9rk\u00e9p                                <\/h3>\r\n                            <\/div>\r\n                            \r\n\r\n                        <\/a>\r\n                                    <\/div>\r\n\r\n                    \r\n        <\/div><!-- owl-carousel -->\r\n    <\/section>\r\n\r\n<\/p>\n<h4 style=\"text-align: center\"><span style=\"text-decoration: underline\">Visszajelz\u00e9s<\/span><\/h4>\n\n<div class=\"wpcf7 no-js\" id=\"wpcf7-f13051-o1\" lang=\"hu-HU\" dir=\"ltr\" data-wpcf7-id=\"13051\">\n<div class=\"screen-reader-response\"><p role=\"status\" aria-live=\"polite\" aria-atomic=\"true\"><\/p> <ul><\/ul><\/div>\n<form action=\"\/hok\/wp-json\/wp\/v2\/pages\/12918#wpcf7-f13051-o1\" method=\"post\" class=\"wpcf7-form init\" aria-label=\"Kapcsolatfelv\u00e9teli \u0171rlap\" novalidate=\"novalidate\" data-status=\"init\">\n<div style=\"display: none;\">\n<input type=\"hidden\" name=\"_wpcf7\" value=\"13051\" \/>\n<input type=\"hidden\" name=\"_wpcf7_version\" value=\"6.0.5\" \/>\n<input type=\"hidden\" name=\"_wpcf7_locale\" value=\"hu_HU\" \/>\n<input type=\"hidden\" name=\"_wpcf7_unit_tag\" value=\"wpcf7-f13051-o1\" \/>\n<input type=\"hidden\" name=\"_wpcf7_container_post\" value=\"0\" \/>\n<input type=\"hidden\" name=\"_wpcf7_posted_data_hash\" value=\"\" \/>\n<input type=\"hidden\" name=\"_wpcf7_recaptcha_response\" value=\"\" \/>\n<\/div>\n<p><label> Mennyire vagy el\u00e9gedett ezzel az oldallal?<br \/>\n<span class=\"wpcf7-form-control-wrap\" data-name=\"szolgertekeles\"><select class=\"wpcf7-form-control wpcf7-select\" aria-invalid=\"false\" name=\"szolgertekeles\"><option value=\"\">&#8212; K\u00e9rj\u00fck, v\u00e1lasszon egy opci\u00f3t &#8212;<\/option><option value=\"1 (egy\u00e1ltal\u00e1n nem)\">1 (egy\u00e1ltal\u00e1n nem)<\/option><option value=\"2\">2<\/option><option value=\"3\">3<\/option><option value=\"4\">4<\/option><option value=\"5 (teljes m\u00e9rt\u00e9kben)\">5 (teljes m\u00e9rt\u00e9kben)<\/option><\/select><\/span> <\/label>\n<\/p>\n<p><label> Mondd el a v\u00e9lem\u00e9nyed:<\/label>\n<\/p>\n<p><label> T\u00e1rgy:<br \/>\n<span class=\"wpcf7-form-control-wrap\" data-name=\"text-szolgtargy\"><input size=\"40\" maxlength=\"400\" class=\"wpcf7-form-control wpcf7-text wpcf7-validates-as-required\" aria-required=\"true\" aria-invalid=\"false\" placeholder=\"pl. jav\u00edt\u00e1s, \u00e9szrev\u00e9tel, \u00faj \u00f6tlet\" value=\"\" type=\"text\" name=\"text-szolgtargy\" \/><\/span> <\/label>\n<\/p>\n<p><label> Itt tudod r\u00e9szletezni:<br \/>\n<span class=\"wpcf7-form-control-wrap\" data-name=\"szolgaltatext\"><textarea cols=\"40\" rows=\"10\" maxlength=\"2000\" class=\"wpcf7-form-control wpcf7-textarea wpcf7-validates-as-required\" aria-required=\"true\" aria-invalid=\"false\" name=\"szolgaltatext\"><\/textarea><\/span> <\/label>\n<\/p>\n<p><input class=\"wpcf7-form-control wpcf7-submit has-spinner\" type=\"submit\" value=\"Bek\u00fcld\u00e9s\" \/>\n<\/p><div class=\"wpcf7-response-output\" aria-hidden=\"true\"><\/div>\n<\/form>\n<\/div>\n\n<p>&nbsp;<\/p>\n","protected":false},"excerpt":{"rendered":"<p>&nbsp;<\/p>\n<p>&nbsp;<\/p>\n","protected":false},"author":101673,"featured_media":0,"parent":28,"menu_order":1,"comment_status":"closed","ping_status":"closed","template":"","meta":{"_acf_changed":false,"footnotes":""},"categories":[],"tags":[],"class_list":["post-12918","page","type-page","status-publish","hentry"],"acf":[],"_links":{"self":[{"href":"https:\/\/semmelweis.hu\/hok\/wp-json\/wp\/v2\/pages\/12918","targetHints":{"allow":["GET"]}}],"collection":[{"href":"https:\/\/semmelweis.hu\/hok\/wp-json\/wp\/v2\/pages"}],"about":[{"href":"https:\/\/semmelweis.hu\/hok\/wp-json\/wp\/v2\/types\/page"}],"author":[{"embeddable":true,"href":"https:\/\/semmelweis.hu\/hok\/wp-json\/wp\/v2\/users\/101673"}],"replies":[{"embeddable":true,"href":"https:\/\/semmelweis.hu\/hok\/wp-json\/wp\/v2\/comments?post=12918"}],"version-history":[{"count":10,"href":"https:\/\/semmelweis.hu\/hok\/wp-json\/wp\/v2\/pages\/12918\/revisions"}],"predecessor-version":[{"id":15464,"href":"https:\/\/semmelweis.hu\/hok\/wp-json\/wp\/v2\/pages\/12918\/revisions\/15464"}],"up":[{"embeddable":true,"href":"https:\/\/semmelweis.hu\/hok\/wp-json\/wp\/v2\/pages\/28"}],"wp:attachment":[{"href":"https:\/\/semmelweis.hu\/hok\/wp-json\/wp\/v2\/media?parent=12918"}],"wp:term":[{"taxonomy":"category","embeddable":true,"href":"https:\/\/semmelweis.hu\/hok\/wp-json\/wp\/v2\/categories?post=12918"},{"taxonomy":"post_tag","embeddable":true,"href":"https:\/\/semmelweis.hu\/hok\/wp-json\/wp\/v2\/tags?post=12918"}],"curies":[{"name":"wp","href":"https:\/\/api.w.org\/{rel}","templated":true}]}}