{"id":12359,"date":"2021-10-27T16:52:29","date_gmt":"2021-10-27T14:52:29","guid":{"rendered":"https:\/\/semmelweis.hu\/hok\/?page_id=12359"},"modified":"2025-11-04T20:52:03","modified_gmt":"2025-11-04T19:52:03","slug":"palyazatok-ontevekeny-csoportok-szamara","status":"publish","type":"page","link":"https:\/\/semmelweis.hu\/hok\/palyazatok-ontevekeny-csoportok-szamara\/","title":{"rendered":"P\u00e1ly\u00e1zatok \u00f6ntev\u00e9keny csoportok sz\u00e1m\u00e1ra"},"content":{"rendered":"","protected":false},"excerpt":{"rendered":"","protected":false},"author":101673,"featured_media":0,"parent":0,"menu_order":9,"comment_status":"closed","ping_status":"closed","template":"","meta":{"_acf_changed":false,"footnotes":""},"categories":[766],"tags":[],"class_list":["post-12359","page","type-page","status-publish","hentry","category-archiv"],"acf":[],"_links":{"self":[{"href":"https:\/\/semmelweis.hu\/hok\/wp-json\/wp\/v2\/pages\/12359","targetHints":{"allow":["GET"]}}],"collection":[{"href":"https:\/\/semmelweis.hu\/hok\/wp-json\/wp\/v2\/pages"}],"about":[{"href":"https:\/\/semmelweis.hu\/hok\/wp-json\/wp\/v2\/types\/page"}],"author":[{"embeddable":true,"href":"https:\/\/semmelweis.hu\/hok\/wp-json\/wp\/v2\/users\/101673"}],"replies":[{"embeddable":true,"href":"https:\/\/semmelweis.hu\/hok\/wp-json\/wp\/v2\/comments?post=12359"}],"version-history":[{"count":1,"href":"https:\/\/semmelweis.hu\/hok\/wp-json\/wp\/v2\/pages\/12359\/revisions"}],"predecessor-version":[{"id":12360,"href":"https:\/\/semmelweis.hu\/hok\/wp-json\/wp\/v2\/pages\/12359\/revisions\/12360"}],"wp:attachment":[{"href":"https:\/\/semmelweis.hu\/hok\/wp-json\/wp\/v2\/media?parent=12359"}],"wp:term":[{"taxonomy":"category","embeddable":true,"href":"https:\/\/semmelweis.hu\/hok\/wp-json\/wp\/v2\/categories?post=12359"},{"taxonomy":"post_tag","embeddable":true,"href":"https:\/\/semmelweis.hu\/hok\/wp-json\/wp\/v2\/tags?post=12359"}],"curies":[{"name":"wp","href":"https:\/\/api.w.org\/{rel}","templated":true}]}}