{"id":12354,"date":"2021-10-27T16:54:55","date_gmt":"2021-10-27T14:54:55","guid":{"rendered":"https:\/\/semmelweis.hu\/hok\/?page_id=12354"},"modified":"2025-11-04T20:49:40","modified_gmt":"2025-11-04T19:49:40","slug":"jarvanyugyi-osztondij","status":"publish","type":"page","link":"https:\/\/semmelweis.hu\/hok\/jarvanyugyi-osztondij\/","title":{"rendered":"J\u00e1rv\u00e1ny\u00fcgyi \u00f6szt\u00f6nd\u00edj"},"content":{"rendered":"<h4 style=\"text-align: center\">J\u00e1rv\u00e1ny\u00fcgyi p\u00f3t\u00f6szt\u00f6nd\u00edj<u><br \/>\n<\/u><\/h4>\n<p>A Semmelweis Egyetem Hallgat\u00f3i \u00f6nkorm\u00e1nyzata egyszeri J\u00e1rv\u00e1ny\u00fcgyi P\u00f3t\u00f6szt\u00f6nd\u00edjat \u00edr ki 2022. j\u00fanius 21-t\u0151l 2022. j\u00fanius 26-ig az \u00f6szt\u00f6nd\u00edj elnyer\u00e9se c\u00e9lj\u00e1b\u00f3l a\u00a0<a href=\"https:\/\/semmelweis.hu\/jogigfoig\/dokumentumtar\/szabalyzattar\/szervezeti-es-mukodesi-szabalyzat\/\">Semmelweis Egyetem T\u00e9r\u00edt\u00e9si \u00e9s Juttat\u00e1si Szab\u00e1lyzat<\/a> 20. \u00a7 (5) \u00e9s (6) bekezd\u00e9sei alapj\u00e1n.<\/p>\n<p>A J\u00e1rv\u00e1ny\u00fcgyi P\u00f3t\u00f6szt\u00f6nd\u00edj meg\u00e1llap\u00edt\u00e1sa a k\u00f6vetkez\u0151 feladatell\u00e1t\u00e1s alapj\u00e1n \u00edt\u00e9lhet\u0151 meg a hallgat\u00f3k r\u00e9sz\u00e9re:<\/p>\n<p>Azon magyar, vagy idegennyelv\u0171 k\u00e9pz\u00e9sben r\u00e9sztvev\u0151 hallgat\u00f3knak oda\u00edt\u00e9lhet\u0151 juttat\u00e1s, akik a Semmelweis Egyetem Klinik\u00e1in l\u00e1ttak el j\u00e1rv\u00e1ny\u00fcgyi v\u00e9dekez\u00e9ssel kapcsolatos feladatokat 2021. janu\u00e1r 1-j\u00e9t\u0151l 2022. \u00e1prilis 30-ig, ezzel seg\u00edtve a Covid-19 vil\u00e1gj\u00e1rv\u00e1ny magyarorsz\u00e1gi v\u00e9dekez\u00e9s\u00e9t.<\/p>\n<p>&nbsp;<\/p>\n<p>I. P\u00e1ly\u00e1z\u00e1sra jogosultak k\u00f6re:<\/p>\n<p>A\u00a0<strong>J\u00e1rv\u00e1ny\u00fcgyi P\u00f3t\u00f6szt\u00f6nd\u00edjra jogosultak<\/strong>\u00a0azok a magyar, vagy idegennyelv\u0171 k\u00e9pz\u00e9sben r\u00e9sztvev\u0151 teljes idej\u0171, nappali k\u00e9pz\u00e9sen tanul\u00f3, a p\u00e1ly\u00e1z\u00e1si id\u0151 alatt akt\u00edv st\u00e1tusz\u00fa hallgat\u00f3k, akik \u00e1llamilag t\u00e1mogatott\/magyar \u00e1llami (r\u00e9sz)\u00f6szt\u00f6nd\u00edjas vagy k\u00f6lts\u00e9gt\u00e9r\u00edt\u00e9ses\/\u00f6nk\u00f6lts\u00e9ges teljes idej\u0171, vagy levelez\u0151 tagozatos alap-, mester- \u00e9s osztatlan k\u00e9pz\u00e9sben, kor\u00e1bbi rendszer\u0171 egyetemi \u00e9s f\u0151iskolai szint\u0171 alapk\u00e9pz\u00e9sben, fels\u0151oktat\u00e1si szakk\u00e9pz\u00e9sben vagy fels\u0151fok\u00fa szakk\u00e9pz\u00e9sben, valamint doktori k\u00e9pz\u00e9sben vesznek r\u00e9szt. A p\u00e1ly\u00e1zat egy alkalommal ny\u00fajthat\u00f3 be, ha a p\u00e1ly\u00e1z\u00f3 megfelel a ki\u00edr\u00e1sban foglalt felt\u00e9teleknek.<\/p>\n<p>&nbsp;<\/p>\n<p>II. A p\u00e1ly\u00e1zat beny\u00fajt\u00e1s\u00e1nak m\u00f3dja:<\/p>\n<p>a) A p\u00e1ly\u00e1zat beny\u00fajt\u00e1s\u00e1nak helye:\u00a0<br \/>\nA p\u00e1ly\u00e1zatokat a Neptun \u2013 U\u0308gyint\u00e9z\u00e9s menu\u0308 \u2013 K\u00e9rv\u00e9nyek men\u00fcpontban lehet leadni.<\/p>\n<p>b) A p\u00e1ly\u00e1zat beny\u00fajt\u00e1s\u00e1nak ideje: 2022. j\u00fanius 21. 10:00 \u2013 2022. j\u00fanius 26. 23:59.<\/p>\n<p>A hat\u00e1rid\u0151 be nem tart\u00e1sa jogveszt\u0151 hat\u00e1ly\u00fa. Hi\u00e1nyp\u00f3tl\u00e1sra nincs leheto\u030bs\u00e9g. A p\u00e1ly\u00e1zati id\u0151szak v\u00e9g\u00e9ig (II. b) pont) a p\u00e1ly\u00e1z\u00f3 k\u00f6teles leadni k\u00e9rv\u00e9ny\u00e9t. A k\u00e9rv\u00e9ny akkor sz\u00e1m\u00edt leadottnak, ha a Neptun \u2013 U\u0308gyint\u00e9z\u00e9s menu\u0308 \u2013 K\u00e9rv\u00e9nyek menu\u0308pont \u2013 Leadott k\u00e9rv\u00e9nyek fu\u0308l alatt szerepel a k\u00e9rv\u00e9ny, valamint e-mailben t\u00f6rt\u00e9n\u0151 p\u00e1ly\u00e1z\u00e1s eset\u00e9n akkor, ha a lead\u00e1s t\u00e9ny\u00e9t visszaigazol\u00f3 e-mail meg\u00e9rkezik.<br \/>\nA p\u00e1ly\u00e1z\u00e1s egy\u00e9ni, \u00edgy a csoportos p\u00e1ly\u00e1zatok eset\u00e9n szu\u0308ks\u00e9ges a csoportos tev\u00e9kenys\u00e9gben r\u00e9szt vevo\u030b hallgat\u00f3k mindegyik\u00e9nek beny\u00fajtania p\u00e1ly\u00e1zati k\u00e9rv\u00e9nyt.<\/p>\n<p>&nbsp;<\/p>\n<p>III. Beny\u00fajtand\u00f3 igazol\u00e1sok, dokumentumok:<\/p>\n<p>A k\u00e9rv\u00e9nykezel\u0151ben meghat\u00e1rozott \u0171rlap beny\u00fajt\u00e1sa sz\u00fcks\u00e9ges.<\/p>\n<p>&nbsp;<\/p>\n<p>IV. Az elb\u00edr\u00e1l\u00e1s szempontja \u00e9s hat\u00e1rideje; elb\u00edr\u00e1l\u00e1s\u00e1ra jogosult testu\u0308let, vagy szem\u00e9ly:<\/p>\n<p>Az \u00f6szt\u00f6nd\u00edjra val\u00f3 jogosults\u00e1g \u00e9s az \u00f6szt\u00f6nd\u00edj \u00f6sszege a III. pont szerinti dokumentum tartalm\u00e1ra tekintettel ker\u00fcl meg\u00e1llap\u00edt\u00e1sra. Az \u00f6szt\u00f6nd\u00edjban r\u00e9szes\u00fcl\u0151k k\u00f6r\u00e9re \u00e9s az \u00f6szt\u00f6nd\u00edj sz\u00e1m\u00edt\u00e1s\u00e1nak figyelembev\u00e9tel\u00e9vel az \u00f6szt\u00f6nd\u00edj m\u00e9rt\u00e9k\u00e9re vonatkoz\u00f3 javaslatot a Hallgat\u00f3i \u00f6nkorm\u00e1nyzat eln\u00f6ke k\u00e9sz\u00edti el\u0151 a K\u00f6z\u00e9leti Bizotts\u00e1g sz\u00e1m\u00e1ra, amely d\u00f6nt az \u00f6szt\u00f6nd\u00edjak oda\u00edt\u00e9l\u00e9s\u00e9r\u0151l az al\u00e1bbi szempontok szerint:<\/p>\n<p>Az elb\u00edr\u00e1l\u00e1s tov\u00e1bbi alapj\u00e1t a Semmelweis Egyetem, valamint a Hallgat\u00f3i \u00f6nkorm\u00e1nyzat \u00e1ltal vezetett jelenl\u00e9ti statisztik\u00e1k \u00e9s kezel\u00e9s\u00fckben \u00e1ll\u00f3 adatb\u00e1zis jelenti, amelyet az elb\u00edr\u00e1l\u00e1sra jogosult bizotts\u00e1g hivatalb\u00f3l vizsg\u00e1l meg.<\/p>\n<p>Az \u00f6szt\u00f6nd\u00edj \u00f6sszeg\u00e9t a Semmelweis Egyetem Kancell\u00e1rja, valamint a Klinikai K\u00f6zpont Eln\u00f6ke \u00e1ltal meg\u00e1llap\u00edtott \u00f3rad\u00edj alapj\u00e1n \u00edt\u00e9li meg a bizotts\u00e1g. A b\u00edr\u00e1l\u00f3bizotts\u00e1g a rendelkez\u00e9sre \u00e1ll\u00f3 keret\u00f6sszeg figyelembev\u00e9tel\u00e9vel \u00e9s a v\u00e9gzett tev\u00e9kenys\u00e9g jellege alapj\u00e1n a t\u00e1mogat\u00e1st a keret\u00f6sszeg erej\u00e9ig \u00e1llap\u00edthatja meg \u00e9s az \u00f6szt\u00f6nd\u00edjban r\u00e9szes\u00fcl\u0151k sz\u00e1m\u00e1t a keret\u00f6sszegre figyelemmel korl\u00e1tozhatja.<\/p>\n<p>A b\u00edr\u00e1latot a TJSZ 8. \u00a7 (3) bekezd\u00e9s szerinti bizotts\u00e1g (K\u00f6z\u00e9leti bizotts\u00e1g) v\u00e9gzi, d\u00f6nt az \u00f6szt\u00f6nd\u00edj oda\u00edt\u00e9l\u00e9s\u00e9ro\u030bl \u00e9s \u00f6sszeg\u00e9ro\u030bl.<\/p>\n<p>Saj\u00e1t p\u00e1ly\u00e1zat\u00e1nak b\u00edr\u00e1lat\u00e1ban nem vehet r\u00e9szt az, aki az \u00f6szt\u00f6nd\u00edjra p\u00e1ly\u00e1zott.<\/p>\n<p>&nbsp;<\/p>\n<p>V. Egy\u00e9b tudnival\u00f3k:<\/p>\n<p>a) Adatkezel\u00e9s<\/p>\n<ul>\n<li>A p\u00e1ly\u00e1zat sor\u00e1n megadott szem\u00e9lyes adatok kezel\u00e9s\u00e9re, illetve feldolgoz\u00e1s\u00e1ra a H\u00f6K eln\u00f6ke, az \u00e1ltala ezzel megb\u00edzott szem\u00e9ly, tov\u00e1bb\u00e1 a b\u00edr\u00e1l\u00f3 bizotts\u00e1g jogosult. Ezen adatok kiz\u00e1r\u00f3lag a leadott p\u00e1ly\u00e1zat b\u00edr\u00e1lat\u00e1hoz, illetve feldolgoz\u00e1s\u00e1hoz keru\u0308lnek felhaszn\u00e1l\u00e1sra.<\/li>\n<li>A szem\u00e9lyes adatok kezel\u00e9s\u00e9vel, v\u00e9delm\u00e9vel kapcsolatban a p\u00e1ly\u00e1z\u00f3 az egyetem adatv\u00e9delmi tisztvisel\u0151j\u00e9hez fordulhat.<\/li>\n<\/ul>\n<p>b) A b\u00edr\u00e1latot el\u0151k\u00e9sz\u00edt\u0151 szem\u00e9ly lehet\u0151s\u00e9get adhat a k\u00e9rv\u00e9ny kijav\u00edt\u00e1s\u00e1ra a bead\u00e1st k\u00f6veto\u030b<\/p>\n<p>c) a b\u00edr\u00e1l\u00f3 bizotts\u00e1g a Neptunon k\u00edv\u00fcl \u00e9rkez\u0151 \u00f6szt\u00f6nd\u00edjk\u00e9relmet is befogadhatja m\u00e9lt\u00e1nyolhat\u00f3 ok eset\u00e9n.<\/p>\n<p>d) Jogorvoslat: \u00e1ltal\u00e1nos szab\u00e1lyok szerint.<\/p>\n<p>&nbsp;<\/p>\n<p>Budapest, 2022. 06. 16.<\/p>\n<p style=\"text-align: right\"><a href=\"https:\/\/www.facebook.com\/balint.tripolszky\" target=\"_blank\" rel=\"noopener\">Tripolszky B\u00e1lint<\/a><br \/>\n\u00a0eln\u00f6k<br \/>\nHallgat\u00f3i \u00f6nkorm\u00e1nyzat<\/p>\n<p>&nbsp;<\/p>\n<p style=\"text-align: center\"><a href=\"https:\/\/linktr.ee\/sehok\" target=\"_blank\" rel=\"noopener\"><strong>K\u00e9rd\u00e9s eset\u00e9n keress minket bizalommal!<\/strong><\/a><\/p>\n<div class=\"exp-col-content-holder\"><a class=\"expand-cnt-link\" href=\"#\">Kor\u00e1bbi p\u00e1ly\u00e1zati ki\u00edr\u00e1s<\/a><\/p>\n<div class=\"hidden-content\">\n<h4 style=\"text-align: center\"><span style=\"color: #ff0000\"><strong>A j\u00e1rv\u00e1ny\u00fcgyi \u00f6szt\u00f6nd\u00edj kivezet\u00e9sre ker\u00fcl m\u00e1jus 1-j\u00e9vel. Az utols\u00f3 megp\u00e1ly\u00e1zhat\u00f3 id\u0151szak a 2022 \u00e1prilis\u00e1ban v\u00e9gzett munk\u00e1\u00e9rt m\u00e1jus 1-t\u0151l 8-ig tart.<\/strong><\/span><\/h4>\n<h4>\u00a0<\/h4>\n<h4 style=\"text-align: center\"><u>J\u00e1RV\u00e1NY\u00dcGYI \u00f6SZT\u00f6ND\u00cdJ<\/u><\/h4>\n<p>A Semmelweis Egyetem Hallgat\u00f3i \u00f6nkorm\u00e1nyzata a Klinikai K\u00f6zpont eln\u00f6k\u00e9nek egyet\u00e9rt\u00e9s\u00e9vel J\u00e1rv\u00e1ny\u00fcgyi \u00f6szt\u00f6nd\u00edjat \u00edr ki 2021. j\u00falius\u00e1t\u00f3l visszavon\u00e1sig az \u00f6szt\u00f6nd\u00edj elnyer\u00e9se c\u00e9lj\u00e1b\u00f3l a <a href=\"https:\/\/semmelweis.hu\/jogigfoig\/dokumentumtar\/szabalyzattar\/szervezeti-es-mukodesi-szabalyzat\/\" target=\"_blank\" rel=\"noopener\">Semmelweis Egyetem T\u00e9r\u00edt\u00e9si \u00e9s Juttat\u00e1si Szab\u00e1lyzat<\/a> 20. \u00a7 (5) \u00e9s (6) bekezd\u00e9sei alapj\u00e1n.<\/p>\n<p>&nbsp;<\/p>\n<p>A J\u00e1rv\u00e1ny\u00fcgyi \u00f6szt\u00f6nd\u00edj meg\u00e1llap\u00edt\u00e1sa k\u00e9t feladatell\u00e1t\u00e1s alapj\u00e1n \u00edt\u00e9lhet\u0151 meg a hallgat\u00f3k r\u00e9sz\u00e9re:<\/p>\n<p><strong>A t\u00edpus\u00fa \u00f6szt\u00f6nd\u00edj<\/strong>: Azon magyar nyelv\u0171 k\u00e9pz\u00e9sben r\u00e9sztvev\u0151 hallgat\u00f3knak oda\u00edt\u00e9lhet\u0151 juttat\u00e1s, akik a Semmelweis Egyetemen alkalmazott j\u00e1rv\u00e1ny\u00fcgyi feladatok ell\u00e1t\u00e1s\u00e1ban val\u00f3 hallgat\u00f3i r\u00e9szv\u00e9tel szervez\u00e9s\u00e9r\u0151l sz\u00f3l\u00f3 Rektori utas\u00edt\u00e1snak megfelel\u0151en az Orsz\u00e1gos Ment\u0151szolg\u00e1lat (tov\u00e1bbiakban OMSZ) sz\u0171r\u00e9si programj\u00e1ban r\u00e9szt vesznek, ezzel seg\u00edtve a Covid-19 vil\u00e1gj\u00e1rv\u00e1ny magyarorsz\u00e1gi v\u00e9dekez\u00e9s\u00e9t, ide nem v\u00e9ve a korm\u00e1nyhat\u00e1rozat alapj\u00e1n kirendelt hallgat\u00f3kat, akik sz\u00e1m\u00e1ra a honor\u00e1rium nem \u00f6szt\u00f6nd\u00edj form\u00e1ban ker\u00fcl kifizet\u00e9sre.<\/p>\n<p><strong>S t\u00edpus\u00fa \u00f6szt\u00f6nd\u00edj:<\/strong> Azon magyar, vagy idegennyelv\u0171 k\u00e9pz\u00e9sben r\u00e9sztvev\u0151 hallgat\u00f3knak oda\u00edt\u00e9lhet\u0151 juttat\u00e1s, akik a Semmelweis Egyetem S\u00fcrg\u0151ss\u00e9gi Orvostani Klinik\u00e1j\u00e1n (tov\u00e1bbiakban SBO), vagy az Egyetem ter\u00fclet\u00e9n m\u0171k\u00f6d\u0151 olt\u00f3pontokon, illetve COVID-oszt\u00e1lyokon l\u00e1tnak el j\u00e1rv\u00e1ny\u00fcgyi v\u00e9dekez\u00e9ssel kapcsolatos feladatokat, ezzel seg\u00edtve a Covid-19 vil\u00e1gj\u00e1rv\u00e1ny magyarorsz\u00e1gi v\u00e9dekez\u00e9s\u00e9t.<\/p>\n<p>&nbsp;<\/p>\n<p>I. P\u00e1ly\u00e1z\u00e1sra jogosultak k\u00f6re:<\/p>\n<p>A <strong>J\u00e1rv\u00e1ny\u00fcgyi \u00f6szt\u00f6nd\u00edj \u201eA\u201d t\u00edpus\u00fa v\u00e1ltozat\u00e1ra jogosultak<\/strong> azok a magyar nyelv\u0171 k\u00e9pz\u00e9sben r\u00e9sztvev\u0151 teljes idej\u0171, nappali k\u00e9pz\u00e9sen tanul\u00f3, a p\u00e1ly\u00e1z\u00e1si id\u0151 alatt akt\u00edv st\u00e1tusz\u00fa hallgat\u00f3k, akik \u00e1llamilag t\u00e1mogatott\/magyar \u00e1llami (r\u00e9sz)\u00f6szt\u00f6nd\u00edjas vagy k\u00f6lts\u00e9gt\u00e9r\u00edt\u00e9ses\/\u00f6nk\u00f6lts\u00e9ges teljes idej\u0171, vagy levelez\u0151 tagozatos alap-, mester- \u00e9s osztatlan k\u00e9pz\u00e9sben, kor\u00e1bban rendszeru\u030b egyetemi \u00e9s f\u0151iskolai szint\u0171 alapk\u00e9pz\u00e9sben, fels\u0151oktat\u00e1si szakk\u00e9pz\u00e9sben vagy fels\u0151fok\u00fa szakk\u00e9pz\u00e9sben, valamint doktori k\u00e9pz\u00e9sben vesznek r\u00e9szt. A p\u00e1ly\u00e1zat t\u00f6bb alkalommal is beny\u00fajthat\u00f3, ha a p\u00e1ly\u00e1z\u00f3 megfelel a ki\u00edr\u00e1sban foglalt felt\u00e9teleknek.<\/p>\n<p>A <strong>J\u00e1rv\u00e1ny\u00fcgyi \u00f6szt\u00f6nd\u00edj \u201eS\u201d t\u00edpus\u00fa v\u00e1ltozat\u00e1ra jogosultak<\/strong> azok a magyar, vagy idegennyelv\u0171 k\u00e9pz\u00e9sben r\u00e9sztvev\u0151 teljes idej\u0171, nappali k\u00e9pz\u00e9sen tanul\u00f3, a p\u00e1ly\u00e1z\u00e1si id\u0151 alatt akt\u00edv st\u00e1tusz\u00fa hallgat\u00f3k, akik \u00e1llamilag t\u00e1mogatott\/magyar \u00e1llami (r\u00e9sz)\u00f6szt\u00f6nd\u00edjas vagy k\u00f6lts\u00e9gt\u00e9r\u00edt\u00e9ses\/\u00f6nk\u00f6lts\u00e9ges teljes idej\u0171, vagy levelez\u0151 tagozatos alap-, mester- \u00e9s osztatlan k\u00e9pz\u00e9sben, kor\u00e1bbi rendszer\u0171 egyetemi \u00e9s f\u0151iskolai szint\u0171 alapk\u00e9pz\u00e9sben, fels\u0151oktat\u00e1si szakk\u00e9pz\u00e9sben vagy fels\u0151fok\u00fa szakk\u00e9pz\u00e9sben, valamint doktori k\u00e9pz\u00e9sben vesznek r\u00e9szt. A p\u00e1ly\u00e1zat t\u00f6bb alkalommal is beny\u00fajthat\u00f3, ha a p\u00e1ly\u00e1z\u00f3 megfelel a ki\u00edr\u00e1sban foglalt felt\u00e9teleknek.<\/p>\n<p>&nbsp;<\/p>\n<p>II. A p\u00e1ly\u00e1zat beny\u00fajt\u00e1s\u00e1nak m\u00f3dja:<\/p>\n<p>a) A p\u00e1ly\u00e1zat beny\u00fajt\u00e1s\u00e1nak helye: <br \/>\nA p\u00e1ly\u00e1zatokat a Neptun \u2013 U\u0308gyint\u00e9z\u00e9s menu\u0308 \u2013 K\u00e9rv\u00e9nyek menu\u0308pontban lehet leadni.<\/p>\n<p>b) A p\u00e1ly\u00e1zat beny\u00fajt\u00e1s\u00e1nak ideje:<br \/>\nMinden h\u00f3nap els\u0151 napj\u00e1t\u00f3l a t\u00e1rgyh\u00f3 nyolcadik napja, 20:00-ig terjed\u0151 id\u0151szakban lehet beny\u00fajtani a p\u00e1ly\u00e1zatot a megel\u0151z\u0151 egy h\u00f3napra vonatkoz\u00f3 munkav\u00e9gz\u00e9sr\u0151l. A p\u00e1ly\u00e1zat id\u0151tartama a Kancell\u00e1r, vagy a Klinikai K\u00f6zpont Eln\u00f6ke \u00e1ltali, p\u00e1ly\u00e1zati ki\u00edr\u00e1s visszavon\u00e1s\u00e1ig tart.<\/p>\n<p>A hat\u00e1rido\u030b be nem tart\u00e1sa jogveszto\u030b hat\u00e1ly\u00fa. Hi\u00e1nyp\u00f3tl\u00e1sra nincs leheto\u030bs\u00e9g. A p\u00e1ly\u00e1zati ido\u030bszak v\u00e9g\u00e9ig (II. b) pont) a p\u00e1ly\u00e1z\u00f3 k\u00f6teles leadni k\u00e9rv\u00e9ny\u00e9t. A k\u00e9rv\u00e9ny akkor sz\u00e1m\u00edt leadottnak, ha a Neptun \u2013 U\u0308gyint\u00e9z\u00e9s menu\u0308 \u2013 K\u00e9rv\u00e9nyek menu\u0308pont \u2013 Leadott k\u00e9rv\u00e9nyek fu\u0308l alatt szerepel a k\u00e9rv\u00e9ny.<br \/>\nA p\u00e1ly\u00e1z\u00e1s egy\u00e9ni, \u00edgy a csoportos p\u00e1ly\u00e1zatok eset\u00e9n szu\u0308ks\u00e9ges a csoportos tev\u00e9kenys\u00e9gben r\u00e9szt vevo\u030b hallgat\u00f3k mindegyik\u00e9nek beny\u00fajtania p\u00e1ly\u00e1zati k\u00e9rv\u00e9nyt.<\/p>\n<p>&nbsp;<\/p>\n<p>III. Beny\u00fajtand\u00f3 igazol\u00e1sok, dokumentumok:<\/p>\n<p>A k\u00e9rv\u00e9nykezel\u0151ben meghat\u00e1rozott \u0171rlap beny\u00fajt\u00e1sa sz\u00fcks\u00e9ges.<\/p>\n<p>&nbsp;<\/p>\n<p>IV. Az elb\u00edr\u00e1l\u00e1s szempontja \u00e9s hat\u00e1rideje; elb\u00edr\u00e1l\u00e1s\u00e1ra jogosult testu\u0308let, vagy szem\u00e9ly:<\/p>\n<p>Az \u00f6szt\u00f6nd\u00edjra val\u00f3 jogosults\u00e1g \u00e9s az \u00f6szt\u00f6nd\u00edj \u00f6sszege a III. pont szerinti dokumentum tartalm\u00e1ra tekintettel keru\u0308l meg\u00e1llap\u00edt\u00e1sra. Az \u00f6szt\u00f6nd\u00edjban r\u00e9szes\u00fcl\u0151k k\u00f6r\u00e9re \u00e9s az \u00f6szt\u00f6nd\u00edj sz\u00e1m\u00edt\u00e1s\u00e1nak figyelembev\u00e9tel\u00e9vel az \u00f6szt\u00f6nd\u00edj m\u00e9rt\u00e9k\u00e9re vonatkoz\u00f3 javaslatot a Hallgat\u00f3i \u00f6nkorm\u00e1nyzat eln\u00f6ke k\u00e9sz\u00edti el\u0151 a K\u00f6z\u00e9leti Bizotts\u00e1g sz\u00e1m\u00e1ra, amely d\u00f6nt az \u00f6szt\u00f6nd\u00edjak oda\u00edt\u00e9l\u00e9s\u00e9r\u0151l az al\u00e1bbi szempontok szerint:<\/p>\n<p><strong>&#8211; \u201eA\u201d t\u00edpus\u00fa \u00f6szt\u00f6nd\u00edj v\u00e1ltozat:<\/strong><\/p>\n<p>A <strong>\u201eA\u201d t\u00edpus\u00fa \u00f6szt\u00f6nd\u00edj<\/strong> tekintet\u00e9ben az elb\u00edr\u00e1l\u00e1s tov\u00e1bbi alapj\u00e1t az Orsz\u00e1gos Ment\u0151szolg\u00e1lat \u00e1ltal szolg\u00e1ltatott jelenl\u00e9ti statisztik\u00e1k, valamint az egyetem, illetve a Hallgat\u00f3i \u00f6nkorm\u00e1nyzat \u00e1ltal kezelt adatb\u00e1zis adatai figyelembev\u00e9tel\u00e9vel ker\u00fcl meg\u00e1llap\u00edt\u00e1sra, amelyet az elb\u00edr\u00e1l\u00e1sra jogosult bizotts\u00e1g hivatalb\u00f3l vizsg\u00e1l meg.<\/p>\n<p>Az \u201eA\u201d t\u00edpus\u00fa \u00f6szt\u00f6nd\u00edjra p\u00e1ly\u00e1z\u00f3k sz\u00e1m\u00e1ra napi 10.000 forint az \u00f6szt\u00f6nd\u00edj m\u00e9rt\u00e9ke h\u00e9tk\u00f6znapon, 15.000 forint az \u00f6szt\u00f6nd\u00edj m\u00e9rt\u00e9ke h\u00e9tv\u00e9g\u00e9n, valamint \u00fcnnepnapon.<\/p>\n<p><strong>&#8211; \u201eS\u201d t\u00edpus\u00fa \u00f6szt\u00f6nd\u00edj v\u00e1ltozat:<\/strong><\/p>\n<p>A <strong>\u201eS\u201d t\u00edpus\u00fa \u00f6szt\u00f6nd\u00edj<\/strong> tekintet\u00e9ben az elb\u00edr\u00e1l\u00e1s tov\u00e1bbi alapj\u00e1t a Semmelweis Egyetem, valamint a Hallgat\u00f3i \u00f6nkorm\u00e1nyzat \u00e1ltal vezetett jelenl\u00e9ti statisztik\u00e1k \u00e9s kezel\u00e9s\u00fckben \u00e1ll\u00f3 adatb\u00e1zis jelenti, amelyet az elb\u00edr\u00e1l\u00e1sra jogosult bizotts\u00e1g hivatalb\u00f3l vizsg\u00e1l meg.<\/p>\n<p>Az \u00f6szt\u00f6nd\u00edj \u00f6sszeg\u00e9t a t\u00e1rgyh\u00f3napban leadott ig\u00e9nyek \u00e9s a rendelkez\u00e9sre \u00e1ll\u00f3 keret\u00f6sszeg figyelembev\u00e9tel\u00e9vel a Semmelweis Egyetem Kancell\u00e1rja, valamint a Klinikai K\u00f6zpont Eln\u00f6ke \u00e1ltal meg\u00e1llap\u00edtott \u00f3rad\u00edj alapj\u00e1n \u00edt\u00e9li meg a bizotts\u00e1g. A b\u00edr\u00e1l\u00f3bizotts\u00e1g a rendelkez\u00e9sre \u00e1ll\u00f3 keret\u00f6sszeg figyelembev\u00e9tel\u00e9vel \u00e9s a v\u00e9gzett tev\u00e9kenys\u00e9g jellege alapj\u00e1n a t\u00e1mogat\u00e1st a keret\u00f6sszeg erej\u00e9ig \u00e1llap\u00edthatja meg \u00e9s az \u00f6szt\u00f6nd\u00edjban r\u00e9szes\u00fcl\u0151k sz\u00e1m\u00e1t a keret\u00f6sszegre figyelemmel korl\u00e1tozhatja.<\/p>\n<p>&nbsp;<\/p>\n<p>A b\u00edr\u00e1latot a TJSZ 8. \u00a7 (3) bekezd\u00e9s szerinti bizotts\u00e1g (K\u00f6z\u00e9leti bizotts\u00e1g) v\u00e9gzi, d\u00f6nt az \u00f6szt\u00f6nd\u00edj oda\u00edt\u00e9l\u00e9s\u00e9ro\u030bl \u00e9s \u00f6sszeg\u00e9ro\u030bl.<\/p>\n<p>Saj\u00e1t p\u00e1ly\u00e1zat\u00e1nak b\u00edr\u00e1lat\u00e1ban nem vehet r\u00e9szt az, aki az \u00f6szt\u00f6nd\u00edjra p\u00e1ly\u00e1zott.<\/p>\n<p>&nbsp;<\/p>\n<p>V. Egy\u00e9b tudnival\u00f3k:<\/p>\n<p>a) Adatkezel\u00e9s<\/p>\n<ul>\n<li>A p\u00e1ly\u00e1zat sor\u00e1n megadott szem\u00e9lyes adatok kezel\u00e9s\u00e9re, illetve feldolgoz\u00e1s\u00e1ra a H\u00f6K eln\u00f6ke, az \u00e1ltala ezzel megb\u00edzott szem\u00e9ly, tov\u00e1bb\u00e1 a b\u00edr\u00e1l\u00f3 bizotts\u00e1g jogosult. Ezen adatok kiz\u00e1r\u00f3lag a leadott p\u00e1ly\u00e1zat b\u00edr\u00e1lat\u00e1hoz, illetve feldolgoz\u00e1s\u00e1hoz keru\u0308lnek felhaszn\u00e1l\u00e1sra.<\/li>\n<li>A szem\u00e9lyes adatok kezel\u00e9s\u00e9vel, v\u00e9delm\u00e9vel kapcsolatban a p\u00e1ly\u00e1z\u00f3 az egyetem adatv\u00e9delmi tisztvisel\u0151j\u00e9hez fordulhat.<\/li>\n<\/ul>\n<p>b) A b\u00edr\u00e1latot elo\u030bk\u00e9sz\u00edto\u030b szem\u00e9ly leheto\u030bs\u00e9get adhat a k\u00e9rv\u00e9ny kijav\u00edt\u00e1s\u00e1ra a bead\u00e1st k\u00f6veto\u030ben.<\/p>\n<p>c) Jogorvoslat: \u00e1ltal\u00e1nos szab\u00e1lyok szerint.<\/p>\n<p>&nbsp;<\/p>\n<p>Budapest, 2021. 07. 13.<\/p>\n<p><em>Friss\u00edtve:<\/em> 2021. 12. 23.<\/p>\n<p>&nbsp;<\/p>\n<p style=\"text-align: right\"><a href=\"https:\/\/www.facebook.com\/balint.tripolszky\" target=\"_blank\" rel=\"noopener\">Tripolszky B\u00e1lint<\/a><br \/>\neln\u00f6k<br \/>\nHallgat\u00f3i \u00f6nkorm\u00e1nyzat<\/p>\n<\/div>\n<\/div>\n<p>&nbsp;<\/p>\n","protected":false},"excerpt":{"rendered":"<p>J\u00e1rv\u00e1ny\u00fcgyi p\u00f3t\u00f6szt\u00f6nd\u00edj A Semmelweis Egyetem Hallgat\u00f3i \u00f6nkorm\u00e1nyzata egyszeri J\u00e1rv\u00e1ny\u00fcgyi P\u00f3t\u00f6szt\u00f6nd\u00edjat \u00edr ki 2022. j\u00fanius 21-t\u0151l 2022. j\u00fanius 26-ig az \u00f6szt\u00f6nd\u00edj elnyer\u00e9se c\u00e9lj\u00e1b\u00f3l a\u00a0 <a href=\"https:\/\/semmelweis.hu\/jogigfoig\/dokumentumtar\/szabalyzattar\/szervezeti-es-mukodesi-szabalyzat\/\">Semmelweis Egyetem T\u00e9r\u00edt\u00e9si \u00e9s Juttat\u00e1si Szab\u00e1lyzat<\/a> 20. \u00a7 (5) \u00e9s (6) bekezd\u00e9sei alapj\u00e1n. A J\u00e1rv\u00e1ny\u00fcgyi P\u00f3t\u00f6szt\u00f6nd\u00edj meg\u00e1llap\u00edt\u00e1sa a k\u00f6vetkez\u0151 feladatell\u00e1t\u00e1s alapj\u00e1n \u00edt\u00e9lhet\u0151 meg a hallgat\u00f3k r\u00e9sz\u00e9re: Azon magyar, vagy idegennyelv\u0171 k\u00e9pz\u00e9sben r\u00e9sztvev\u0151 hallgat\u00f3knak oda\u00edt\u00e9lhet\u0151 juttat\u00e1s, akik a Semmelweis &hellip;<\/p>\n","protected":false},"author":101673,"featured_media":12541,"parent":0,"menu_order":7,"comment_status":"closed","ping_status":"closed","template":"","meta":{"_acf_changed":false,"footnotes":""},"categories":[766],"tags":[],"class_list":["post-12354","page","type-page","status-publish","has-post-thumbnail","hentry","category-archiv"],"acf":[],"_links":{"self":[{"href":"https:\/\/semmelweis.hu\/hok\/wp-json\/wp\/v2\/pages\/12354","targetHints":{"allow":["GET"]}}],"collection":[{"href":"https:\/\/semmelweis.hu\/hok\/wp-json\/wp\/v2\/pages"}],"about":[{"href":"https:\/\/semmelweis.hu\/hok\/wp-json\/wp\/v2\/types\/page"}],"author":[{"embeddable":true,"href":"https:\/\/semmelweis.hu\/hok\/wp-json\/wp\/v2\/users\/101673"}],"replies":[{"embeddable":true,"href":"https:\/\/semmelweis.hu\/hok\/wp-json\/wp\/v2\/comments?post=12354"}],"version-history":[{"count":9,"href":"https:\/\/semmelweis.hu\/hok\/wp-json\/wp\/v2\/pages\/12354\/revisions"}],"predecessor-version":[{"id":12540,"href":"https:\/\/semmelweis.hu\/hok\/wp-json\/wp\/v2\/pages\/12354\/revisions\/12540"}],"wp:featuredmedia":[{"embeddable":true,"href":"https:\/\/semmelweis.hu\/hok\/wp-json\/wp\/v2\/media\/12541"}],"wp:attachment":[{"href":"https:\/\/semmelweis.hu\/hok\/wp-json\/wp\/v2\/media?parent=12354"}],"wp:term":[{"taxonomy":"category","embeddable":true,"href":"https:\/\/semmelweis.hu\/hok\/wp-json\/wp\/v2\/categories?post=12354"},{"taxonomy":"post_tag","embeddable":true,"href":"https:\/\/semmelweis.hu\/hok\/wp-json\/wp\/v2\/tags?post=12354"}],"curies":[{"name":"wp","href":"https:\/\/api.w.org\/{rel}","templated":true}]}}