{"id":7,"date":"2012-04-10T13:14:00","date_gmt":"2012-04-10T11:14:00","guid":{"rendered":"http:\/\/semmelweis-egyetem.hu\/habilitacios-bizottsag\/?page_id=7"},"modified":"2024-06-27T19:24:35","modified_gmt":"2024-06-27T17:24:35","slug":"dokumentumok","status":"publish","type":"page","link":"https:\/\/semmelweis.hu\/habilitacios-bizottsag\/dokumentumok\/","title":{"rendered":"Dokumentumok"},"content":{"rendered":"<ul>\n<li style=\"list-style-type: none\">\n<ul>\n<li style=\"list-style-type: none\">\n<ul>\n<li><a href=\"https:\/\/semmelweis.hu\/jogigfoig\/dokumentumtar\/szabalyzattar\/szervezeti-es-mukodesi-szabalyzat\/ii-konyv-fkr\/szmsz-ii-3-resz-habilitacios-szabalyzat-es-melleklete\/\"><strong>HABILIT\u00c1CI\u00d3S SZAB\u00c1LYZAT<\/strong> \u00e9s mell\u00e9kletei \u2013 Hat\u00e1lyos: 2023. j\u00falius 11-t\u0151l (pdf)<\/a>\u00a0<\/li>\n<li><a href=\"https:\/\/semmelweis.hu\/habilitacios-bizottsag\/files\/2024\/04\/A-palyazo-osszefoglalo-adatai_4-melleklet.docx\">Habilit\u00e1ci\u00f3s p\u00e1ly\u00e1zati \u0171rlap \u2013 <strong>A p\u00e1ly\u00e1z\u00f3 \u00f6sszefoglal\u00f3 adatai 4. sz. mell\u00e9klet<\/strong> (docx)<\/a><\/li>\n<li><a href=\"https:\/\/semmelweis.hu\/habilitacios-bizottsag\/files\/2016\/02\/ADATLAP-eljarasi-dij-befizetesehez.xlsx\">Adatlap az <strong>elj\u00e1r\u00e1si d\u00edj befizet\u00e9s<\/strong>\u00e9hez (xlsx)<\/a><\/li>\n<li><a href=\"https:\/\/semmelweis.hu\/habilitacios-bizottsag\/files\/2024\/06\/Meghivo_habilitacios-tantermi-eloadas.docx\"><strong>Megh\u00edv\u00f3minta<\/strong> \u2013 tantermi el\u0151ad\u00e1s (docx)<\/a>\u00a0<\/li>\n<li><a href=\"https:\/\/semmelweis.hu\/habilitacios-bizottsag\/files\/2024\/06\/Meghivo_habilitacios-kollokviumi-eloadas.docx\"><strong>Megh\u00edv\u00f3minta<\/strong> \u2013 kollokvium (docx)<\/a><\/li>\n<li><a href=\"http:\/\/lib.semmelweis.hu\/publist-hitelesites\">Az egyetem K\u00f6zponti K\u00f6nyvt\u00e1r\u00e1nak <strong>elj\u00e1r\u00e1srend<\/strong>je a habilit\u00e1ci\u00f3s p\u00e1ly\u00e1zatok ellen\u0151rz\u00e9s\u00e9re \u00e9s hiteles\u00edt\u00e9s\u00e9re vonatkoz\u00f3an \u2192<\/a><\/li>\n<li><a href=\"https:\/\/semmelweis.hu\/habilitacios-bizottsag\/files\/2021\/03\/SE-habilitacios-bizottsag-forgatokonyv-elnoknek-kollokvium.docx\"><strong>A kollokvium forgat\u00f3k\u00f6nyve<\/strong> (docx)<\/a><\/li>\n<li><a href=\"https:\/\/semmelweis.hu\/habilitacios-bizottsag\/files\/2024\/02\/Jegyzokonyv_habilitacios-kollokvium.doc\"><strong>Jegyz\u0151k\u00f6nyv<\/strong> \u2013 <em>a kollokviumi bizotts\u00e1g eln\u00f6ke r\u00e9sz\u00e9re<\/em> (doc)<\/a><\/li>\n<li><a href=\"https:\/\/semmelweis.hu\/jogigfoig\/2023\/05\/22\/r-1-2023-v-18-szamu-rektori-utasitas-a-habilitacios-bizottsag-feladatainak-ellatasa-soran-felkert-szakertok-kotelezettsegeinek-gyakorlasarol\/\">R\/1\/2023. (V.18.) sz\u00e1m\u00fa <strong>REKTORI UTAS\u00cdT\u00c1S<\/strong> a Habilit\u00e1ci\u00f3s Bizotts\u00e1g feladatainak ell\u00e1t\u00e1sa sor\u00e1n felk\u00e9rt szak\u00e9rt\u0151k k\u00f6telezetts\u00e9geinek gyakorl\u00e1s\u00e1r\u00f3l\u00a0<\/a><\/li>\n<\/ul>\n<\/li>\n<\/ul>\n<\/li>\n<\/ul>\n","protected":false},"excerpt":{"rendered":"<p><a href=\"https:\/\/semmelweis.hu\/jogigfoig\/dokumentumtar\/szabalyzattar\/szervezeti-es-mukodesi-szabalyzat\/ii-konyv-fkr\/szmsz-ii-3-resz-habilitacios-szabalyzat-es-melleklete\/\">HABILIT\u00c1CI\u00d3S SZAB\u00c1LYZAT \u00e9s mell\u00e9kletei \u2013 Hat\u00e1lyos: 2023. j\u00falius 11-t\u0151l (pdf)<\/a>\u00a0<br \/>\n<a href=\"https:\/\/semmelweis.hu\/habilitacios-bizottsag\/files\/2024\/04\/A-palyazo-osszefoglalo-adatai_4-melleklet.docx\">Habilit\u00e1ci\u00f3s p\u00e1ly\u00e1zati \u0171rlap \u2013 A p\u00e1ly\u00e1z\u00f3 \u00f6sszefoglal\u00f3 adatai 4. sz. mell\u00e9klet (docx)<\/a><br \/>\n<a href=\"https:\/\/semmelweis.hu\/habilitacios-bizottsag\/files\/2016\/02\/ADATLAP-eljarasi-dij-befizetesehez.xlsx\">Adatlap az elj\u00e1r\u00e1si d\u00edj befizet\u00e9s\u00e9hez (xlsx)<\/a><br \/>\n<a href=\"https:\/\/semmelweis.hu\/habilitacios-bizottsag\/files\/2024\/06\/Meghivo_habilitacios-tantermi-eloadas.docx\">Megh\u00edv\u00f3minta \u2013 tantermi el\u0151ad\u00e1s (docx)<\/a>\u00a0<br \/>\n<a href=\"https:\/\/semmelweis.hu\/habilitacios-bizottsag\/files\/2024\/06\/Meghivo_habilitacios-kollokviumi-eloadas.docx\">Megh\u00edv\u00f3minta \u2013 kollokvium (docx)<\/a><br \/>\n<a href=\"http:\/\/lib.semmelweis.hu\/publist-hitelesites\">Az egyetem K\u00f6zponti K\u00f6nyvt\u00e1r\u00e1nak elj\u00e1r\u00e1srendje a habilit\u00e1ci\u00f3s p\u00e1ly\u00e1zatok ellen\u0151rz\u00e9s\u00e9re \u00e9s hiteles\u00edt\u00e9s\u00e9re vonatkoz\u00f3an \u2192<\/a><br \/>\n<a href=\"https:\/\/semmelweis.hu\/habilitacios-bizottsag\/files\/2021\/03\/SE-habilitacios-bizottsag-forgatokonyv-elnoknek-kollokvium.docx\">A kollokvium forgat\u00f3k\u00f6nyve (docx)<\/a><br \/>\n<a href=\"https:\/\/semmelweis.hu\/habilitacios-bizottsag\/files\/2024\/02\/Jegyzokonyv_habilitacios-kollokvium.doc\">Jegyz\u0151k\u00f6nyv \u2013 a kollokviumi bizotts\u00e1g eln\u00f6ke r\u00e9sz\u00e9re (doc)<\/a><br \/>\n<a href=\"https:\/\/semmelweis.hu\/jogigfoig\/2023\/05\/22\/r-1-2023-v-18-szamu-rektori-utasitas-a-habilitacios-bizottsag-feladatainak-ellatasa-soran-felkert-szakertok-kotelezettsegeinek-gyakorlasarol\/\">R\/1\/2023. (V.18.) sz\u00e1m\u00fa REKTORI UTAS\u00cdT\u00c1S a Habilit\u00e1ci\u00f3s Bizotts\u00e1g feladatainak ell\u00e1t\u00e1sa sor\u00e1n felk\u00e9rt szak\u00e9rt\u0151k k\u00f6telezetts\u00e9geinek gyakorl\u00e1s\u00e1r\u00f3l\u00a0<\/a><\/p>\n","protected":false},"author":8,"featured_media":0,"parent":0,"menu_order":1,"comment_status":"closed","ping_status":"closed","template":"","meta":{"_acf_changed":false,"footnotes":""},"categories":[],"tags":[],"class_list":["post-7","page","type-page","status-publish","hentry"],"acf":[],"_links":{"self":[{"href":"https:\/\/semmelweis.hu\/habilitacios-bizottsag\/wp-json\/wp\/v2\/pages\/7","targetHints":{"allow":["GET"]}}],"collection":[{"href":"https:\/\/semmelweis.hu\/habilitacios-bizottsag\/wp-json\/wp\/v2\/pages"}],"about":[{"href":"https:\/\/semmelweis.hu\/habilitacios-bizottsag\/wp-json\/wp\/v2\/types\/page"}],"author":[{"embeddable":true,"href":"https:\/\/semmelweis.hu\/habilitacios-bizottsag\/wp-json\/wp\/v2\/users\/8"}],"replies":[{"embeddable":true,"href":"https:\/\/semmelweis.hu\/habilitacios-bizottsag\/wp-json\/wp\/v2\/comments?post=7"}],"version-history":[{"count":11,"href":"https:\/\/semmelweis.hu\/habilitacios-bizottsag\/wp-json\/wp\/v2\/pages\/7\/revisions"}],"predecessor-version":[{"id":881,"href":"https:\/\/semmelweis.hu\/habilitacios-bizottsag\/wp-json\/wp\/v2\/pages\/7\/revisions\/881"}],"wp:attachment":[{"href":"https:\/\/semmelweis.hu\/habilitacios-bizottsag\/wp-json\/wp\/v2\/media?parent=7"}],"wp:term":[{"taxonomy":"category","embeddable":true,"href":"https:\/\/semmelweis.hu\/habilitacios-bizottsag\/wp-json\/wp\/v2\/categories?post=7"},{"taxonomy":"post_tag","embeddable":true,"href":"https:\/\/semmelweis.hu\/habilitacios-bizottsag\/wp-json\/wp\/v2\/tags?post=7"}],"curies":[{"name":"wp","href":"https:\/\/api.w.org\/{rel}","templated":true}]}}