{"id":9788,"date":"2020-08-28T13:53:31","date_gmt":"2020-08-28T11:53:31","guid":{"rendered":"https:\/\/semmelweis.hu\/gytk\/?page_id=9788"},"modified":"2025-04-16T09:41:07","modified_gmt":"2025-04-16T07:41:07","slug":"rektori-palyamunkak","status":"publish","type":"page","link":"https:\/\/semmelweis.hu\/gytk\/kutatas\/rektori-palyamunkak\/","title":{"rendered":"Rektori P\u00e1lyamunk\u00e1k"},"content":{"rendered":"<p><strong>REKTORI P\u00c1LYAMUNKA D\u00cdJAZOTTAK<\/strong><\/p>\n<p>2025.<\/p>\n<ul>\n<li><span style=\"font-size: 12pt\"><strong>1. d\u00edj<\/strong> Majdajk Melinda<\/span><\/li>\n<li><span style=\"font-size: 12pt\"><strong>1. d\u00edj<\/strong> Orosz Adri\u00e1n<\/span><\/li>\n<li><span style=\"font-size: 12pt\"><strong>2. d\u00edj<\/strong> Hor\u00e1nszky D\u00e9nes<\/span><\/li>\n<li><span style=\"font-size: 12pt\"><strong>2. d\u00edj<\/strong> Korm\u00e1ny R\u00e9ka<\/span><\/li>\n<li><span style=\"font-size: 12pt\"><strong>2. d\u00edj<\/strong> Sikur No\u00e9mi Blanka<\/span><\/li>\n<li><span style=\"font-size: 12pt\"><strong>3. d\u00edj<\/strong> Beke Zolt\u00e1n<\/span><\/li>\n<li><span style=\"font-size: 12pt\"><strong>3. d\u00edj<\/strong> Csik\u00f3s M\u00e1t\u00e9\u00a0<\/span><\/li>\n<li><span style=\"font-size: 12pt\"><strong>3. d\u00edj<\/strong> Nagy Bernadett<\/span><\/li>\n<li><span style=\"font-size: 12pt\"><strong>Dics\u00e9ret: <\/strong>Bebesi \u00c1kos L\u00e1szl\u00f3, Moln\u00e1r Petra, V\u00f6r\u00f6s Csan\u00e1d \u00c1rp\u00e1d<\/span><\/li>\n<\/ul>\n<p>2024.<\/p>\n<ul>\n<li><span style=\"font-size: 12pt\"><strong>1. d\u00edj<\/strong> L\u00f3ska D\u00f3ra<\/span><\/li>\n<li><span style=\"font-size: 12pt\"><strong>1. d\u00edj<\/strong> N\u00e9meth Anna<\/span><\/li>\n<li><span style=\"font-size: 12pt\"><strong>1. d\u00edj<\/strong> Kecsk\u00e9s B\u00e1lint Attila<\/span><\/li>\n<li><span style=\"font-size: 12pt\"><strong>2. d\u00edj<\/strong> Berek S\u00e1ra<\/span><\/li>\n<li><span style=\"font-size: 12pt\"><strong>2. d\u00edj<\/strong> Kaknics Zita<\/span><\/li>\n<li><span style=\"font-size: 12pt\"><strong>2. d\u00edj<\/strong> Szl\u00e1vik D\u00e1niel<\/span><\/li>\n<li><span style=\"font-size: 12pt\"><strong>3. d\u00edj<\/strong> Doh\u00e1rszky Andr\u00e1s<\/span><\/li>\n<li><span style=\"font-size: 12pt\"><strong>3. d\u00edj<\/strong> Filipszki G\u00e1bor<\/span><\/li>\n<\/ul>\n<p>2023.<\/p>\n<ul>\n<li><span style=\"font-size: 12pt\"><strong>2. d\u00edj<\/strong> Horny\u00e1k Tam\u00e1s<\/span><\/li>\n<li><span style=\"font-size: 12pt\"><strong>2. d\u00edj<\/strong> K\u00e1rolyi Norbert<\/span><\/li>\n<li><span style=\"font-size: 12pt\"><strong>2. d\u00edj<\/strong> Hunyadi Anna<\/span><\/li>\n<\/ul>\n<p>2022.<\/p>\n<ul>\n<li><span style=\"font-size: 12pt\"><span style=\"font-size: 12pt\"><strong>1.d\u00edj<\/strong> <\/span><\/span><span style=\"font-size: 12pt\">Dob\u00f3 M\u00e1t\u00e9<\/span><\/li>\n<li><span style=\"font-size: 12pt\"><strong>2. d\u00edj<\/strong> Nagy Adrienn<\/span><\/li>\n<li><span style=\"font-size: 12pt\"><strong>4. d\u00edj<\/strong> Bodonyi Simon J\u00f3zsef,<br \/>\nDemeter Adrienn Katalin<\/span><br \/>\n<span style=\"font-size: 12pt\">\u00a0 \u00a0 \u00a0 \u00a0<\/span><\/li>\n<\/ul>\n<p>2021.<\/p>\n<ul>\n<li><span style=\"font-size: 12pt\"><strong>1. d\u00edj <\/strong>Nagy Dorina<\/span><\/li>\n<li><span style=\"font-size: 12pt\"><strong>2. d\u00edj <\/strong>Moln\u00e1r Krisztina, <br \/>\nVarga Tam\u00e1s<\/span><\/li>\n<li><span style=\"font-size: 12pt\"><strong>3. d\u00edj <\/strong>Sz\u00e1sz Adrienn Zs\u00f3fia<\/span><\/li>\n<li><span style=\"font-size: 12pt\"><strong>Dics\u00e9ret <\/strong>Czoch \u00c1kos, <br \/>\nKukk Edit Luca<\/span><\/li>\n<\/ul>\n<p>2020.<\/p>\n<ul>\n<li><span style=\"font-size: 12pt\"><strong>1. d\u00edj <\/strong>Alizadeh Dzsenifer Sahar<\/span><br \/>\n<span style=\"font-size: 12pt\">P\u00e1sztor Bal\u00e1zs L\u00e1szl\u00f3<\/span><\/li>\n<li><span style=\"font-size: 12pt\"><strong>2. d\u00edj <\/strong>Dobszay Annam\u00e1ria<\/span><\/li>\n<li><span style=\"font-size: 12pt\"><strong>3. d\u00edj <\/strong>V\u00e1rallyay Anett Anna<\/span><\/li>\n<li><span style=\"font-size: 12pt\"><strong>Dics\u00e9ret <\/strong>B\u00far Zs\u00f3fia<\/span><\/li>\n<\/ul>\n<p>2019.\u00a0<\/p>\n<ul>\n<li><span style=\"font-size: 12pt\"><strong>1. d\u00edj <\/strong>Major Enik\u0151<\/span><\/li>\n<\/ul>\n<p>2018.<\/p>\n<ul>\n<li><span style=\"font-size: 12pt\"><strong>2. d\u00edj <\/strong>Kov\u00e1cs Zsomb<\/span>or<\/li>\n<\/ul>\n<p>2017.\u00a0<\/p>\n<ul>\n<li><span style=\"font-size: 12pt\"><strong>1. d\u00edj <\/strong>B\u00e9k\u00e9s M\u00e1rta<br \/>\nGonda Imre<\/span><\/li>\n<li><span style=\"font-size: 12pt\"><strong>2. d\u00edj <\/strong>Grabarics M\u00e1rk\u00f3<\/span><br \/>\n<span style=\"font-size: 12pt\">Katona J\u00falia<\/span><br \/>\n<span style=\"font-size: 12pt\">Korossy Anna<\/span><\/li>\n<li><span style=\"font-size: 12pt\"><strong>3. d\u00edj <\/strong>Szeifert Vikt\u00f3ria\u00a0<\/span><\/li>\n<\/ul>\n<p>\u00a02016.<\/p>\n<ul>\n<li><span style=\"font-size: 12pt\"><strong>1. d\u00edj <\/strong>J\u00e1noska \u00c1d\u00e1m<\/span><br \/>\n<span style=\"font-size: 12pt\">Kazsoki Adrienn Katalin<\/span><br \/>\n<span style=\"font-size: 12pt\">P\u00e1l \u00c9va<\/span><br \/>\n<span style=\"font-size: 12pt\">Tak\u00e1cs Ang\u00e9la<\/span><\/li>\n<li><span style=\"font-size: 12pt\"><strong>2. d\u00edj <\/strong>T\u00f3th Andr\u00e1s<\/span><br \/>\n<span style=\"font-size: 12pt\">T\u00f3th Anett<\/span><\/li>\n<\/ul>\n<p>2014.\u00a0<strong>\u00a0 \u00a0 \u00a0 \u00a0 \u00a0<\/strong><\/p>\n<ul>\n<li><span style=\"font-size: 12pt\"><strong>1. d\u00edj <\/strong>Jek\u0151 Anita\u00a0<\/span><\/li>\n<li><span style=\"font-size: 12pt\"><strong>3. d\u00edj <\/strong>Kacs\u00f3 Gergely\u00a0<\/span><\/li>\n<\/ul>\n<p>\u00a02013.\u00a0<\/p>\n<ul>\n<li><span style=\"font-size: 12pt\"><strong>1. d\u00edj <\/strong>Balogh R\u00e9ka <strong>\u00a0<\/strong><\/span><\/li>\n<li><span style=\"font-size: 12pt\"><strong>2. d\u00edj <\/strong>Koml\u00f3di T\u00edmea <strong>\u00a0<\/strong><\/span><\/li>\n<li><span style=\"font-size: 12pt\"><strong>3. d\u00edj <\/strong>Pom\u00e1zi Katalin <strong>\u00a0<br \/>\n<\/strong>Urbancsok Zsuzsanna\u00a0\u00a0<\/span><\/li>\n<\/ul>\n<p>2011.\u00a0<\/p>\n<ul>\n<li><span style=\"font-size: 12pt\"><strong>1. d\u00edj <\/strong>Fej\u0151s Ida\u00a0<\/span><\/li>\n<\/ul>\n<p>&nbsp;<\/p>\n<p>&nbsp;<\/p>\n","protected":false},"excerpt":{"rendered":"<p>REKTORI P\u00c1LYAMUNKA D\u00cdJAZOTTAK 2025. 1. d\u00edj Majdajk Melinda 1. d\u00edj Orosz Adri\u00e1n 2. d\u00edj Hor\u00e1nszky D\u00e9nes 2. d\u00edj Korm\u00e1ny R\u00e9ka 2. d\u00edj Sikur No\u00e9mi Blanka 3. d\u00edj Beke Zolt\u00e1n 3. d\u00edj Csik\u00f3s M\u00e1t\u00e9\u00a0 3. d\u00edj Nagy Bernadett Dics\u00e9ret: Bebesi \u00c1kos L\u00e1szl\u00f3, Moln\u00e1r Petra, V\u00f6r\u00f6s Csan\u00e1d \u00c1rp\u00e1d 2024. 1. d\u00edj L\u00f3ska D\u00f3ra 1. d\u00edj N\u00e9meth Anna &hellip;<\/p>\n","protected":false},"author":101431,"featured_media":0,"parent":6039,"menu_order":12,"comment_status":"closed","ping_status":"closed","template":"","meta":{"_acf_changed":false,"footnotes":""},"categories":[],"tags":[],"class_list":["post-9788","page","type-page","status-publish","hentry"],"acf":[],"_links":{"self":[{"href":"https:\/\/semmelweis.hu\/gytk\/wp-json\/wp\/v2\/pages\/9788","targetHints":{"allow":["GET"]}}],"collection":[{"href":"https:\/\/semmelweis.hu\/gytk\/wp-json\/wp\/v2\/pages"}],"about":[{"href":"https:\/\/semmelweis.hu\/gytk\/wp-json\/wp\/v2\/types\/page"}],"author":[{"embeddable":true,"href":"https:\/\/semmelweis.hu\/gytk\/wp-json\/wp\/v2\/users\/101431"}],"replies":[{"embeddable":true,"href":"https:\/\/semmelweis.hu\/gytk\/wp-json\/wp\/v2\/comments?post=9788"}],"version-history":[{"count":10,"href":"https:\/\/semmelweis.hu\/gytk\/wp-json\/wp\/v2\/pages\/9788\/revisions"}],"predecessor-version":[{"id":17113,"href":"https:\/\/semmelweis.hu\/gytk\/wp-json\/wp\/v2\/pages\/9788\/revisions\/17113"}],"up":[{"embeddable":true,"href":"https:\/\/semmelweis.hu\/gytk\/wp-json\/wp\/v2\/pages\/6039"}],"wp:attachment":[{"href":"https:\/\/semmelweis.hu\/gytk\/wp-json\/wp\/v2\/media?parent=9788"}],"wp:term":[{"taxonomy":"category","embeddable":true,"href":"https:\/\/semmelweis.hu\/gytk\/wp-json\/wp\/v2\/categories?post=9788"},{"taxonomy":"post_tag","embeddable":true,"href":"https:\/\/semmelweis.hu\/gytk\/wp-json\/wp\/v2\/tags?post=9788"}],"curies":[{"name":"wp","href":"https:\/\/api.w.org\/{rel}","templated":true}]}}