{"id":9403,"date":"2020-06-23T10:53:35","date_gmt":"2020-06-23T08:53:35","guid":{"rendered":"https:\/\/semmelweis.hu\/gytk\/?page_id=9403"},"modified":"2021-05-21T16:03:58","modified_gmt":"2021-05-21T14:03:58","slug":"2020-junius-19-22-elektronikus-szavazas","status":"publish","type":"page","link":"https:\/\/semmelweis.hu\/gytk\/a-karrol\/kari-tanacs\/kari-tanacs-eloterjesztesek\/2020-junius-19-22-elektronikus-szavazas\/","title":{"rendered":"2020. j\u00fanius 19-22. elektronikus szavaz\u00e1s"},"content":{"rendered":"<p style=\"text-align: center\"><strong>Kari Tan\u00e1cs elektronikus szavaz\u00e1s 2020. j\u00fanius 19.- 22.<\/strong><\/p>\n<ul style=\"list-style-type: disc\">\n<li><a href=\"https:\/\/semmelweis.hu\/gytk\/files\/2020\/06\/KT_El\u0151terjeszt\u00e9s_2020-21_tan\u00e9v_I_V_\u00e9vfolyam_meg\u00fajult_mintatanterv.pdf\" target=\"_blank\" rel=\"noopener noreferrer\">KT_El\u0151terjeszt\u00e9s_2020-21_tan\u00e9v_I_V_\u00e9vfolyam_meg\u00fajult_mintatanterv<\/a>\n<ul style=\"list-style-type: disc\">\n<li><a href=\"https:\/\/semmelweis.hu\/gytk\/files\/2020\/06\/2_sz_mell\u00e9klet_mintatanterv_2020_2021_I_\u00e9vfolyam-1.pdf\" target=\"_blank\" rel=\"noopener noreferrer\">2_sz_mell\u00e9klet_mintatanterv_2020_2021_I_\u00e9vfolyam<\/a><\/li>\n<li><a href=\"https:\/\/semmelweis.hu\/gytk\/files\/2020\/06\/3_sz_mell\u00e9klet_mintatanterv_2020_21_II_\u00e9vfolyam-1.pdf\" target=\"_blank\" rel=\"noopener noreferrer\">3_sz_mell\u00e9klet_mintatanterv_2020_21_II_\u00e9vfolyam<\/a><\/li>\n<li><a href=\"https:\/\/semmelweis.hu\/gytk\/files\/2020\/06\/4_sz_mell\u00e9klet_mintatanterv_2020_21_III_\u00e9vfolyam.pdf\" target=\"_blank\" rel=\"noopener noreferrer\">4_sz_mell\u00e9klet_mintatanterv_2020_21_III_\u00e9vfolyam<\/a><\/li>\n<li><a href=\"https:\/\/semmelweis.hu\/gytk\/files\/2020\/06\/5_sz_mell\u00e9klet_mintatanterv_2020_21_IV_\u00e9vfolyam.pdf\" target=\"_blank\" rel=\"noopener noreferrer\">5_sz_mell\u00e9klet_mintatanterv_2020_21_IV_\u00e9vfolyam<\/a><\/li>\n<li><a href=\"https:\/\/semmelweis.hu\/gytk\/files\/2020\/06\/6_sz_mell\u00e9klet_mintatanterv_2020_21_V_\u00e9vfolyam.pdf\" target=\"_blank\" rel=\"noopener noreferrer\">6_sz_mell\u00e9klet_mintatanterv_2020_21_V_\u00e9vfolyam<\/a><\/li>\n<\/ul>\n<\/li>\n<\/ul>\n","protected":false},"excerpt":{"rendered":"<p>Kari Tan\u00e1cs elektronikus szavaz\u00e1s 2020. j\u00fanius 19.- 22.<\/p>\n<p><a href=\"https:\/\/semmelweis.hu\/gytk\/files\/2020\/06\/KT_El\u0151terjeszt\u00e9s_2020-21_tan\u00e9v_I_V_\u00e9vfolyam_meg\u00fajult_mintatanterv.pdf\" target=\"_blank\" rel=\"noopener noreferrer\">KT_El\u0151terjeszt\u00e9s_2020-21_tan\u00e9v_I_V_\u00e9vfolyam_meg\u00fajult_mintatanterv<\/a><\/p>\n<p><a href=\"https:\/\/semmelweis.hu\/gytk\/files\/2020\/06\/2_sz_mell\u00e9klet_mintatanterv_2020_2021_I_\u00e9vfolyam-1.pdf\" target=\"_blank\" rel=\"noopener noreferrer\">2_sz_mell\u00e9klet_mintatanterv_2020_2021_I_\u00e9vfolyam<\/a><br \/>\n<a href=\"https:\/\/semmelweis.hu\/gytk\/files\/2020\/06\/3_sz_mell\u00e9klet_mintatanterv_2020_21_II_\u00e9vfolyam-1.pdf\" target=\"_blank\" rel=\"noopener noreferrer\">3_sz_mell\u00e9klet_mintatanterv_2020_21_II_\u00e9vfolyam<\/a><br \/>\n<a href=\"https:\/\/semmelweis.hu\/gytk\/files\/2020\/06\/4_sz_mell\u00e9klet_mintatanterv_2020_21_III_\u00e9vfolyam.pdf\" target=\"_blank\" rel=\"noopener noreferrer\">4_sz_mell\u00e9klet_mintatanterv_2020_21_III_\u00e9vfolyam<\/a><br \/>\n<a href=\"https:\/\/semmelweis.hu\/gytk\/files\/2020\/06\/5_sz_mell\u00e9klet_mintatanterv_2020_21_IV_\u00e9vfolyam.pdf\" target=\"_blank\" rel=\"noopener noreferrer\">5_sz_mell\u00e9klet_mintatanterv_2020_21_IV_\u00e9vfolyam<\/a><br \/>\n<a href=\"https:\/\/semmelweis.hu\/gytk\/files\/2020\/06\/6_sz_mell\u00e9klet_mintatanterv_2020_21_V_\u00e9vfolyam.pdf\" target=\"_blank\" rel=\"noopener noreferrer\">6_sz_mell\u00e9klet_mintatanterv_2020_21_V_\u00e9vfolyam<\/a><\/p>\n","protected":false},"author":101431,"featured_media":0,"parent":5323,"menu_order":16,"comment_status":"closed","ping_status":"closed","template":"","meta":{"_acf_changed":false,"footnotes":""},"categories":[],"tags":[],"class_list":["post-9403","page","type-page","status-publish","hentry"],"acf":[],"_links":{"self":[{"href":"https:\/\/semmelweis.hu\/gytk\/wp-json\/wp\/v2\/pages\/9403","targetHints":{"allow":["GET"]}}],"collection":[{"href":"https:\/\/semmelweis.hu\/gytk\/wp-json\/wp\/v2\/pages"}],"about":[{"href":"https:\/\/semmelweis.hu\/gytk\/wp-json\/wp\/v2\/types\/page"}],"author":[{"embeddable":true,"href":"https:\/\/semmelweis.hu\/gytk\/wp-json\/wp\/v2\/users\/101431"}],"replies":[{"embeddable":true,"href":"https:\/\/semmelweis.hu\/gytk\/wp-json\/wp\/v2\/comments?post=9403"}],"version-history":[{"count":4,"href":"https:\/\/semmelweis.hu\/gytk\/wp-json\/wp\/v2\/pages\/9403\/revisions"}],"predecessor-version":[{"id":11475,"href":"https:\/\/semmelweis.hu\/gytk\/wp-json\/wp\/v2\/pages\/9403\/revisions\/11475"}],"up":[{"embeddable":true,"href":"https:\/\/semmelweis.hu\/gytk\/wp-json\/wp\/v2\/pages\/5323"}],"wp:attachment":[{"href":"https:\/\/semmelweis.hu\/gytk\/wp-json\/wp\/v2\/media?parent=9403"}],"wp:term":[{"taxonomy":"category","embeddable":true,"href":"https:\/\/semmelweis.hu\/gytk\/wp-json\/wp\/v2\/categories?post=9403"},{"taxonomy":"post_tag","embeddable":true,"href":"https:\/\/semmelweis.hu\/gytk\/wp-json\/wp\/v2\/tags?post=9403"}],"curies":[{"name":"wp","href":"https:\/\/api.w.org\/{rel}","templated":true}]}}