{"id":8718,"date":"2020-02-25T09:52:47","date_gmt":"2020-02-25T08:52:47","guid":{"rendered":"http:\/\/semmelweis.hu\/gytk\/?page_id=8718"},"modified":"2026-03-09T13:17:29","modified_gmt":"2026-03-09T12:17:29","slug":"2020-02-21-24-elektronikus-szavazas","status":"publish","type":"page","link":"https:\/\/semmelweis.hu\/gytk\/a-karrol\/kari-tanacs\/kari-tanacs-eloterjesztesek\/2020-02-21-24-elektronikus-szavazas\/","title":{"rendered":"2020.02.21-24. elektronikus szavaz\u00e1s"},"content":{"rendered":"<p style=\"text-align: center\"><strong>Kari Tan\u00e1cs elektronikus szavaz\u00e1s 2020. febru\u00e1r 21-24.<\/strong><\/p>\n<ul style=\"list-style-type: disc\">\n<li><a href=\"https:\/\/semmelweis.hu\/gytk\/files\/2026\/03\/tervezet_KT_eloterjesztes_uj_curriculum.pdf\" target=\"_blank\" rel=\"noopener\">KT_El\u0151terjeszt\u00e9s _a _GYTK _kurrikulum\u00e1nak _m\u00f3dos\u00edt\u00e1s\u00e1r\u00f3l _a _Semmelweis _Egyetem _250. jubileumi _\u00e9v\u00e9ben<\/a><\/li>\n<li><a href=\"https:\/\/semmelweis.hu\/gytk\/files\/2026\/03\/1_sz_melleklet_mintatanterv.pdf\" target=\"_blank\" rel=\"noopener\">2_sz_mell\u00e9klet: Aj\u00e1nlott mintatanterv a 2020-21. tan\u00e9vt\u0151l<\/a><\/li>\n<li><a href=\"https:\/\/semmelweis.hu\/gytk\/files\/2026\/03\/attekinto-vazlat.pdf\" target=\"_blank\" rel=\"noopener\">3_sz_mell\u00e9klet_\u00e1ttekint\u0151_v\u00e1zlat<\/a><\/li>\n<\/ul>\n<p>&nbsp;<\/p>\n","protected":false},"excerpt":{"rendered":"<p>Kari Tan\u00e1cs elektronikus szavaz\u00e1s 2020. febru\u00e1r 21-24.<\/p>\n<p><a href=\"https:\/\/semmelweis.hu\/gytk\/files\/2026\/03\/tervezet_KT_eloterjesztes_uj_curriculum.pdf\" target=\"_blank\" rel=\"noopener\">KT_El\u0151terjeszt\u00e9s _a _GYTK _kurrikulum\u00e1nak _m\u00f3dos\u00edt\u00e1s\u00e1r\u00f3l _a _Semmelweis _Egyetem _250. jubileumi _\u00e9v\u00e9ben<\/a><br \/>\n<a href=\"https:\/\/semmelweis.hu\/gytk\/files\/2026\/03\/1_sz_melleklet_mintatanterv.pdf\" target=\"_blank\" rel=\"noopener\">2_sz_mell\u00e9klet: Aj\u00e1nlott mintatanterv a 2020-21. tan\u00e9vt\u0151l<\/a><br \/>\n<a href=\"https:\/\/semmelweis.hu\/gytk\/files\/2026\/03\/attekinto-vazlat.pdf\" target=\"_blank\" rel=\"noopener\">3_sz_mell\u00e9klet_\u00e1ttekint\u0151_v\u00e1zlat<\/a><\/p>\n<p>&nbsp;<\/p>\n","protected":false},"author":101431,"featured_media":0,"parent":5323,"menu_order":14,"comment_status":"closed","ping_status":"closed","template":"","meta":{"_acf_changed":false,"footnotes":""},"categories":[],"tags":[],"class_list":["post-8718","page","type-page","status-publish","hentry"],"acf":[],"_links":{"self":[{"href":"https:\/\/semmelweis.hu\/gytk\/wp-json\/wp\/v2\/pages\/8718","targetHints":{"allow":["GET"]}}],"collection":[{"href":"https:\/\/semmelweis.hu\/gytk\/wp-json\/wp\/v2\/pages"}],"about":[{"href":"https:\/\/semmelweis.hu\/gytk\/wp-json\/wp\/v2\/types\/page"}],"author":[{"embeddable":true,"href":"https:\/\/semmelweis.hu\/gytk\/wp-json\/wp\/v2\/users\/101431"}],"replies":[{"embeddable":true,"href":"https:\/\/semmelweis.hu\/gytk\/wp-json\/wp\/v2\/comments?post=8718"}],"version-history":[{"count":7,"href":"https:\/\/semmelweis.hu\/gytk\/wp-json\/wp\/v2\/pages\/8718\/revisions"}],"predecessor-version":[{"id":18286,"href":"https:\/\/semmelweis.hu\/gytk\/wp-json\/wp\/v2\/pages\/8718\/revisions\/18286"}],"up":[{"embeddable":true,"href":"https:\/\/semmelweis.hu\/gytk\/wp-json\/wp\/v2\/pages\/5323"}],"wp:attachment":[{"href":"https:\/\/semmelweis.hu\/gytk\/wp-json\/wp\/v2\/media?parent=8718"}],"wp:term":[{"taxonomy":"category","embeddable":true,"href":"https:\/\/semmelweis.hu\/gytk\/wp-json\/wp\/v2\/categories?post=8718"},{"taxonomy":"post_tag","embeddable":true,"href":"https:\/\/semmelweis.hu\/gytk\/wp-json\/wp\/v2\/tags?post=8718"}],"curies":[{"name":"wp","href":"https:\/\/api.w.org\/{rel}","templated":true}]}}