{"id":8604,"date":"2020-01-23T13:39:23","date_gmt":"2020-01-23T12:39:23","guid":{"rendered":"http:\/\/semmelweis.hu\/gytk\/?page_id=8604"},"modified":"2025-09-01T13:34:38","modified_gmt":"2025-09-01T11:34:38","slug":"2020-januar-21-23-elektronikus-szavazas","status":"publish","type":"page","link":"https:\/\/semmelweis.hu\/gytk\/a-karrol\/kari-tanacs\/kari-tanacs-eloterjesztesek\/2020-januar-21-23-elektronikus-szavazas\/","title":{"rendered":"2020. janu\u00e1r 21-23. elektronikus szavaz\u00e1s"},"content":{"rendered":"<p style=\"text-align: center\"><strong>Kari Tan\u00e1cs elektronikus szavaz\u00e1s 2020. janu\u00e1r 21.-23.<\/strong><\/p>\n<ul style=\"list-style-type: disc\">\n<li><a href=\"https:\/\/semmelweis.hu\/gytk\/files\/2020\/01\/1napirend_KT_El\u0151terjeszt\u00e9s_GYTK_KT_\u00faj\u00f6sszet\u00e9tel.pdf\" target=\"_blank\" rel=\"noopener noreferrer\">1napirend_KT_El\u0151terjeszt\u00e9s_GYTK_KT_\u00faj\u00f6sszet\u00e9tel<\/a><\/li>\n<li><a href=\"https:\/\/semmelweis.hu\/gytk\/files\/2020\/01\/1napirend_2sz\u00e1m\u00fa_mell\u00e9klet_KT_El\u0151terjeszt\u00e9s_GYTK_KT_\u00faj\u00f6sszet\u00e9tel.pdf\" target=\"_blank\" rel=\"noopener noreferrer\">1napirend_2sz\u00e1m\u00fa_mell\u00e9klet_KT_El\u0151terjeszt\u00e9s_GYTK_KT_\u00faj\u00f6sszet\u00e9tel<\/a><\/li>\n<li><a href=\"https:\/\/semmelweis.hu\/gytk\/files\/2020\/01\/2napirend_KT_El\u0151terjeszt\u00e9s_GYTK_\u00fajSZMR_tervezet.pdf\" target=\"_blank\" rel=\"noopener noreferrer\">2napirend_KT_El\u0151terjeszt\u00e9s_GYTK_\u00fajSZMR_tervezet<\/a><\/li>\n<li><a href=\"https:\/\/semmelweis.hu\/gytk\/files\/2020\/01\/2napirend_2sz\u00e1m\u00fa_mell\u00e9klet_SE-GYTK-SZMR-M03KTv\u00e1laszt\u00e1si_szab\u00e1lyzat.pdf\" target=\"_blank\" rel=\"noopener noreferrer\">2napirend_2sz\u00e1m\u00fa_mell\u00e9klet_SE-GYTK-SZMR-03<\/a><\/li>\n<li><a href=\"https:\/\/semmelweis.hu\/gytk\/files\/2020\/01\/2napirend_3sz\u00e1m\u00fa_mell\u00e9klet_SE-GYTK-SZMR-M03KTv\u00e1laszt\u00e1si_szab\u00e1lyzat.pdf\" target=\"_blank\" rel=\"noopener noreferrer\">2napirend_3sz\u00e1m\u00fa_mell\u00e9klet_SE-GYTK-SZMR-M03KTv\u00e1laszt\u00e1si_szab\u00e1lyzat<\/a><\/li>\n<li><a href=\"https:\/\/semmelweis.hu\/gytk\/files\/2020\/01\/2napirend_4sz\u00e1m\u00fa_mell\u00e9klet_SE-GYTK-SZMR-M07_KTel\u0151terjeszt\u00e9s_formanyomtatv\u00e1ny.pdf\" target=\"_blank\" rel=\"noopener noreferrer\">2napirend_4sz\u00e1m\u00fa_mell\u00e9klet_SE-GYTK-SZMR-M07_KT_El\u0151terjeszt\u00e9s_formanyomtatv\u00e1ny<\/a><\/li>\n<\/ul>\n","protected":false},"excerpt":{"rendered":"<p>Kari Tan\u00e1cs elektronikus szavaz\u00e1s 2020. janu\u00e1r 21.-23.<\/p>\n<p><a href=\"https:\/\/semmelweis.hu\/gytk\/files\/2020\/01\/1napirend_KT_El\u0151terjeszt\u00e9s_GYTK_KT_\u00faj\u00f6sszet\u00e9tel.pdf\" target=\"_blank\" rel=\"noopener noreferrer\">1napirend_KT_El\u0151terjeszt\u00e9s_GYTK_KT_\u00faj\u00f6sszet\u00e9tel<\/a><br \/>\n<a href=\"https:\/\/semmelweis.hu\/gytk\/files\/2020\/01\/1napirend_2sz\u00e1m\u00fa_mell\u00e9klet_KT_El\u0151terjeszt\u00e9s_GYTK_KT_\u00faj\u00f6sszet\u00e9tel.pdf\" target=\"_blank\" rel=\"noopener noreferrer\">1napirend_2sz\u00e1m\u00fa_mell\u00e9klet_KT_El\u0151terjeszt\u00e9s_GYTK_KT_\u00faj\u00f6sszet\u00e9tel<\/a><br \/>\n<a href=\"https:\/\/semmelweis.hu\/gytk\/files\/2020\/01\/2napirend_KT_El\u0151terjeszt\u00e9s_GYTK_\u00fajSZMR_tervezet.pdf\" target=\"_blank\" rel=\"noopener noreferrer\">2napirend_KT_El\u0151terjeszt\u00e9s_GYTK_\u00fajSZMR_tervezet<\/a><br \/>\n<a href=\"https:\/\/semmelweis.hu\/gytk\/files\/2020\/01\/2napirend_2sz\u00e1m\u00fa_mell\u00e9klet_SE-GYTK-SZMR-M03KTv\u00e1laszt\u00e1si_szab\u00e1lyzat.pdf\" target=\"_blank\" rel=\"noopener noreferrer\">2napirend_2sz\u00e1m\u00fa_mell\u00e9klet_SE-GYTK-SZMR-03<\/a><br \/>\n<a href=\"https:\/\/semmelweis.hu\/gytk\/files\/2020\/01\/2napirend_3sz\u00e1m\u00fa_mell\u00e9klet_SE-GYTK-SZMR-M03KTv\u00e1laszt\u00e1si_szab\u00e1lyzat.pdf\" target=\"_blank\" rel=\"noopener noreferrer\">2napirend_3sz\u00e1m\u00fa_mell\u00e9klet_SE-GYTK-SZMR-M03KTv\u00e1laszt\u00e1si_szab\u00e1lyzat<\/a><br \/>\n<a href=\"https:\/\/semmelweis.hu\/gytk\/files\/2020\/01\/2napirend_4sz\u00e1m\u00fa_mell\u00e9klet_SE-GYTK-SZMR-M07_KTel\u0151terjeszt\u00e9s_formanyomtatv\u00e1ny.pdf\" target=\"_blank\" rel=\"noopener noreferrer\">2napirend_4sz\u00e1m\u00fa_mell\u00e9klet_SE-GYTK-SZMR-M07_KT_El\u0151terjeszt\u00e9s_formanyomtatv\u00e1ny<\/a><\/p>\n","protected":false},"author":101431,"featured_media":0,"parent":5323,"menu_order":11,"comment_status":"closed","ping_status":"closed","template":"","meta":{"_acf_changed":false,"footnotes":""},"categories":[],"tags":[],"class_list":["post-8604","page","type-page","status-publish","hentry"],"acf":[],"_links":{"self":[{"href":"https:\/\/semmelweis.hu\/gytk\/wp-json\/wp\/v2\/pages\/8604","targetHints":{"allow":["GET"]}}],"collection":[{"href":"https:\/\/semmelweis.hu\/gytk\/wp-json\/wp\/v2\/pages"}],"about":[{"href":"https:\/\/semmelweis.hu\/gytk\/wp-json\/wp\/v2\/types\/page"}],"author":[{"embeddable":true,"href":"https:\/\/semmelweis.hu\/gytk\/wp-json\/wp\/v2\/users\/101431"}],"replies":[{"embeddable":true,"href":"https:\/\/semmelweis.hu\/gytk\/wp-json\/wp\/v2\/comments?post=8604"}],"version-history":[{"count":5,"href":"https:\/\/semmelweis.hu\/gytk\/wp-json\/wp\/v2\/pages\/8604\/revisions"}],"predecessor-version":[{"id":17662,"href":"https:\/\/semmelweis.hu\/gytk\/wp-json\/wp\/v2\/pages\/8604\/revisions\/17662"}],"up":[{"embeddable":true,"href":"https:\/\/semmelweis.hu\/gytk\/wp-json\/wp\/v2\/pages\/5323"}],"wp:attachment":[{"href":"https:\/\/semmelweis.hu\/gytk\/wp-json\/wp\/v2\/media?parent=8604"}],"wp:term":[{"taxonomy":"category","embeddable":true,"href":"https:\/\/semmelweis.hu\/gytk\/wp-json\/wp\/v2\/categories?post=8604"},{"taxonomy":"post_tag","embeddable":true,"href":"https:\/\/semmelweis.hu\/gytk\/wp-json\/wp\/v2\/tags?post=8604"}],"curies":[{"name":"wp","href":"https:\/\/api.w.org\/{rel}","templated":true}]}}