{"id":8283,"date":"2019-11-22T10:50:38","date_gmt":"2019-11-22T09:50:38","guid":{"rendered":"http:\/\/semmelweis.hu\/gytk\/?page_id=8283"},"modified":"2021-05-21T15:05:02","modified_gmt":"2021-05-21T13:05:02","slug":"2019-november-20","status":"publish","type":"page","link":"https:\/\/semmelweis.hu\/gytk\/a-karrol\/kari-tanacs\/kari-tanacs-eloterjesztesek\/2019-november-20\/","title":{"rendered":"2019. november 20."},"content":{"rendered":"<p style=\"text-align: center\"><strong>Kari Tan\u00e1cs\u00fcl\u00e9s 2019. november 20. (szerda) 14:30 Szen\u00e1tusi terem<\/strong><\/p>\n<p style=\"text-align: left\"><strong>3. napirendi pont:<\/strong><\/p>\n<ul style=\"list-style-type: disc\">\n<li><a href=\"https:\/\/semmelweis.hu\/gytk\/files\/2019\/11\/3napiendi_pont_El\u0151terjeszt\u00e9s_2019-20_\u00fcl\u00e9s_\u00e9s_munkaterv.pdf\" target=\"_blank\" rel=\"noopener noreferrer\">3napiendi_pont_KT_El\u0151terjeszt\u00e9s_2019-20_\u00fcl\u00e9s_\u00e9s_munkaterv<\/a><\/li>\n<li><a href=\"https:\/\/semmelweis.hu\/gytk\/files\/2019\/11\/3napirend_2_sz_mell\u00e9klet.pdf\" target=\"_blank\" rel=\"noopener noreferrer\">3napirend_2_sz_mell\u00e9klet<\/a><\/li>\n<\/ul>\n<p><strong>4. napirendi pont:<\/strong><\/p>\n<ul>\n<li><a href=\"https:\/\/semmelweis.hu\/gytk\/files\/2019\/11\/4napirend_KT_El\u0151terjeszt\u00e9s_Szen\u00e1tus_\u00e1ltal_l\u00e9trehozott_kari_bizotts\u00e1gok_szem\u00e9lyi_\u00f6sszet\u00e9tel\u00e9r\u0151l.pdf\" target=\"_blank\" rel=\"noopener noreferrer\">4napirend_KT_El\u0151terjeszt\u00e9s_Szen\u00e1tus_\u00e1ltal_l\u00e9trehozott_kari_bizotts\u00e1gok_szem\u00e9lyi_\u00f6sszet\u00e9tel\u00e9r\u0151l<\/a><\/li>\n<\/ul>\n<p><strong>5. napirendi pont:<\/strong><\/p>\n<ul>\n<li><a href=\"https:\/\/semmelweis.hu\/gytk\/files\/2019\/11\/5napirand_KT_El\u0151terjeszt\u00e9s_Gy\u00f3gyszer\u00e9sztudom\u00e1nyi_Karon_m\u0171k\u00f6d\u0151_\u00e1lland\u00f3_bizotts\u00e1gok_szem\u00e9lyi_\u00f6sszet\u00e9tel\u00e9r\u0151l.pdf\" target=\"_blank\" rel=\"noopener noreferrer\">5napirend_KT_El\u0151terjeszt\u00e9s_Gy\u00f3gyszer\u00e9sztudom\u00e1nyi_Karon_m\u0171k\u00f6d\u0151_\u00e1lland\u00f3_bizotts\u00e1gok_szem\u00e9lyi_\u00f6sszet\u00e9tel\u00e9r\u0151l<\/a><\/li>\n<\/ul>\n<p><strong>6. napirendi pont:<\/strong><\/p>\n<ul>\n<li>6napirend_KT_El\u0151terjeszt\u00e9s_\u00f6nk\u00f6lts\u00e9ges_magyar_nyelv\u0171_gy\u00f3gyszer\u00e9szk\u00e9pz\u00e9s_d\u00edjt\u00e9teleinek _meg\u00e1llap\u00edt\u00e1sa_2020-21_tan\u00e9vre (k\u00f6vetkez\u0151 \u00fcl\u00e9sre elnapolva)<\/li>\n<\/ul>\n<p><strong>7. napirendi pont:<\/strong><\/p>\n<ul style=\"list-style-type: disc\">\n<li><a href=\"https:\/\/semmelweis.hu\/gytk\/files\/2019\/11\/7napirend_t\u00e1j\u00e9koztat\u00e1s_2019_\u00e9vi_felv\u00e9teli_elj\u00e1r\u00e1s_adatair\u00f3l.pdf\" target=\"_blank\" rel=\"noopener noreferrer\">7napirend_t\u00e1j\u00e9koztat\u00e1s_2019_\u00e9vi_felv\u00e9teli_elj\u00e1r\u00e1s_adatair\u00f3l<\/a><\/li>\n<\/ul>\n<p><strong>8. napirendi pont:<\/strong><\/p>\n<ul style=\"list-style-type: disc\">\n<li><a href=\"https:\/\/semmelweis.hu\/gytk\/files\/2019\/11\/8napirend_t\u00e1j\u00e9koztat\u00e1s_2019_2020_1f\u00e9l\u00e9vi_beiratkoz\u00e1si_bejelentkez\u00e9si_adatokr\u00f3l.pdf\" target=\"_blank\" rel=\"noopener noreferrer\">8napirend_t\u00e1j\u00e9koztat\u00e1s_2019_2020_1f\u00e9l\u00e9vi_beiratkoz\u00e1si_bejelentkez\u00e9si_adatokr\u00f3l<\/a><\/li>\n<\/ul>\n<p><strong>9. napirend pont:<\/strong><\/p>\n<ul>\n<li><a href=\"https:\/\/semmelweis.hu\/gytk\/files\/2019\/11\/9napirend_tantargyi-statisztika_magyar_18192.pdf\" target=\"_blank\" rel=\"noopener noreferrer\">9napirend_tantargyi statisztika_magyar_18192<\/a><\/li>\n<li><a href=\"https:\/\/semmelweis.hu\/gytk\/files\/2019\/11\/9napirend_tantargyi-statisztika_angol_18192.pdf\" target=\"_blank\" rel=\"noopener noreferrer\">9napirend_tantargyi statisztika_angol_18192<\/a><\/li>\n<li><a href=\"https:\/\/semmelweis.hu\/gytk\/files\/2019\/11\/9napirend_tantargyi-statisztika_n\u00e9met_18192.pdf\" target=\"_blank\" rel=\"noopener noreferrer\">9napirend_tantargyi statisztika_n\u00e9met_18192<\/a><\/li>\n<\/ul>\n<p><strong>10. napirendi pont:<\/strong><\/p>\n<ul>\n<li><a href=\"https:\/\/semmelweis.hu\/gytk\/files\/2019\/11\/10napirend_t\u00e1j\u00e9koztat\u00e1s_2019_\u00e9vi_z\u00e1r\u00f3vizsg\u00e1kr\u00f3l.pdf\" target=\"_blank\" rel=\"noopener noreferrer\">10napirend_t\u00e1j\u00e9koztat\u00e1s_2019_\u00e9vi_z\u00e1r\u00f3vizsg\u00e1kr\u00f3l<\/a><\/li>\n<\/ul>\n<p><strong>11. napirendi pont:<\/strong><\/p>\n<ul style=\"list-style-type: disc\">\n<li><a href=\"https:\/\/semmelweis.hu\/gytk\/files\/2019\/11\/11napirend_szakk\u00e9pz\u0151_helyek_20191120.pdf\" target=\"_blank\" rel=\"noopener noreferrer\">11napirend_szakk\u00e9pz\u0151_helyek_20191120<\/a><\/li>\n<\/ul>\n<p style=\"padding-left: 40px\">\u00a0<\/p>\n<p>&nbsp;<\/p>\n<p>&nbsp;<\/p>\n","protected":false},"excerpt":{"rendered":"<p>Kari Tan\u00e1cs\u00fcl\u00e9s 2019. november 20. (szerda) 14:30 Szen\u00e1tusi terem<br \/>\n3. napirendi pont:<\/p>\n<p><a href=\"https:\/\/semmelweis.hu\/gytk\/files\/2019\/11\/3napiendi_pont_El\u0151terjeszt\u00e9s_2019-20_\u00fcl\u00e9s_\u00e9s_munkaterv.pdf\" target=\"_blank\" rel=\"noopener noreferrer\">3napiendi_pont_KT_El\u0151terjeszt\u00e9s_2019-20_\u00fcl\u00e9s_\u00e9s_munkaterv<\/a><br \/>\n<a href=\"https:\/\/semmelweis.hu\/gytk\/files\/2019\/11\/3napirend_2_sz_mell\u00e9klet.pdf\" target=\"_blank\" rel=\"noopener noreferrer\">3napirend_2_sz_mell\u00e9klet<\/a><\/p>\n<p>4. napirendi pont:<\/p>\n<p><a href=\"https:\/\/semmelweis.hu\/gytk\/files\/2019\/11\/4napirend_KT_El\u0151terjeszt\u00e9s_Szen\u00e1tus_\u00e1ltal_l\u00e9trehozott_kari_bizotts\u00e1gok_szem\u00e9lyi_\u00f6sszet\u00e9tel\u00e9r\u0151l.pdf\" target=\"_blank\" rel=\"noopener noreferrer\">4napirend_KT_El\u0151terjeszt\u00e9s_Szen\u00e1tus_\u00e1ltal_l\u00e9trehozott_kari_bizotts\u00e1gok_szem\u00e9lyi_\u00f6sszet\u00e9tel\u00e9r\u0151l<\/a><\/p>\n<p>5. napirendi pont:<\/p>\n<p><a href=\"https:\/\/semmelweis.hu\/gytk\/files\/2019\/11\/5napirand_KT_El\u0151terjeszt\u00e9s_Gy\u00f3gyszer\u00e9sztudom\u00e1nyi_Karon_m\u0171k\u00f6d\u0151_\u00e1lland\u00f3_bizotts\u00e1gok_szem\u00e9lyi_\u00f6sszet\u00e9tel\u00e9r\u0151l.pdf\" target=\"_blank\" rel=\"noopener noreferrer\">5napirend_KT_El\u0151terjeszt\u00e9s_Gy\u00f3gyszer\u00e9sztudom\u00e1nyi_Karon_m\u0171k\u00f6d\u0151_\u00e1lland\u00f3_bizotts\u00e1gok_szem\u00e9lyi_\u00f6sszet\u00e9tel\u00e9r\u0151l<\/a><\/p>\n<p>6. napirendi pont:<\/p>\n<p>6napirend_KT_El\u0151terjeszt\u00e9s_\u00f6nk\u00f6lts\u00e9ges_magyar_nyelv\u0171_gy\u00f3gyszer\u00e9szk\u00e9pz\u00e9s_d\u00edjt\u00e9teleinek _meg\u00e1llap\u00edt\u00e1sa_2020-21_tan\u00e9vre (k\u00f6vetkez\u0151 \u00fcl\u00e9sre elnapolva)<\/p>\n<p>7. napirendi pont:<\/p>\n<p><a href=\"https:\/\/semmelweis.hu\/gytk\/files\/2019\/11\/7napirend_t\u00e1j\u00e9koztat\u00e1s_2019_\u00e9vi_felv\u00e9teli_elj\u00e1r\u00e1s_adatair\u00f3l.pdf\" target=\"_blank\" rel=\"noopener noreferrer\">7napirend_t\u00e1j\u00e9koztat\u00e1s_2019_\u00e9vi_felv\u00e9teli_elj\u00e1r\u00e1s_adatair\u00f3l<\/a><\/p>\n<p>8. napirendi pont:<\/p>\n<p><a href=\"https:\/\/semmelweis.hu\/gytk\/files\/2019\/11\/8napirend_t\u00e1j\u00e9koztat\u00e1s_2019_2020_1f\u00e9l\u00e9vi_beiratkoz\u00e1si_bejelentkez\u00e9si_adatokr\u00f3l.pdf\" target=\"_blank\" rel=\"noopener noreferrer\">8napirend_t\u00e1j\u00e9koztat\u00e1s_2019_2020_1f\u00e9l\u00e9vi_beiratkoz\u00e1si_bejelentkez\u00e9si_adatokr\u00f3l<\/a><\/p>\n<p>9. napirend pont:<\/p>\n<p><a href=\"https:\/\/semmelweis.hu\/gytk\/files\/2019\/11\/9napirend_tantargyi-statisztika_magyar_18192.pdf\" target=\"_blank\" rel=\"noopener noreferrer\">9napirend_tantargyi statisztika_magyar_18192<\/a><br \/>\n<a href=\"https:\/\/semmelweis.hu\/gytk\/files\/2019\/11\/9napirend_tantargyi-statisztika_angol_18192.pdf\" target=\"_blank\" rel=\"noopener noreferrer\">9napirend_tantargyi statisztika_angol_18192<\/a><br \/>\n<a href=\"https:\/\/semmelweis.hu\/gytk\/files\/2019\/11\/9napirend_tantargyi-statisztika_n\u00e9met_18192.pdf\" target=\"_blank\" rel=\"noopener noreferrer\">9napirend_tantargyi statisztika_n\u00e9met_18192<\/a><\/p>\n<p>10. napirendi pont:<\/p>\n<p><a href=\"https:\/\/semmelweis.hu\/gytk\/files\/2019\/11\/10napirend_t\u00e1j\u00e9koztat\u00e1s_2019_\u00e9vi_z\u00e1r\u00f3vizsg\u00e1kr\u00f3l.pdf\" target=\"_blank\" rel=\"noopener noreferrer\">10napirend_t\u00e1j\u00e9koztat\u00e1s_2019_\u00e9vi_z\u00e1r\u00f3vizsg\u00e1kr\u00f3l<\/a><\/p>\n<p>11. napirendi pont:<\/p>\n<p><a href=\"https:\/\/semmelweis.hu\/gytk\/files\/2019\/11\/11napirend_szakk\u00e9pz\u0151_helyek_20191120.pdf\" target=\"_blank\" rel=\"noopener noreferrer\">11napirend_szakk\u00e9pz\u0151_helyek_20191120<\/a><\/p>\n<p>\u00a0<br \/>\n&nbsp;<br \/>\n&nbsp;<\/p>\n","protected":false},"author":101431,"featured_media":0,"parent":5323,"menu_order":9,"comment_status":"closed","ping_status":"closed","template":"","meta":{"_acf_changed":false,"footnotes":""},"categories":[],"tags":[],"class_list":["post-8283","page","type-page","status-publish","hentry"],"acf":[],"_links":{"self":[{"href":"https:\/\/semmelweis.hu\/gytk\/wp-json\/wp\/v2\/pages\/8283","targetHints":{"allow":["GET"]}}],"collection":[{"href":"https:\/\/semmelweis.hu\/gytk\/wp-json\/wp\/v2\/pages"}],"about":[{"href":"https:\/\/semmelweis.hu\/gytk\/wp-json\/wp\/v2\/types\/page"}],"author":[{"embeddable":true,"href":"https:\/\/semmelweis.hu\/gytk\/wp-json\/wp\/v2\/users\/101431"}],"replies":[{"embeddable":true,"href":"https:\/\/semmelweis.hu\/gytk\/wp-json\/wp\/v2\/comments?post=8283"}],"version-history":[{"count":5,"href":"https:\/\/semmelweis.hu\/gytk\/wp-json\/wp\/v2\/pages\/8283\/revisions"}],"predecessor-version":[{"id":11456,"href":"https:\/\/semmelweis.hu\/gytk\/wp-json\/wp\/v2\/pages\/8283\/revisions\/11456"}],"up":[{"embeddable":true,"href":"https:\/\/semmelweis.hu\/gytk\/wp-json\/wp\/v2\/pages\/5323"}],"wp:attachment":[{"href":"https:\/\/semmelweis.hu\/gytk\/wp-json\/wp\/v2\/media?parent=8283"}],"wp:term":[{"taxonomy":"category","embeddable":true,"href":"https:\/\/semmelweis.hu\/gytk\/wp-json\/wp\/v2\/categories?post=8283"},{"taxonomy":"post_tag","embeddable":true,"href":"https:\/\/semmelweis.hu\/gytk\/wp-json\/wp\/v2\/tags?post=8283"}],"curies":[{"name":"wp","href":"https:\/\/api.w.org\/{rel}","templated":true}]}}