{"id":7651,"date":"2019-07-11T08:29:39","date_gmt":"2019-07-11T06:29:39","guid":{"rendered":"http:\/\/semmelweis.hu\/gytk\/?page_id=7651"},"modified":"2025-09-01T13:33:22","modified_gmt":"2025-09-01T11:33:22","slug":"2019-julius-9-elektronikus-szavazas","status":"publish","type":"page","link":"https:\/\/semmelweis.hu\/gytk\/a-karrol\/kari-tanacs\/kari-tanacs-eloterjesztesek\/2019-julius-9-elektronikus-szavazas\/","title":{"rendered":"2019. j\u00falius 3-8.  elektronikus szavaz\u00e1s"},"content":{"rendered":"<p style=\"text-align: center\"><strong>Kari Tan\u00e1cs elektronikus szavaz\u00e1s 2019. j\u00falius 3.- 8.\u00a0<\/strong><\/p>\n<ul>\n<li><strong><a href=\"https:\/\/semmelweis.hu\/gytk\/files\/2019\/07\/Kari-Tan\u00e1cs-\u00e1ll\u00e1sfoglal\u00e1s\u00e1nak-k\u00e9r\u00e9se_58375-4_GYGTO_2019.pdf\" target=\"_blank\" rel=\"noopener noreferrer\">Elektronikus szavaz\u00e1s elrendel\u00e9se<\/a><\/strong><\/li>\n<\/ul>\n<p><strong>1. napirendi pont: \u00daj szabadon v\u00e1laszthat\u00f3 tant\u00e1rgyak bevezet\u00e9se<\/strong><\/p>\n<ul>\n<li><a href=\"https:\/\/semmelweis.hu\/gytk\/files\/2019\/07\/doc00113820190708111759.pdf\">1_sz_mell\u00e9klet_KT_El\u0151terjeszt\u00e9s \u00faj szabadon v\u00e1laszthat\u00f3 tant\u00e1rgyak bevezet\u00e9se_DrAI<\/a><\/li>\n<li><a href=\"https:\/\/semmelweis.hu\/gytk\/files\/2019\/07\/2_sz_mell\u00e9klet_A-tudom\u00e1nos-kutat\u00e1s-els\u0151-k\u00e9zb\u0151l.pdf\" target=\"_blank\" rel=\"noopener noreferrer\">2_sz_mell\u00e9klet_A tudom\u00e1nyos kutat\u00e1s els\u0151 k\u00e9zb\u0151l<\/a><\/li>\n<li><a href=\"https:\/\/semmelweis.hu\/gytk\/files\/2019\/07\/3_sz_mell\u00e9klet_-A-folyad\u00e9kkromatogr\u00e1fia-\u00e9s-analitikai-alkalmaz\u00e1sai.pdf\" target=\"_blank\" rel=\"noopener noreferrer\">3_sz_mell\u00e9klet_ A folyad\u00e9kkromatogr\u00e1fia \u00e9s analitikai alkalmaz\u00e1sai<\/a><\/li>\n<li><a href=\"https:\/\/semmelweis.hu\/gytk\/files\/2019\/07\/4_sz_mell\u00e9klet_N\u00e9vreakci\u00f3k-a-szerves-k\u00e9mi\u00e1ban.pdf\" target=\"_blank\" rel=\"noopener noreferrer\">4_sz_mell\u00e9klet_N\u00e9vreakci\u00f3k a szerves k\u00e9mi\u00e1ban<\/a><\/li>\n<li><a href=\"https:\/\/semmelweis.hu\/gytk\/files\/2019\/07\/5_sz_mell\u00e9klet_Angol_n\u00e9met_francia_olasz_soanyol_orosz-Szaknyelv_I-IV.pdf\" target=\"_blank\" rel=\"noopener noreferrer\">5_sz_mell\u00e9klet_Angol\/n\u00e9met\/francia\/olasz\/spanyol\/orosz Szaknyelv_I-IV<\/a><\/li>\n<li><a href=\"https:\/\/semmelweis.hu\/gytk\/files\/2019\/07\/6_sz_mell\u00e9klet_Bevezet\u00e9s-az-angol_n\u00e9met_francia_olasz_spanyol_orosz-gy\u00f3gyszer\u00e9szeti-szaknyelvbe-I.-II.pdf\" target=\"_blank\" rel=\"noopener noreferrer\">6_sz_mell\u00e9klet_Bevezet\u00e9s az angol\/n\u00e9met\/francia\/olasz\/spanyol\/orosz gy\u00f3gyszer\u00e9szeti szaknyelvbe I.-II<\/a><\/li>\n<li><a href=\"https:\/\/semmelweis.hu\/gytk\/files\/2019\/07\/7_sz_mell\u00e9klet_-Szaknyelvi-alapvizsga-felk\u00e9sz\u00edt\u0151_angol_n\u00e9met_francia_olasz_spanyol_orosz-szaknyelvb\u0151l-1.pdf\" target=\"_blank\" rel=\"noopener noreferrer\">7_sz_mell\u00e9klet_ Szaknyelvi alapvizsga felk\u00e9sz\u00edt\u0151_angol\/n\u00e9met\/francia\/olasz\/spanyol\/orosz szaknyelvb\u0151l<\/a><\/li>\n<li><a href=\"https:\/\/semmelweis.hu\/gytk\/files\/2019\/07\/8_sz_mell\u00e9klet_Szakmai-ismeretekkel-b\u0151v\u00edtett-angol-egyetemi-szaknyelvi-alapvizsga-felk\u00e9sz\u00edt\u0151.pdf\" target=\"_blank\" rel=\"noopener noreferrer\">8_sz_mell\u00e9klet_Szakmai ismeretekkel b\u0151v\u00edtett angol egyetemi szaknyelvi alapvizsga felk\u00e9sz\u00edt\u0151<\/a><\/li>\n<li><a href=\"https:\/\/semmelweis.hu\/gytk\/files\/2019\/07\/9_sz_mell\u00e9klet_Tudom\u00e1nyos-k\u00f6zlem\u00e9ny-\u00edr\u00e1sa-angol-nyelven.pdf\" target=\"_blank\" rel=\"noopener noreferrer\">9_sz_mell\u00e9klet_Tudom\u00e1nyos k\u00f6zlem\u00e9ny \u00edr\u00e1sa angol nyelven<\/a><\/li>\n<li><a href=\"https:\/\/semmelweis.hu\/gytk\/files\/2019\/07\/szavaz\u00f3lap_20190703_1napirendi_pont.docx\" target=\"_blank\" rel=\"noopener noreferrer\">Szavaz\u00f3lap<\/a><\/li>\n<\/ul>\n<p><strong>2. napirendi pont:\u00a0<\/strong><\/p>\n<ul>\n<li><a href=\"https:\/\/semmelweis.hu\/gytk\/files\/2019\/07\/1_sz_mell\u00e9klet_KT_El\u0151terjeszt\u00e9s-\u00faj-k\u00f6telez\u0151en-v\u00e1laszthat\u00f3-tant\u00e1rgyak-bevezet\u00e9se_DrAI.pdf\" target=\"_blank\" rel=\"noopener noreferrer\">1_sz_mell\u00e9klet_KT_El\u0151terjeszt\u00e9s \u00faj k\u00f6telez\u0151en v\u00e1laszthat\u00f3 tant\u00e1rgyak bevezet\u00e9se_DrAI<\/a><\/li>\n<li><a href=\"https:\/\/semmelweis.hu\/gytk\/files\/2019\/07\/2_sz_mell\u00e9klet_Bioanalitikai-vizsg\u00e1l\u00f3m\u00f3dszerek-\u00e9s-gyakorlati-alkalmaz\u00e1suk-a-farmakol\u00f3gi\u00e1ban-1.pdf\" target=\"_blank\" rel=\"noopener noreferrer\">2_sz_mell\u00e9klet_Bioanalitikai vizsg\u00e1l\u00f3m\u00f3dszerek \u00e9s gyakorlati alkalmaz\u00e1suk a farmakol\u00f3gi\u00e1ban<\/a><\/li>\n<li><a href=\"https:\/\/semmelweis.hu\/gytk\/files\/2019\/07\/3_sz_mell\u00e9klet_Szaknyelvi-alapvizsga-francia_spanyol_olasz-\u00e9s-orosz-nyelvekb\u0151l-1.pdf\" target=\"_blank\" rel=\"noopener noreferrer\">3_sz_mell\u00e9klet_Szaknyelvi alapvizsga francia\/spanyol\/olasz \u00e9s orosz nyelvekb\u0151l<\/a><\/li>\n<li><a href=\"https:\/\/semmelweis.hu\/gytk\/files\/2019\/07\/szavaz\u00f3lap_20190703_2napirendi_pont.docx\" target=\"_blank\" rel=\"noopener noreferrer\">Szavaz\u00f3lap<\/a><\/li>\n<\/ul>\n<p><strong>3. napirendi pont:<\/strong><\/p>\n<ul>\n<li><a href=\"https:\/\/semmelweis.hu\/gytk\/files\/2019\/07\/1_sz_mell\u00e9klet_KT_El\u0151terjeszt\u00e9s-kor\u00e1bban-meghirdetett-tant\u00e1rgyak-el\u0151k\u00f6vetelm\u00e9nyi-rendszer\u00e9nek-m\u00f3dos\u00edt\u00e1sa_DrAI.pdf\" target=\"_blank\" rel=\"noopener noreferrer\">1_sz_mell\u00e9klet_KT_El\u0151terjeszt\u00e9s kor\u00e1bban meghirdetett tant\u00e1rgyak el\u0151k\u00f6vetelm\u00e9nyi rendszer\u00e9nek m\u00f3dos\u00edt\u00e1sa_DrAI<\/a><\/li>\n<li><a href=\"https:\/\/semmelweis.hu\/gytk\/files\/2019\/07\/2_sz_mell\u00e9klet_M\u0171szeres-gy\u00f3gyszeranal\u00edzis.pdf\" target=\"_blank\" rel=\"noopener noreferrer\">2_sz_mell\u00e9klet_M\u0171szeres gy\u00f3gyszeranal\u00edzis<\/a><\/li>\n<li><a href=\"https:\/\/semmelweis.hu\/gytk\/files\/2019\/07\/3_sz_mell\u00e9klet_Feh\u00e9rj\u00e9k-analitikai-vizsg\u00e1lati-m\u00f3dszerei.pdf\" target=\"_blank\" rel=\"noopener noreferrer\">3_sz_mell\u00e9klet_Feh\u00e9rj\u00e9k analitikai vizsg\u00e1lati m\u00f3dszerei<\/a><\/li>\n<li><a href=\"https:\/\/semmelweis.hu\/gytk\/files\/2019\/07\/4_sz_mell\u00e9klet_Grundlagen-der-immunologie-und-mikrobiologie.pdf\" target=\"_blank\" rel=\"noopener noreferrer\">4_sz_mell\u00e9klet_Grundlagen der immunologie und mikrobiologie<\/a><\/li>\n<li><a href=\"https:\/\/semmelweis.hu\/gytk\/files\/2019\/07\/5_sz_mell\u00e9klet_Grundlagen-der-immunologie.pdf\" target=\"_blank\" rel=\"noopener noreferrer\">5_sz_mell\u00e9klet_Grundlagen der immunologie<\/a><\/li>\n<li><a href=\"https:\/\/semmelweis.hu\/gytk\/files\/2019\/07\/szavaz\u00f3lap_20190703_3napirendi_pont.docx\" target=\"_blank\" rel=\"noopener noreferrer\">Szavaz\u00f3lap<\/a><\/li>\n<\/ul>\n<p><strong>4. napirendi pont:<\/strong><\/p>\n<ul>\n<li><a href=\"https:\/\/semmelweis.hu\/gytk\/files\/2019\/07\/1_sz_mell\u00e9klet_KT_El\u0151terjeszt\u00e9s-\u00faj-angol_n\u00e9met-szaknyelvi-alapvizsga-tant\u00e1rgy-krit\u00e9riumk\u00f6vetelm\u00e9nyk\u00e9nt-t\u00f6rt\u00e9n\u0151-bevezet\u00e9se_DrAI.pdf\" target=\"_blank\" rel=\"noopener noreferrer\">1_sz_mell\u00e9klet_KT_El\u0151terjeszt\u00e9s \u00faj angol\/n\u00e9met szaknyelvi alapvizsga tant\u00e1rgy krit\u00e9riumk\u00f6vetelm\u00e9nyk\u00e9nt t\u00f6rt\u00e9n\u0151 bevezet\u00e9se_DrAI<\/a><\/li>\n<li><a href=\"https:\/\/semmelweis.hu\/gytk\/files\/2019\/07\/2_sz_mell\u00e9klet_Szaknyelvi-alapvizsga-angol-\u00e9s-n\u00e9met-szaknyelvb\u0151l.pdf\" target=\"_blank\" rel=\"noopener noreferrer\">2_sz_mell\u00e9klet_Szaknyelvi alapvizsga angol \u00e9s n\u00e9met szaknyelvb\u0151l<\/a><\/li>\n<li><a href=\"https:\/\/semmelweis.hu\/gytk\/files\/2019\/07\/szavaz\u00f3lap_20190703_4napirendi_pont.docx\" target=\"_blank\" rel=\"noopener noreferrer\">Szavaz\u00f3lap<\/a><\/li>\n<\/ul>\n<p><strong>5. napirendi pont:<\/strong><\/p>\n<ul>\n<li><a href=\"https:\/\/semmelweis.hu\/gytk\/files\/2019\/07\/1_sz_mell\u00e9klet_KT_El\u0151terjeszt\u00e9s-NYKI-\u00e1ltal-meghirdetett-k\u00f6telez\u0151-tant\u00e1rgyak-\u00faj-elnevez\u00e9se_DrAI.pdf\" target=\"_blank\" rel=\"noopener noreferrer\">1_sz_mell\u00e9klet_KT_El\u0151terjeszt\u00e9s NYKI \u00e1ltal meghirdetett k\u00f6telez\u0151 tant\u00e1rgyak \u00faj elnevez\u00e9se_DrAI<\/a><\/li>\n<li><a href=\"https:\/\/semmelweis.hu\/gytk\/files\/2019\/07\/2_sz_mell\u00e9klet_A-gy\u00f3yszer\u00e9szeti-terminol\u00f3gia-latin-alapjai_Gy\u00f3gyszer\u00e9szeti-\u00e9s-orvosi-terminol\u00f3gia.pdf\" target=\"_blank\" rel=\"noopener noreferrer\">2_sz_mell\u00e9klet_A gy\u00f3gyszer\u00e9szeti terminol\u00f3gia latin alapjai_Gy\u00f3gyszer\u00e9szeti \u00e9s orvosi terminol\u00f3gia<\/a><\/li>\n<li><a href=\"https:\/\/semmelweis.hu\/gytk\/files\/2019\/07\/3_sz_mell\u00e9klet_-Einf\u00fcrhrung-in-die-ungarische-sprache.pdf\" target=\"_blank\" rel=\"noopener noreferrer\">3_sz_mell\u00e9klet_ Einf\u00fcrhrung in die ungarische sprache<\/a><\/li>\n<li><a href=\"https:\/\/semmelweis.hu\/gytk\/files\/2019\/07\/szavaz\u00f3lap_20190703_5napirendi_pont.docx\" target=\"_blank\" rel=\"noopener noreferrer\">Szavaz\u00f3lap<\/a><\/li>\n<\/ul>\n<p><strong>6. napirendi pont:\u00a0<\/strong><\/p>\n<ul>\n<li><a href=\"https:\/\/semmelweis.hu\/gytk\/files\/2019\/07\/1_sz_mell\u00e9klet_KT_El\u0151terjeszt\u00e9s-K\u00f6nyvt\u00e1ri-informatika-c.-szabadon-v\u00e1laszthat\u00f3-tant\u00e1rgy-meg\u00fajult-tematik\u00e1j\u00e1nak-elfogad\u00e1sa-bevezet\u00e9se_DrAI.pdf\" target=\"_blank\" rel=\"noopener noreferrer\">1_sz_mell\u00e9klet_KT_El\u0151terjeszt\u00e9s K\u00f6nyvt\u00e1ri informatika c. szabadon v\u00e1laszthat\u00f3 tant\u00e1rgy meg\u00fajult tematik\u00e1j\u00e1nak elfogad\u00e1sa bevezet\u00e9se_DrAI<\/a><\/li>\n<li><a href=\"https:\/\/semmelweis.hu\/gytk\/files\/2019\/07\/2_sz_mell\u00e9klet_K\u00f6nyvt\u00e1ri-informatika.pdf\" target=\"_blank\" rel=\"noopener noreferrer\">2_sz_mell\u00e9klet_K\u00f6nyvt\u00e1ri informatika<\/a><\/li>\n<li><a href=\"https:\/\/semmelweis.hu\/gytk\/files\/2019\/07\/szavaz\u00f3lap_20190703_6napirendi_pont.docx\" target=\"_blank\" rel=\"noopener noreferrer\">Szavaz\u00f3lap<\/a><\/li>\n<\/ul>\n<p>&nbsp;<\/p>\n<p style=\"padding-left: 40px\">\u00a0<\/p>\n<p>&nbsp;<\/p>\n","protected":false},"excerpt":{"rendered":"<p>Kari Tan\u00e1cs elektronikus szavaz\u00e1s 2019. j\u00falius 3.- 8.\u00a0 <a href=\"https:\/\/semmelweis.hu\/gytk\/files\/2019\/07\/Kari-Tan\u00e1cs-\u00e1ll\u00e1sfoglal\u00e1s\u00e1nak-k\u00e9r\u00e9se_58375-4_GYGTO_2019.pdf\" target=\"_blank\" rel=\"noopener noreferrer\">Elektronikus szavaz\u00e1s elrendel\u00e9se<\/a> 1. napirendi pont: \u00daj szabadon v\u00e1laszthat\u00f3 tant\u00e1rgyak bevezet\u00e9se <a href=\"https:\/\/semmelweis.hu\/gytk\/files\/2019\/07\/doc00113820190708111759.pdf\">1_sz_mell\u00e9klet_KT_El\u0151terjeszt\u00e9s \u00faj szabadon v\u00e1laszthat\u00f3 tant\u00e1rgyak bevezet\u00e9se_DrAI<\/a> <a href=\"https:\/\/semmelweis.hu\/gytk\/files\/2019\/07\/2_sz_mell\u00e9klet_A-tudom\u00e1nos-kutat\u00e1s-els\u0151-k\u00e9zb\u0151l.pdf\" target=\"_blank\" rel=\"noopener noreferrer\">2_sz_mell\u00e9klet_A tudom\u00e1nyos kutat\u00e1s els\u0151 k\u00e9zb\u0151l<\/a> <a href=\"https:\/\/semmelweis.hu\/gytk\/files\/2019\/07\/3_sz_mell\u00e9klet_-A-folyad\u00e9kkromatogr\u00e1fia-\u00e9s-analitikai-alkalmaz\u00e1sai.pdf\" target=\"_blank\" rel=\"noopener noreferrer\">3_sz_mell\u00e9klet_ A folyad\u00e9kkromatogr\u00e1fia \u00e9s analitikai alkalmaz\u00e1sai<\/a> <a href=\"https:\/\/semmelweis.hu\/gytk\/files\/2019\/07\/4_sz_mell\u00e9klet_N\u00e9vreakci\u00f3k-a-szerves-k\u00e9mi\u00e1ban.pdf\" target=\"_blank\" rel=\"noopener noreferrer\">4_sz_mell\u00e9klet_N\u00e9vreakci\u00f3k a szerves k\u00e9mi\u00e1ban<\/a> <a href=\"https:\/\/semmelweis.hu\/gytk\/files\/2019\/07\/5_sz_mell\u00e9klet_Angol_n\u00e9met_francia_olasz_soanyol_orosz-Szaknyelv_I-IV.pdf\" target=\"_blank\" rel=\"noopener noreferrer\">5_sz_mell\u00e9klet_Angol\/n\u00e9met\/francia\/olasz\/spanyol\/orosz Szaknyelv_I-IV<\/a> <a href=\"https:\/\/semmelweis.hu\/gytk\/files\/2019\/07\/6_sz_mell\u00e9klet_Bevezet\u00e9s-az-angol_n\u00e9met_francia_olasz_spanyol_orosz-gy\u00f3gyszer\u00e9szeti-szaknyelvbe-I.-II.pdf\" target=\"_blank\" rel=\"noopener noreferrer\">6_sz_mell\u00e9klet_Bevezet\u00e9s az angol\/n\u00e9met\/francia\/olasz\/spanyol\/orosz gy\u00f3gyszer\u00e9szeti szaknyelvbe I.-II<\/a> <a href=\"https:\/\/semmelweis.hu\/gytk\/files\/2019\/07\/7_sz_mell\u00e9klet_-Szaknyelvi-alapvizsga-felk\u00e9sz\u00edt\u0151_angol_n\u00e9met_francia_olasz_spanyol_orosz-szaknyelvb\u0151l-1.pdf\" target=\"_blank\" rel=\"noopener noreferrer\">7_sz_mell\u00e9klet_ Szaknyelvi alapvizsga felk\u00e9sz\u00edt\u0151_angol\/n\u00e9met\/francia\/olasz\/spanyol\/orosz szaknyelvb\u0151l<\/a> <a href=\"https:\/\/semmelweis.hu\/gytk\/files\/2019\/07\/8_sz_mell\u00e9klet_Szakmai-ismeretekkel-b\u0151v\u00edtett-angol-egyetemi-szaknyelvi-alapvizsga-felk\u00e9sz\u00edt\u0151.pdf\" target=\"_blank\" rel=\"noopener noreferrer\">8_sz_mell\u00e9klet_Szakmai ismeretekkel b\u0151v\u00edtett angol egyetemi szaknyelvi alapvizsga felk\u00e9sz\u00edt\u0151<\/a> <a href=\"https:\/\/semmelweis.hu\/gytk\/files\/2019\/07\/9_sz_mell\u00e9klet_Tudom\u00e1nyos-k\u00f6zlem\u00e9ny-\u00edr\u00e1sa-angol-nyelven.pdf\" target=\"_blank\" rel=\"noopener noreferrer\">9_sz_mell\u00e9klet_Tudom\u00e1nyos k\u00f6zlem\u00e9ny \u00edr\u00e1sa angol nyelven<\/a> <a href=\"https:\/\/semmelweis.hu\/gytk\/files\/2019\/07\/szavaz\u00f3lap_20190703_1napirendi_pont.docx\" target=\"_blank\" rel=\"noopener noreferrer\">Szavaz\u00f3lap<\/a> 2. napirendi pont:\u00a0 <a href=\"https:\/\/semmelweis.hu\/gytk\/files\/2019\/07\/1_sz_mell\u00e9klet_KT_El\u0151terjeszt\u00e9s-\u00faj-k\u00f6telez\u0151en-v\u00e1laszthat\u00f3-tant\u00e1rgyak-bevezet\u00e9se_DrAI.pdf\" target=\"_blank\" rel=\"noopener noreferrer\">1_sz_mell\u00e9klet_KT_El\u0151terjeszt\u00e9s \u00faj k\u00f6telez\u0151en v\u00e1laszthat\u00f3 tant\u00e1rgyak bevezet\u00e9se_DrAI<\/a> <a href=\"https:\/\/semmelweis.hu\/gytk\/files\/2019\/07\/2_sz_mell\u00e9klet_Bioanalitikai-vizsg\u00e1l\u00f3m\u00f3dszerek-\u00e9s-gyakorlati-alkalmaz\u00e1suk-a-farmakol\u00f3gi\u00e1ban-1.pdf\" target=\"_blank\" rel=\"noopener noreferrer\">2_sz_mell\u00e9klet_Bioanalitikai vizsg\u00e1l\u00f3m\u00f3dszerek \u00e9s gyakorlati alkalmaz\u00e1suk a farmakol\u00f3gi\u00e1ban<\/a> <a href=\"https:\/\/semmelweis.hu\/gytk\/files\/2019\/07\/3_sz_mell\u00e9klet_Szaknyelvi-alapvizsga-francia_spanyol_olasz-\u00e9s-orosz-nyelvekb\u0151l-1.pdf\" target=\"_blank\" rel=\"noopener noreferrer\">3_sz_mell\u00e9klet_Szaknyelvi alapvizsga francia\/spanyol\/olasz \u00e9s orosz nyelvekb\u0151l<\/a> <a href=\"https:\/\/semmelweis.hu\/gytk\/files\/2019\/07\/szavaz\u00f3lap_20190703_2napirendi_pont.docx\" target=\"_blank\" rel=\"noopener noreferrer\">Szavaz\u00f3lap<\/a> 3. napirendi pont: <a href=\"https:\/\/semmelweis.hu\/gytk\/files\/2019\/07\/1_sz_mell\u00e9klet_KT_El\u0151terjeszt\u00e9s-kor\u00e1bban-meghirdetett-tant\u00e1rgyak-el\u0151k\u00f6vetelm\u00e9nyi-rendszer\u00e9nek-m\u00f3dos\u00edt\u00e1sa_DrAI.pdf\" target=\"_blank\" rel=\"noopener noreferrer\">1_sz_mell\u00e9klet_KT_El\u0151terjeszt\u00e9s kor\u00e1bban meghirdetett tant\u00e1rgyak el\u0151k\u00f6vetelm\u00e9nyi rendszer\u00e9nek m\u00f3dos\u00edt\u00e1sa_DrAI<\/a> <a href=\"https:\/\/semmelweis.hu\/gytk\/files\/2019\/07\/2_sz_mell\u00e9klet_M\u0171szeres-gy\u00f3gyszeranal\u00edzis.pdf\" target=\"_blank\" rel=\"noopener noreferrer\">2_sz_mell\u00e9klet_M\u0171szeres gy\u00f3gyszeranal\u00edzis<\/a> <a href=\"https:\/\/semmelweis.hu\/gytk\/files\/2019\/07\/3_sz_mell\u00e9klet_Feh\u00e9rj\u00e9k-analitikai-vizsg\u00e1lati-m\u00f3dszerei.pdf\" target=\"_blank\" rel=\"noopener noreferrer\">3_sz_mell\u00e9klet_Feh\u00e9rj\u00e9k analitikai vizsg\u00e1lati m\u00f3dszerei<\/a> <a href=\"https:\/\/semmelweis.hu\/gytk\/files\/2019\/07\/4_sz_mell\u00e9klet_Grundlagen-der-immunologie-und-mikrobiologie.pdf\" target=\"_blank\" rel=\"noopener noreferrer\">4_sz_mell\u00e9klet_Grundlagen der immunologie und mikrobiologie<\/a> <a href=\"https:\/\/semmelweis.hu\/gytk\/files\/2019\/07\/5_sz_mell\u00e9klet_Grundlagen-der-immunologie.pdf\" target=\"_blank\" rel=\"noopener noreferrer\">5_sz_mell\u00e9klet_Grundlagen der immunologie<\/a> <a href=\"https:\/\/semmelweis.hu\/gytk\/files\/2019\/07\/szavaz\u00f3lap_20190703_3napirendi_pont.docx\" target=\"_blank\" rel=\"noopener noreferrer\">Szavaz\u00f3lap<\/a> 4. napirendi pont: <a href=\"https:\/\/semmelweis.hu\/gytk\/files\/2019\/07\/1_sz_mell\u00e9klet_KT_El\u0151terjeszt\u00e9s-\u00faj-angol_n\u00e9met-szaknyelvi-alapvizsga-tant\u00e1rgy-krit\u00e9riumk\u00f6vetelm\u00e9nyk\u00e9nt-t\u00f6rt\u00e9n\u0151-bevezet\u00e9se_DrAI.pdf\" target=\"_blank\" rel=\"noopener noreferrer\">1_sz_mell\u00e9klet_KT_El\u0151terjeszt\u00e9s \u00faj angol\/n\u00e9met szaknyelvi alapvizsga tant\u00e1rgy krit\u00e9riumk\u00f6vetelm\u00e9nyk\u00e9nt t\u00f6rt\u00e9n\u0151 bevezet\u00e9se_DrAI<\/a> <a href=\"https:\/\/semmelweis.hu\/gytk\/files\/2019\/07\/2_sz_mell\u00e9klet_Szaknyelvi-alapvizsga-angol-\u00e9s-n\u00e9met-szaknyelvb\u0151l.pdf\" target=\"_blank\" rel=\"noopener noreferrer\">2_sz_mell\u00e9klet_Szaknyelvi alapvizsga angol \u00e9s n\u00e9met szaknyelvb\u0151l<\/a> <a href=\"https:\/\/semmelweis.hu\/gytk\/files\/2019\/07\/szavaz\u00f3lap_20190703_4napirendi_pont.docx\" target=\"_blank\" rel=\"noopener noreferrer\">Szavaz\u00f3lap<\/a> 5. napirendi pont: <a href=\"https:\/\/semmelweis.hu\/gytk\/files\/2019\/07\/1_sz_mell\u00e9klet_KT_El\u0151terjeszt\u00e9s-NYKI-\u00e1ltal-meghirdetett-k\u00f6telez\u0151-tant\u00e1rgyak-\u00faj-elnevez\u00e9se_DrAI.pdf\" target=\"_blank\" rel=\"noopener noreferrer\">1_sz_mell\u00e9klet_KT_El\u0151terjeszt\u00e9s NYKI \u00e1ltal meghirdetett k\u00f6telez\u0151 tant\u00e1rgyak \u00faj elnevez\u00e9se_DrAI<\/a> <a href=\"https:\/\/semmelweis.hu\/gytk\/files\/2019\/07\/2_sz_mell\u00e9klet_A-gy\u00f3yszer\u00e9szeti-terminol\u00f3gia-latin-alapjai_Gy\u00f3gyszer\u00e9szeti-\u00e9s-orvosi-terminol\u00f3gia.pdf\" target=\"_blank\" rel=\"noopener noreferrer\">2_sz_mell\u00e9klet_A gy\u00f3gyszer\u00e9szeti terminol\u00f3gia latin alapjai_Gy\u00f3gyszer\u00e9szeti \u00e9s orvosi terminol\u00f3gia<\/a> <a href=\"https:\/\/semmelweis.hu\/gytk\/files\/2019\/07\/3_sz_mell\u00e9klet_-Einf\u00fcrhrung-in-die-ungarische-sprache.pdf\" target=\"_blank\" rel=\"noopener noreferrer\">3_sz_mell\u00e9klet_ Einf\u00fcrhrung in die ungarische sprache<\/a> <a href=\"https:\/\/semmelweis.hu\/gytk\/files\/2019\/07\/szavaz\u00f3lap_20190703_5napirendi_pont.docx\" target=\"_blank\" rel=\"noopener noreferrer\">Szavaz\u00f3lap<\/a> 6. napirendi pont:\u00a0 <a href=\"https:\/\/semmelweis.hu\/gytk\/files\/2019\/07\/1_sz_mell\u00e9klet_KT_El\u0151terjeszt\u00e9s-K\u00f6nyvt\u00e1ri-informatika-c.-szabadon-v\u00e1laszthat\u00f3-tant\u00e1rgy-meg\u00fajult-tematik\u00e1j\u00e1nak-elfogad\u00e1sa-bevezet\u00e9se_DrAI.pdf\" target=\"_blank\" rel=\"noopener noreferrer\">1_sz_mell\u00e9klet_KT_El\u0151terjeszt\u00e9s K\u00f6nyvt\u00e1ri informatika c. szabadon v\u00e1laszthat\u00f3 tant\u00e1rgy meg\u00fajult tematik\u00e1j\u00e1nak elfogad\u00e1sa bevezet\u00e9se_DrAI<\/a> <a href=\"https:\/\/semmelweis.hu\/gytk\/files\/2019\/07\/2_sz_mell\u00e9klet_K\u00f6nyvt\u00e1ri-informatika.pdf\" target=\"_blank\" rel=\"noopener noreferrer\">2_sz_mell\u00e9klet_K\u00f6nyvt\u00e1ri informatika<\/a> <a href=\"https:\/\/semmelweis.hu\/gytk\/files\/2019\/07\/szavaz\u00f3lap_20190703_6napirendi_pont.docx\" target=\"_blank\" rel=\"noopener noreferrer\">Szavaz\u00f3lap<\/a> &nbsp; \u00a0 &hellip;<\/p>\n","protected":false},"author":101431,"featured_media":0,"parent":5323,"menu_order":8,"comment_status":"closed","ping_status":"closed","template":"","meta":{"_acf_changed":false,"footnotes":""},"categories":[],"tags":[],"class_list":["post-7651","page","type-page","status-publish","hentry"],"acf":[],"_links":{"self":[{"href":"https:\/\/semmelweis.hu\/gytk\/wp-json\/wp\/v2\/pages\/7651","targetHints":{"allow":["GET"]}}],"collection":[{"href":"https:\/\/semmelweis.hu\/gytk\/wp-json\/wp\/v2\/pages"}],"about":[{"href":"https:\/\/semmelweis.hu\/gytk\/wp-json\/wp\/v2\/types\/page"}],"author":[{"embeddable":true,"href":"https:\/\/semmelweis.hu\/gytk\/wp-json\/wp\/v2\/users\/101431"}],"replies":[{"embeddable":true,"href":"https:\/\/semmelweis.hu\/gytk\/wp-json\/wp\/v2\/comments?post=7651"}],"version-history":[{"count":9,"href":"https:\/\/semmelweis.hu\/gytk\/wp-json\/wp\/v2\/pages\/7651\/revisions"}],"predecessor-version":[{"id":17659,"href":"https:\/\/semmelweis.hu\/gytk\/wp-json\/wp\/v2\/pages\/7651\/revisions\/17659"}],"up":[{"embeddable":true,"href":"https:\/\/semmelweis.hu\/gytk\/wp-json\/wp\/v2\/pages\/5323"}],"wp:attachment":[{"href":"https:\/\/semmelweis.hu\/gytk\/wp-json\/wp\/v2\/media?parent=7651"}],"wp:term":[{"taxonomy":"category","embeddable":true,"href":"https:\/\/semmelweis.hu\/gytk\/wp-json\/wp\/v2\/categories?post=7651"},{"taxonomy":"post_tag","embeddable":true,"href":"https:\/\/semmelweis.hu\/gytk\/wp-json\/wp\/v2\/tags?post=7651"}],"curies":[{"name":"wp","href":"https:\/\/api.w.org\/{rel}","templated":true}]}}