{"id":6108,"date":"2018-10-01T12:30:23","date_gmt":"2018-10-01T10:30:23","guid":{"rendered":"http:\/\/semmelweis.hu\/gytk\/?page_id=6108"},"modified":"2021-05-21T15:56:22","modified_gmt":"2021-05-21T13:56:22","slug":"kari-tanacs-2018-szeptember-19-szerda-1430","status":"publish","type":"page","link":"https:\/\/semmelweis.hu\/gytk\/a-karrol\/kari-tanacs\/kari-tanacs-eloterjesztesek\/kari-tanacs-2018-szeptember-19-szerda-1430\/","title":{"rendered":"2018. szeptember 19-i \u00fcl\u00e9s"},"content":{"rendered":"<p style=\"text-align: center\"><strong>Kari Tan\u00e1cs\u00fcl\u00e9s 2018. szeptember 19. (szerda) 14:30 Szen\u00e1tusi terem<\/strong><\/p>\n<p><strong>3. napirendi pont:\u00a0<\/strong><\/p>\n<ul>\n<li><a href=\"https:\/\/semmelweis.hu\/gytk\/files\/2018\/09\/d%C3%A9k%C3%A1nhelyettesi-p%C3%A1ly%C3%A1zat_2018_09.pdf\" target=\"_blank\" rel=\"noopener noreferrer\">https:\/\/semmelweis.hu\/gytk\/files\/2018\/09\/d\u00e9k\u00e1nhelyettesi-p\u00e1ly\u00e1zat_2018_09.pdf<\/a><\/li>\n<\/ul>\n<p><strong>4. napirendi pont:<\/strong><\/p>\n<ul>\n<li><a href=\"https:\/\/semmelweis.hu\/gytk\/files\/2018\/09\/Munkaterv_KT_2018_19_.pdf\" target=\"_blank\" rel=\"noopener noreferrer\">https:\/\/semmelweis.hu\/gytk\/files\/2018\/09\/Munkaterv_KT_2018_19_.pdf<\/a><\/li>\n<\/ul>\n<p><strong>5. napirendi pont:<\/strong><\/p>\n<ul>\n<li><a href=\"https:\/\/semmelweis.hu\/gytk\/files\/2018\/09\/2018-%C3%A9vi-felv%C3%A9teli-elj%C3%A1r%C3%A1s-adatai-5.pdf\" target=\"_blank\" rel=\"noopener noreferrer\">https:\/\/semmelweis.hu\/gytk\/files\/2018\/09\/2018-\u00e9vi-felv\u00e9teli-elj\u00e1r\u00e1s-adatai-5.pdf<\/a><\/li>\n<\/ul>\n<p><strong>6. napirendi pont:<\/strong><\/p>\n<ul>\n<li><a href=\"https:\/\/semmelweis.hu\/gytk\/files\/2018\/09\/Hallgat%C3%B3i-l%C3%A9tsz%C3%A1m-6.pdf\" target=\"_blank\" rel=\"noopener noreferrer\">https:\/\/semmelweis.hu\/gytk\/files\/2018\/09\/Hallgat\u00f3i-l\u00e9tsz\u00e1m-6.pdf<\/a><\/li>\n<\/ul>\n<p><strong>7. napirendi pont:<\/strong><\/p>\n<ul>\n<li><a href=\"https:\/\/semmelweis.hu\/gytk\/files\/2018\/09\/T%C3%A1j%C3%A9koztat%C3%B3-a-2018-%C3%A9vi-z%C3%A1r%C3%B3vizsg%C3%A1kr%C3%B3l-7.pdf\" target=\"_blank\" rel=\"noopener noreferrer\">https:\/\/semmelweis.hu\/gytk\/files\/2018\/09\/T\u00e1j\u00e9koztat\u00f3-a-2018-\u00e9vi-z\u00e1r\u00f3vizsg\u00e1kr\u00f3l-7.pdf<\/a><\/li>\n<\/ul>\n<p><strong>8. napirendi pont:<\/strong><\/p>\n<ul>\n<li><a href=\"https:\/\/semmelweis.hu\/gytk\/files\/2018\/09\/tantargyi-statisztika_17182_magyar.pdf\" target=\"_blank\" rel=\"noopener noreferrer\">https:\/\/semmelweis.hu\/gytk\/files\/2018\/09\/tantargyi-statisztika<\/a><a href=\"https:\/\/semmelweis.hu\/gytk\/files\/2018\/09\/tantargyi-statisztika_17182_magyar.pdf\" target=\"_blank\" rel=\"noopener noreferrer\">17182_magyar.pdf<\/a><\/li>\n<li><a href=\"https:\/\/semmelweis.hu\/gytk\/files\/2018\/09\/tantargyi-statisztika_17182_angol.pdf\" target=\"_blank\" rel=\"noopener noreferrer\">https:\/\/semmelweis.hu\/gytk\/files\/2018\/09\/tantargyi-statisztika_17182_angol.pdf<\/a><\/li>\n<li><a href=\"https:\/\/semmelweis.hu\/gytk\/files\/2018\/09\/tantargyi-statisztika_17182_n%C3%A9met.pdf\" target=\"_blank\" rel=\"noopener noreferrer\">https:\/\/semmelweis.hu\/gytk\/files\/2018\/09\/tantargyi-statisztika_17182_n\u00e9met.pdf<\/a><\/li>\n<\/ul>\n<ol>\n<li style=\"list-style-type: none\">\u00a0<\/li>\n<\/ol>\n","protected":false},"excerpt":{"rendered":"<p>Kari Tan\u00e1cs\u00fcl\u00e9s 2018. szeptember 19. (szerda) 14:30 Szen\u00e1tusi terem<br \/>\n3. napirendi pont:\u00a0<\/p>\n<p><a href=\"https:\/\/semmelweis.hu\/gytk\/files\/2018\/09\/d%C3%A9k%C3%A1nhelyettesi-p%C3%A1ly%C3%A1zat_2018_09.pdf\" target=\"_blank\" rel=\"noopener noreferrer\">https:\/\/semmelweis.hu\/gytk\/files\/2018\/09\/d\u00e9k\u00e1nhelyettesi-p\u00e1ly\u00e1zat_2018_09.pdf<\/a><\/p>\n<p>4. napirendi pont:<\/p>\n<p><a href=\"https:\/\/semmelweis.hu\/gytk\/files\/2018\/09\/Munkaterv_KT_2018_19_.pdf\" target=\"_blank\" rel=\"noopener noreferrer\">https:\/\/semmelweis.hu\/gytk\/files\/2018\/09\/Munkaterv_KT_2018_19_.pdf<\/a><\/p>\n<p>5. napirendi pont:<\/p>\n<p><a href=\"https:\/\/semmelweis.hu\/gytk\/files\/2018\/09\/2018-%C3%A9vi-felv%C3%A9teli-elj%C3%A1r%C3%A1s-adatai-5.pdf\" target=\"_blank\" rel=\"noopener noreferrer\">https:\/\/semmelweis.hu\/gytk\/files\/2018\/09\/2018-\u00e9vi-felv\u00e9teli-elj\u00e1r\u00e1s-adatai-5.pdf<\/a><\/p>\n<p>6. napirendi pont:<\/p>\n<p><a href=\"https:\/\/semmelweis.hu\/gytk\/files\/2018\/09\/Hallgat%C3%B3i-l%C3%A9tsz%C3%A1m-6.pdf\" target=\"_blank\" rel=\"noopener noreferrer\">https:\/\/semmelweis.hu\/gytk\/files\/2018\/09\/Hallgat\u00f3i-l\u00e9tsz\u00e1m-6.pdf<\/a><\/p>\n<p>7. napirendi pont:<\/p>\n<p><a href=\"https:\/\/semmelweis.hu\/gytk\/files\/2018\/09\/T%C3%A1j%C3%A9koztat%C3%B3-a-2018-%C3%A9vi-z%C3%A1r%C3%B3vizsg%C3%A1kr%C3%B3l-7.pdf\" target=\"_blank\" rel=\"noopener noreferrer\">https:\/\/semmelweis.hu\/gytk\/files\/2018\/09\/T\u00e1j\u00e9koztat\u00f3-a-2018-\u00e9vi-z\u00e1r\u00f3vizsg\u00e1kr\u00f3l-7.pdf<\/a><\/p>\n<p>8. napirendi pont:<\/p>\n<p><a href=\"https:\/\/semmelweis.hu\/gytk\/files\/2018\/09\/tantargyi-statisztika_17182_magyar.pdf\" target=\"_blank\" rel=\"noopener noreferrer\">https:\/\/semmelweis.hu\/gytk\/files\/2018\/09\/tantargyi-statisztika<\/a><a href=\"https:\/\/semmelweis.hu\/gytk\/files\/2018\/09\/tantargyi-statisztika_17182_magyar.pdf\" target=\"_blank\" rel=\"noopener noreferrer\">17182_magyar.pdf<\/a><br \/>\n<a href=\"https:\/\/semmelweis.hu\/gytk\/files\/2018\/09\/tantargyi-statisztika_17182_angol.pdf\" target=\"_blank\" rel=\"noopener noreferrer\">https:\/\/semmelweis.hu\/gytk\/files\/2018\/09\/tantargyi-statisztika_17182_angol.pdf<\/a><br \/>\n<a href=\"https:\/\/semmelweis.hu\/gytk\/files\/2018\/09\/tantargyi-statisztika_17182_n%C3%A9met.pdf\" target=\"_blank\" rel=\"noopener noreferrer\">https:\/\/semmelweis.hu\/gytk\/files\/2018\/09\/tantargyi-statisztika_17182_n\u00e9met.pdf<\/a><\/p>\n<p>\u00a0<\/p>\n","protected":false},"author":101025,"featured_media":0,"parent":5323,"menu_order":3,"comment_status":"closed","ping_status":"closed","template":"","meta":{"_acf_changed":false,"footnotes":""},"categories":[],"tags":[],"class_list":["post-6108","page","type-page","status-publish","hentry"],"acf":[],"_links":{"self":[{"href":"https:\/\/semmelweis.hu\/gytk\/wp-json\/wp\/v2\/pages\/6108","targetHints":{"allow":["GET"]}}],"collection":[{"href":"https:\/\/semmelweis.hu\/gytk\/wp-json\/wp\/v2\/pages"}],"about":[{"href":"https:\/\/semmelweis.hu\/gytk\/wp-json\/wp\/v2\/types\/page"}],"author":[{"embeddable":true,"href":"https:\/\/semmelweis.hu\/gytk\/wp-json\/wp\/v2\/users\/101025"}],"replies":[{"embeddable":true,"href":"https:\/\/semmelweis.hu\/gytk\/wp-json\/wp\/v2\/comments?post=6108"}],"version-history":[{"count":6,"href":"https:\/\/semmelweis.hu\/gytk\/wp-json\/wp\/v2\/pages\/6108\/revisions"}],"predecessor-version":[{"id":11469,"href":"https:\/\/semmelweis.hu\/gytk\/wp-json\/wp\/v2\/pages\/6108\/revisions\/11469"}],"up":[{"embeddable":true,"href":"https:\/\/semmelweis.hu\/gytk\/wp-json\/wp\/v2\/pages\/5323"}],"wp:attachment":[{"href":"https:\/\/semmelweis.hu\/gytk\/wp-json\/wp\/v2\/media?parent=6108"}],"wp:term":[{"taxonomy":"category","embeddable":true,"href":"https:\/\/semmelweis.hu\/gytk\/wp-json\/wp\/v2\/categories?post=6108"},{"taxonomy":"post_tag","embeddable":true,"href":"https:\/\/semmelweis.hu\/gytk\/wp-json\/wp\/v2\/tags?post=6108"}],"curies":[{"name":"wp","href":"https:\/\/api.w.org\/{rel}","templated":true}]}}