{"id":2258,"date":"2015-11-26T10:27:47","date_gmt":"2015-11-26T09:27:47","guid":{"rendered":"http:\/\/semmelweis.hu\/gytk\/?page_id=2258"},"modified":"2026-02-26T11:14:14","modified_gmt":"2026-02-26T10:14:14","slug":"nyilt-nap","status":"publish","type":"page","link":"https:\/\/semmelweis.hu\/gytk\/felveteli\/nyilt-nap\/","title":{"rendered":"Ny\u00edlt nap"},"content":{"rendered":"<div class=\"w-100\" style=\"text-align: center\">\n<h4 style=\"text-align: center\"><strong>Gy\u00f3gyszer\u00e9sztudom\u00e1nyi Kar \u2013 Online Ny\u00edlt nap<\/strong><\/h4>\n<\/div>\n<div style=\"text-align: center\">\n<h4 style=\"text-align: center\"><strong>2026. janu\u00e1r 22. 13:30-15:50<\/strong><\/h4>\n<p>&nbsp;<\/p>\n<p style=\"text-align: left\"><span style=\"font-size: 18pt\"><strong><span style=\"font-size: 14pt\">A programr\u00f3l k\u00e9sz\u00fclt vide\u00f3 az al\u00e1bbi linken megtekinthet\u0151<\/span>:<\/strong><\/span> <a href=\"https:\/\/www.youtube.com\/watch?v=AZwXLBUIpAI\" target=\"_blank\" rel=\"noopener\">SEMMELWEIS ONLINE NY\u00cdLT NAP 2026 | Gy\u00f3gyszer\u00e9sztudom\u00e1nyi Kar<\/a><\/p>\n<p>&nbsp;<\/p>\n<p style=\"text-align: justify\">A janu\u00e1ri Online Ny\u00edlt nap lehet\u0151s\u00e9get k\u00edn\u00e1l arra, hogy belepillants a Gy\u00f3gyszer\u00e9sztudom\u00e1nyi Kar \u00e9let\u00e9be, megismerd az oktat\u00e1st, a kutat\u00e1si lehet\u0151s\u00e9geket \u00e9s a gy\u00f3gyszer\u00e9sz diploma k\u00edn\u00e1lta karrierutakat.<\/p>\n<h4 style=\"text-align: justify\"><strong>Programok:<\/strong><\/h4>\n<ul>\n<li style=\"text-align: left\"><strong>Rektori \u00e9s D\u00e9k\u00e1ni K\u00f6sz\u00f6nt\u0151:<\/strong> Dr. Merkely B\u00e9la rektor \u00e9s Dr. Antal Istv\u00e1n d\u00e9k\u00e1n k\u00f6sz\u00f6nti az \u00e9rdekl\u0151d\u0151ket, bemutatva a GYTK szerep\u00e9t \u00e9s \u00e9rt\u00e9keit.<\/li>\n<li style=\"text-align: left\"><strong>Bemutatkozik a GYTK:<\/strong> N\u00e9zd meg a kar bemutat\u00f3vide\u00f3j\u00e1t, amely \u00e1tfog\u00f3 k\u00e9pet ad a GYTK-r\u00f3l \u00e9s mindarr\u00f3l, amit k\u00edn\u00e1l.<\/li>\n<li style=\"text-align: left\"><strong>A Kar \u00e9s a gy\u00f3gyszer\u00e9szk\u00e9pz\u00e9s bemutat\u00e1sa:<\/strong> Fiatal oktat\u00f3 mes\u00e9l a gy\u00f3gyszer\u00e9szk\u00e9pz\u00e9sr\u0151l \u00e9s a hallgat\u00f3i mentorprogramr\u00f3l. Tudj meg t\u00f6bbet a k\u00e9pz\u00e9sr\u0151l \u00e9s arr\u00f3l, mit tanulnak a hallgat\u00f3k!<\/li>\n<li style=\"text-align: left\"><strong>Gy\u00f3gyszer\u00e9sz diplom\u00e1val a val\u00f3 vil\u00e1gban:<\/strong> Tudj meg mindent a gy\u00f3gyszer\u00e9sz diploma lehet\u0151s\u00e9geir\u0151l! Hallgasd meg a kar \u00f6regdi\u00e1kjainak tapasztalatait \u00e9s sikert\u00f6rt\u00e9neteit.<\/li>\n<li style=\"text-align: left\"><strong>D\u00e9k\u00e1ni fogad\u00f3\u00f3ra:<\/strong> K\u00e9rdezz k\u00f6zvetlen\u00fcl a kar vezet\u0151it\u0151l a felv\u00e9telir\u0151l, a k\u00e9pz\u00e9sr\u0151l \u00e9s a tanulm\u00e1nyi lehet\u0151s\u00e9gekr\u0151l.<\/li>\n<li style=\"text-align: left\"><strong>Koll\u00e9giumi \u00e9let, hallgat\u00f3i l\u00e9t:<\/strong> Fedezd fel mit k\u00edn\u00e1lhatnak sz\u00e1modra a Semmelweis Egyetem koll\u00e9giumai, mi\u00e9rt \u00e9rdemes csatlakozni ehhez a k\u00f6z\u00f6ss\u00e9ghez, illetve, hogy milyen a hallgat\u00f3i pezsg\u00e9s az egyetem falain k\u00edv\u00fcl.<\/li>\n<li style=\"text-align: left\"><strong>Hallgat\u00f3i F\u00f3rum:<\/strong> \u201eTal\u00e1lkozz\u201d a Hallgat\u00f3i \u00d6nkorm\u00e1nyzat k\u00e9pvisel\u0151ivel, akik minden gyakorlati k\u00e9rd\u00e9sedre v\u00e1laszolnak, a koll\u00e9giumokt\u00f3l az \u00f3rarendig.<\/li>\n<\/ul>\n<p>&nbsp;<\/p>\n<p>&nbsp;<\/p>\n<\/div>\n<hr \/>\n<p>&nbsp;<\/p>\n","protected":false},"excerpt":{"rendered":"<p>Gy\u00f3gyszer\u00e9sztudom\u00e1nyi Kar \u2013 Online Ny\u00edlt nap 2026. janu\u00e1r 22. 13:30-15:50 &nbsp; A programr\u00f3l k\u00e9sz\u00fclt vide\u00f3 az al\u00e1bbi linken megtekinthet\u0151: <a href=\"https:\/\/www.youtube.com\/watch?v=AZwXLBUIpAI\" target=\"_blank\" rel=\"noopener\">SEMMELWEIS ONLINE NY\u00cdLT NAP 2026 | Gy\u00f3gyszer\u00e9sztudom\u00e1nyi Kar<\/a> &nbsp; A janu\u00e1ri Online Ny\u00edlt nap lehet\u0151s\u00e9get k\u00edn\u00e1l arra, hogy belepillants a Gy\u00f3gyszer\u00e9sztudom\u00e1nyi Kar \u00e9let\u00e9be, megismerd az oktat\u00e1st, a kutat\u00e1si lehet\u0151s\u00e9geket \u00e9s a gy\u00f3gyszer\u00e9sz diploma k\u00edn\u00e1lta karrierutakat. Programok: Rektori \u00e9s D\u00e9k\u00e1ni K\u00f6sz\u00f6nt\u0151: Dr. Merkely B\u00e9la rektor &hellip;<\/p>\n","protected":false},"author":101025,"featured_media":0,"parent":1922,"menu_order":2,"comment_status":"closed","ping_status":"closed","template":"","meta":{"_acf_changed":false,"footnotes":""},"categories":[],"tags":[],"class_list":["post-2258","page","type-page","status-publish","hentry"],"acf":[],"_links":{"self":[{"href":"https:\/\/semmelweis.hu\/gytk\/wp-json\/wp\/v2\/pages\/2258","targetHints":{"allow":["GET"]}}],"collection":[{"href":"https:\/\/semmelweis.hu\/gytk\/wp-json\/wp\/v2\/pages"}],"about":[{"href":"https:\/\/semmelweis.hu\/gytk\/wp-json\/wp\/v2\/types\/page"}],"author":[{"embeddable":true,"href":"https:\/\/semmelweis.hu\/gytk\/wp-json\/wp\/v2\/users\/101025"}],"replies":[{"embeddable":true,"href":"https:\/\/semmelweis.hu\/gytk\/wp-json\/wp\/v2\/comments?post=2258"}],"version-history":[{"count":11,"href":"https:\/\/semmelweis.hu\/gytk\/wp-json\/wp\/v2\/pages\/2258\/revisions"}],"predecessor-version":[{"id":18245,"href":"https:\/\/semmelweis.hu\/gytk\/wp-json\/wp\/v2\/pages\/2258\/revisions\/18245"}],"up":[{"embeddable":true,"href":"https:\/\/semmelweis.hu\/gytk\/wp-json\/wp\/v2\/pages\/1922"}],"wp:attachment":[{"href":"https:\/\/semmelweis.hu\/gytk\/wp-json\/wp\/v2\/media?parent=2258"}],"wp:term":[{"taxonomy":"category","embeddable":true,"href":"https:\/\/semmelweis.hu\/gytk\/wp-json\/wp\/v2\/categories?post=2258"},{"taxonomy":"post_tag","embeddable":true,"href":"https:\/\/semmelweis.hu\/gytk\/wp-json\/wp\/v2\/tags?post=2258"}],"curies":[{"name":"wp","href":"https:\/\/api.w.org\/{rel}","templated":true}]}}