{"id":1928,"date":"2015-11-13T12:00:21","date_gmt":"2015-11-13T11:00:21","guid":{"rendered":"http:\/\/semmelweis.hu\/gytk\/?page_id=1928"},"modified":"2025-10-01T13:17:18","modified_gmt":"2025-10-01T11:17:18","slug":"elerhetosegek","status":"publish","type":"page","link":"https:\/\/semmelweis.hu\/gytk\/elerhetosegek\/","title":{"rendered":"El\u00e9rhet\u0151s\u00e9gek"},"content":{"rendered":"<p><span style=\"font-size: 10pt\"><em>(Az al\u00e1bbi el\u00e9rhet\u0151s\u00e9gi adatok nem haszn\u00e1lhat\u00f3k fel az 1995. \u00e9vi CXIX. t\u00f6rv\u00e9ny szerinti kutat\u00e1s \u00e9s k\u00f6zvetlen \u00fczletszerz\u00e9s c\u00e9lj\u00e1ra.)<\/em><\/span><\/p>\n<h4><strong>D\u00c9K\u00c1NI HIVATAL<\/strong><\/h4>\n<p>Tel.: +36 1 266 0449<br \/>\n<a href=\"mailto:gytkdhivatal@semmelweis.hu\">gytkdhivatal@semmelweis.hu<\/a>\u00a0 \u00a0<\/p>\n<p>(Tanulm\u00e1nyi \u00fcgyben: <a href=\"mailto:gytkto@semmelweis.hu\">gytkto@semmelweis.hu<\/a>)<\/p>\n<p>&nbsp;<\/p>\n<p>1085 Budapest, VIII. \u00dcll\u0151i \u00fat 26. f\u00f6ldszint 16.<\/p>\n\n<!-- iframe plugin v.4.9 wordpress.org\/plugins\/iframe\/ -->\n<iframe src=\"https:\/\/www.google.com\/maps\/embed?pb=!1m18!1m12!1m3!1d2696.0855219483865!2d19.067580999999997!3d47.48824729999999!2m3!1f0!2f0!3f0!3m2!1i1024!2i768!4f13.1!3m3!1m2!1s0x4741dc599bc74d21%3A0x2fbf6d59c50b6424!2zQnVkYXBlc3QsIMOcbGzFkWkgw7p0IDI2LCAxMDg1!5e0!3m2!1shu!2shu!4v1695283241527!5m2!1shu!2shu\" width=\"600\" height=\"450\" style=\"border:0;\" allowfullscreen loading=\"lazy\" referrerpolicy=\"no-referrer-when-downgrade\" scrolling=\"yes\" class=\"iframe-class\" frameborder=\"0\"><\/iframe>\n\n<p><strong>Dr. Kocsis Erika<\/strong> \u00a0<br \/>\n<em>hivatalvezet\u0151<br \/>\n<\/em><a href=\"mailto:kocsis.erika@semmelweis.hu\">kocsis.erika@semmelweis.hu<\/a><em><br \/>\n<\/em>Telefon: +36 1 459-1500 \/55319<\/p>\n<h4><strong>D\u00c9K\u00c1NI TITK\u00c1RS\u00c1G<\/strong><\/h4>\n<p>Telefon: +36 1 266-0449<br \/>\nE-mail.: <a href=\"mailto:gytkdhivatal@semmelweis.hu\">gytkdhivatal@semmelweis.hu<\/a><\/p>\n<p>\n1085 Budapest, VIII. \u00dcll\u0151i \u00fat 26. f\u00f6ldszint 16.<\/p>\n<p><strong>Tokaji Szilvia<\/strong>\u00a0<br \/>\n<em>titk\u00e1rs\u00e1gi szak\u00e9rt\u0151<br \/>\n<\/em><a href=\"mailto:tokaji.szilvia@semmelweis.hu\">tokaji.szilvia@semmelweis.hu<\/a><br \/>\nTelefon: +36 1 459-1500\/55315<\/p>\n<hr \/>\n<p style=\"text-align: center\"><div class=\"responsive-tabs\">\n<h2 class=\"tabtitle\">Gradu\u00e1lis k\u00e9pz\u00e9s<\/h2>\n<div class=\"tabcontent\">\n<\/p>\n<h4><strong>TANULM\u00c1NYI CSOPORT<\/strong><\/h4>\n<p>Tanulm\u00e1nyi \u00fcgyint\u00e9z\u00e9s, k\u00e9relmek, tanulm\u00e1nyokkal kapcsolatos t\u00e1j\u00e9koztat\u00e1s \u00e9s seg\u00edts\u00e9gny\u00fajt\u00e1s:<\/p>\n<p>E-mail: <a href=\"mailto:gytkto@semmelweis.hu\">gytkto@semmelweis.hu<\/a><\/p>\n<p>Telefon: +36 1 266-8884<br \/>\nC\u00edm: 1085 Budapest, VIII. \u00dcll\u0151i \u00fat 26. f\u00f6ldszint 15.<\/p>\n<div class=\"keretes w-100\">\n<h5>\u00dcgyf\u00e9lfogad\u00e1s:<\/h5>\n<table class=\"plain\" style=\"width: 100%;border-collapse: collapse\">\n<tbody>\n<tr>\n<td style=\"width: 40%\">h\u00e9tf\u0151:\u00a0<br \/>\nkedd:<br \/>\nszerda:<br \/>\ncs\u00fct\u00f6rt\u00f6k:<br \/>\np\u00e9ntek:<\/td>\n<td style=\"width: 60%\">13.00-15.00 \u00f3r\u00e1ig<br \/>\n13.00-15.00 \u00f3r\u00e1ig<br \/>\n10.00-13.30 \u00f3r\u00e1ig<br \/>\n13.00-15.00 \u00f3r\u00e1ig<br \/>\n09.00-12.00 \u00f3r\u00e1ig<\/td>\n<\/tr>\n<\/tbody>\n<\/table>\n<\/div>\n<h5>Munkat\u00e1rsak<\/h5>\n<p><strong>Vajvod\u00e1n\u00e9 P\u00e9nzes Eszter<\/strong><em> <br \/>\nvezet\u0151 koordin\u00e1tor<br \/>\n<\/em><a href=\"mailto:gytkto@semmelweis.hu\">gytkto@semmelweis.hu<\/a><em><br \/>\n<\/em>+36 1 459-1500 \/55323<\/p>\n<p><strong>Czirj\u00e1kn\u00e9 B\u00e1nlaki T\u00edmea<\/strong> <br \/>\n<em>oktat\u00e1sszervez\u0151<br \/>\n<\/em><a href=\"mailto:gytkto@semmelweis.hu\">gytkto@semmelweis.hu<\/a><em><br \/>\n<\/em>+36 1 459-1500 \/55329<\/p>\n<p><strong>Ambrus P\u00e9ter<\/strong>\u00a0<br \/>\n<em>igazgat\u00e1si szak\u00e9rt\u0151<br \/>\n<\/em><a href=\"mailto:gytkto@semmelweis.hu\" target=\"_blank\" rel=\"noopener\">gytkto@semmelweis.hu<\/a><br \/>\n+36 1 459-1500 \/55322<\/p>\n<hr \/>\n<h3>N\u00c9MET NYELV\u0170 K\u00c9PZ\u00c9S OKTAT\u00c1SI CSOPORT<\/h3>\n<p>Telefon: +36 1 459-1481<br \/>\nC\u00edm: 1085 Budapest, VIII. \u00dcll\u0151i \u00fat 26. f\u00f6ldszint 15.<\/p>\n<h5>Munkat\u00e1rsak<\/h5>\n<p><strong>Vincze Vera\u00a0<br \/>\n<\/strong>oktat\u00e1si referens<br \/>\n<a href=\"mailto:vincze.vera@semmelweis.hu\">vincze.vera@semmelweis.hu<\/a><br \/>\n+36 1 459-1500 \/55390<\/p>\n<div class=\"w-100\">\n<h5>\u00dcgyf\u00e9lfogad\u00e1s:<\/h5>\n<\/div>\n<table class=\"plain\" style=\"width: 100%;border-collapse: collapse;height: 240px\">\n<tbody>\n<tr style=\"height: 240px\">\n<td style=\"width: 60%;height: 240px\">\n<div class=\"keretes w-100\"><\/p>\n<table style=\"border-collapse: collapse;width: 100%\">\n<tbody>\n<tr>\n<td style=\"width: 39.5849%\">H\u00e9tf\u0151:\u00a0<\/td>\n<td style=\"width: 60.4151%\">13.00-15.00 \u00f3r\u00e1ig<\/td>\n<\/tr>\n<tr>\n<td style=\"width: 39.5849%\">Kedd:\u00a0<\/td>\n<td style=\"width: 60.4151%\">13.00-15.00 \u00f3r\u00e1ig<\/td>\n<\/tr>\n<tr>\n<td style=\"width: 39.5849%\">Szerda:\u00a0<\/td>\n<td style=\"width: 60.4151%\">10.00-13.30 \u00f3r\u00e1ig<\/td>\n<\/tr>\n<tr>\n<td style=\"width: 39.5849%\">Cs\u00fct\u00f6rt\u00f6k:\u00a0<\/td>\n<td style=\"width: 60.4151%\">13.00-15.00 \u00f3r\u00e1ig<\/td>\n<\/tr>\n<tr>\n<td style=\"width: 39.5849%\">P\u00e9ntek:<\/td>\n<td style=\"width: 60.4151%\">09.00- 12.00 \u00f3r\u00e1ig<\/td>\n<\/tr>\n<\/tbody>\n<\/table>\n<\/div>\n<\/td>\n<\/tr>\n<\/tbody>\n<\/table>\n<p>&nbsp;<\/p>\n<hr \/>\n<p style=\"text-align: center\">\n<\/div><h2 class=\"tabtitle\">Posztgradu\u00e1lis k\u00e9pz\u00e9s<\/h2>\n<div class=\"tabcontent\">\n<\/p>\n<h3>SZAK- \u00c9S TOV\u00c1BBK\u00c9PZ\u00c9SI CSOPORT<\/h3>\n<p>Telefon:\u00a0 +36 1 266-8411<br \/>\nC\u00edm: 1092 Budapest, IX. H\u0151gyes Endre utca 7-9. (B \u00e9p\u00fclet I. emelet)<\/p>\n<div class=\"keretes w-100\">\n<!-- iframe plugin v.4.9 wordpress.org\/plugins\/iframe\/ -->\n<iframe src=\"https:\/\/www.google.com\/maps\/embed?pb=!1m18!1m12!1m3!1d2696.246404854446!2d19.065340276727984!3d47.48511299635848!2m3!1f0!2f0!3f0!3m2!1i1024!2i768!4f13.1!3m3!1m2!1s0x4741dc579e9cc515%3A0xd94f592201f5f2ba!2sBudapest%2C%20H%C5%91gyes%20Endre%20u.%207-9%2C%201092!5e0!3m2!1shu!2shu!4v1694160869830!5m2!1shu!2shu\" width=\"600\" height=\"450\" style=\"border:0;\" allowfullscreen loading=\"lazy\" 0=\"referrerpolicy=&quot;no-referrer-when-downgrade&quot;&gt;&lt;iframe\" scrolling=\"yes\" class=\"iframe-class\" frameborder=\"0\"><\/iframe>\n<\/p>\n<h5>\u00dcgyf\u00e9lfogad\u00e1s:<\/h5>\n<table class=\"plain\" style=\"width: 100%;border-collapse: collapse\">\n<tbody>\n<tr>\n<td style=\"width: 40%\">h\u00e9tf\u0151:\u00a0<br \/>\nkedd:<br \/>\nszerda:<br \/>\ncs\u00fct\u00f6rt\u00f6k:<br \/>\np\u00e9ntek:<\/td>\n<td style=\"width: 60%\">13.00-15.00 \u00f3r\u00e1ig<br \/>\n13.00-15.00 \u00f3r\u00e1ig<br \/>\n10.00-13.30 \u00f3r\u00e1ig<br \/>\n13.00-15.00 \u00f3r\u00e1ig<br \/>\n09.00-12.00 \u00f3r\u00e1ig<\/td>\n<\/tr>\n<\/tbody>\n<\/table>\n<\/div>\n<h5>Munkat\u00e1rsak<\/h5>\n<p><strong>G\u00e1briel Edina<\/strong> csoportvezet\u0151<br \/>\n<a href=\"mailto:gabriel.edina@semmelweis.hu\">gabriel.edina@semmelweis.hu<\/a><br \/>\n+36\/1\/266-8411<\/p>\n<p><strong>Cserny\u00e1k Magdolna<\/strong> adminisztrat\u00edv asszisztens<br \/>\n(sz\u00e1ml\u00e1z\u00e1si \u00fcgyek)<br \/>\n<a href=\"mailto:csernyak.magdolna@semmelweis.hu\">csernyak.magdolna@semmelweis.hu<\/a><br \/>\n+36\/1\/266-8411<\/p>\n<p><strong>Szab\u00f3 Julianna<\/strong> adminisztrat\u00edv asszisztens<br \/>\n(szak-\u00e9s tov\u00e1bbk\u00e9pz\u00e9si tanulm\u00e1nyi \u00fcgyek)<br \/>\n<a href=\"mailto:szabo.julianna1@semmelweis.hu\">szabo.julianna1@semmelweis.hu<\/a><br \/>\n+36\/1\/266-8411<\/p>\n<p><strong>W\u00e9ber S\u00e1ndor Szven<\/strong> oktat\u00e1sszervez\u0151<br \/>\n<a href=\"mailto:weber.sandor@semmelweis.hu\">weber.sandor@semmelweis.hu<\/a><br \/>\n+36\/20\/666-3898<\/p>\n<hr \/>\n<h3>KARI GAZDAS\u00c1GI IGAZGAT\u00d3S\u00c1G<\/h3>\n<p>Telefon: +36 1 266-8411<br \/>\nC\u00edm: 1092 Budapest, IX. H\u0151gyes Endre utca 7-9. (B \u00e9p\u00fclet I. emelet)<\/p>\n<p><strong>G\u00e1briel Edina<\/strong> <br \/>\n<i>kari gazdas\u00e1gi igazgat\u00f3<br \/>\n<\/i><a href=\"mailto:gabriel.edina@semmelweis.hu\">gabriel.edina@semmelweis.hu<\/a><br \/>\nTelefon: +36 1 459-1500 \/53855<\/p>\n","protected":false},"excerpt":{"rendered":"<p>(Az al\u00e1bbi el\u00e9rhet\u0151s\u00e9gi adatok nem haszn\u00e1lhat\u00f3k fel az 1995. \u00e9vi CXIX. t\u00f6rv\u00e9ny szerinti kutat\u00e1s \u00e9s k\u00f6zvetlen \u00fczletszerz\u00e9s c\u00e9lj\u00e1ra.) D\u00c9K\u00c1NI HIVATAL Tel.: +36 1 266 0449 <a href=\"mailto:gytkdhivatal@semmelweis.hu\">gytkdhivatal@semmelweis.hu<\/a> \u00a0 \u00a0 (Tanulm\u00e1nyi \u00fcgyben: <a href=\"mailto:gytkto@semmelweis.hu\">gytkto@semmelweis.hu<\/a> ) &nbsp; 1085 Budapest, VIII. \u00dcll\u0151i \u00fat 26. f\u00f6ldszint 16. Dr. Kocsis Erika \u00a0 hivatalvezet\u0151 <a href=\"mailto:kocsis.erika@semmelweis.hu\">kocsis.erika@semmelweis.hu<\/a> Telefon: +36 1 459-1500 \/55319 D\u00c9K\u00c1NI TITK\u00c1RS\u00c1G Telefon: +36 1 266-0449 &hellip;<\/p>\n","protected":false},"author":101025,"featured_media":0,"parent":0,"menu_order":10,"comment_status":"closed","ping_status":"closed","template":"","meta":{"_acf_changed":false,"footnotes":""},"categories":[],"tags":[],"class_list":["post-1928","page","type-page","status-publish","hentry"],"acf":[],"_links":{"self":[{"href":"https:\/\/semmelweis.hu\/gytk\/wp-json\/wp\/v2\/pages\/1928","targetHints":{"allow":["GET"]}}],"collection":[{"href":"https:\/\/semmelweis.hu\/gytk\/wp-json\/wp\/v2\/pages"}],"about":[{"href":"https:\/\/semmelweis.hu\/gytk\/wp-json\/wp\/v2\/types\/page"}],"author":[{"embeddable":true,"href":"https:\/\/semmelweis.hu\/gytk\/wp-json\/wp\/v2\/users\/101025"}],"replies":[{"embeddable":true,"href":"https:\/\/semmelweis.hu\/gytk\/wp-json\/wp\/v2\/comments?post=1928"}],"version-history":[{"count":12,"href":"https:\/\/semmelweis.hu\/gytk\/wp-json\/wp\/v2\/pages\/1928\/revisions"}],"predecessor-version":[{"id":17798,"href":"https:\/\/semmelweis.hu\/gytk\/wp-json\/wp\/v2\/pages\/1928\/revisions\/17798"}],"wp:attachment":[{"href":"https:\/\/semmelweis.hu\/gytk\/wp-json\/wp\/v2\/media?parent=1928"}],"wp:term":[{"taxonomy":"category","embeddable":true,"href":"https:\/\/semmelweis.hu\/gytk\/wp-json\/wp\/v2\/categories?post=1928"},{"taxonomy":"post_tag","embeddable":true,"href":"https:\/\/semmelweis.hu\/gytk\/wp-json\/wp\/v2\/tags?post=1928"}],"curies":[{"name":"wp","href":"https:\/\/api.w.org\/{rel}","templated":true}]}}