{"id":18254,"date":"2026-03-05T13:46:52","date_gmt":"2026-03-05T12:46:52","guid":{"rendered":"https:\/\/semmelweis.hu\/gytk\/?page_id=18254"},"modified":"2026-03-30T09:11:41","modified_gmt":"2026-03-30T07:11:41","slug":"kari-tanacs-valasztas-2026","status":"publish","type":"page","link":"https:\/\/semmelweis.hu\/gytk\/a-karrol\/kari-tanacs\/kari-tanacs-valasztas-2026\/","title":{"rendered":"KARI TAN\u00c1CS V\u00c1LASZT\u00c1S 2026."},"content":{"rendered":"<p><a href=\"https:\/\/semmelweis.hu\/gytk\/files\/2026\/03\/VALASZTASI_KIIRAS_altalanos_KTvalasztas_20260309.pdf\" target=\"_blank\" rel=\"noopener\">V\u00e1laszt\u00e1si ki\u00edr\u00e1s<\/a><br \/>\n<a href=\"https:\/\/semmelweis.hu\/gytk\/files\/2026\/03\/GYTK_Kari_Tanacs_valasztas_NAPTAR_2026_.pdf\">V\u00e1laszt\u00e1si napt\u00e1r<\/a><br \/>\n<a href=\"https:\/\/semmelweis.hu\/gytk\/files\/2026\/03\/Tajekoztato-Valasztasi-Bizottsagvalasztasi-kozremukodok.pdf\" target=\"_blank\" rel=\"noopener\">T\u00c1J\u00c9KOZTAT\u00d3 a V\u00e1laszt\u00e1si Bizotts\u00e1g szem\u00e9lyi \u00f6sszet\u00e9tel\u00e9r\u0151l, v\u00e1laszt\u00e1si k\u00f6zrem\u0171k\u00f6d\u0151k<\/a><br \/>\n<a href=\"https:\/\/semmelweis.hu\/gytk\/files\/2026\/03\/Tajekoztatas-valasztasra-jogosultak-reszere-2026-evi-kari-tanacsi-valasztas.pdf\" target=\"_blank\" rel=\"noopener\">T\u00c1J\u00c9KOZTAT\u00d3 v\u00e1laszt\u00e1sra jogosultak r\u00e9sz\u00e9re<\/a><br \/>\n<a href=\"https:\/\/semmelweis.hu\/gytk\/files\/2026\/03\/AJANLOIV_MINTA_I_II_szavazasi_korzet-1.pdf\" target=\"_blank\" rel=\"noopener\">Aj\u00e1nl\u00f3\u00edv minta<\/a><br \/>\n<a href=\"https:\/\/semmelweis.hu\/gytk\/files\/2026\/03\/SZAVAZOLAP_KT_Valasztas_MINTA_I_II_szavazasi_korzet.pdf\" target=\"_blank\" rel=\"noopener\">Szavaz\u00f3lap minta<\/a><\/p>\n<p>V\u00e1laszt\u00e1si Bizotts\u00e1g hat\u00e1rozatai<\/p>\n<ul>\n<li><a href=\"https:\/\/semmelweis.hu\/gytk\/files\/2026\/03\/1_2026_III_16_GYTKKT_VB_hatarozat_a_valasztasi_nevjegyzek_veglegesiteserol-1.pdf\" target=\"_blank\" rel=\"noopener\">1\/2026 (III.16.) GYTKKT-VB. sz. hat\u00e1rozat a v\u00e1laszt\u00e1si n\u00e9vjegyz\u00e9k v\u00e9gleges\u00edt\u00e9s\u00e9r\u0151l<\/a><\/li>\n<li><a href=\"https:\/\/semmelweis.hu\/gytk\/files\/2026\/03\/2_2026_III_23_GYTKKT_VB_hatarozat.pdf\" target=\"_blank\" rel=\"noopener\">2\/2026(III.23.) GYTKKT-VB. sz. hat\u00e1rozata a jel\u00f6ltek nyilv\u00e1ntart\u00e1sba v\u00e9tel\u00e9r\u0151l<\/a><\/li>\n<li><a href=\"https:\/\/semmelweis.hu\/gytk\/files\/2026\/03\/3_2026_03-30GYTK-KT-VB.pdf\" target=\"_blank\" rel=\"noopener\">3\/2026 (III. 30.)GYTKKT-VB. sz. hat\u00e1rozat a v\u00e1laszt\u00e1s eredm\u00e9ny\u00e9r\u0151l<\/a><\/li>\n<\/ul>\n","protected":false},"excerpt":{"rendered":"<p><a href=\"https:\/\/semmelweis.hu\/gytk\/files\/2026\/03\/VALASZTASI_KIIRAS_altalanos_KTvalasztas_20260309.pdf\" target=\"_blank\" rel=\"noopener\">V\u00e1laszt\u00e1si ki\u00edr\u00e1s<\/a><br \/>\n<a href=\"https:\/\/semmelweis.hu\/gytk\/files\/2026\/03\/GYTK_Kari_Tanacs_valasztas_NAPTAR_2026_.pdf\">V\u00e1laszt\u00e1si napt\u00e1r<\/a><br \/>\n<a href=\"https:\/\/semmelweis.hu\/gytk\/files\/2026\/03\/Tajekoztato-Valasztasi-Bizottsagvalasztasi-kozremukodok.pdf\" target=\"_blank\" rel=\"noopener\">T\u00c1J\u00c9KOZTAT\u00d3 a V\u00e1laszt\u00e1si Bizotts\u00e1g szem\u00e9lyi \u00f6sszet\u00e9tel\u00e9r\u0151l, v\u00e1laszt\u00e1si k\u00f6zrem\u0171k\u00f6d\u0151k<\/a><br \/>\n<a href=\"https:\/\/semmelweis.hu\/gytk\/files\/2026\/03\/Tajekoztatas-valasztasra-jogosultak-reszere-2026-evi-kari-tanacsi-valasztas.pdf\" target=\"_blank\" rel=\"noopener\">T\u00c1J\u00c9KOZTAT\u00d3 v\u00e1laszt\u00e1sra jogosultak r\u00e9sz\u00e9re<\/a><br \/>\n<a href=\"https:\/\/semmelweis.hu\/gytk\/files\/2026\/03\/AJANLOIV_MINTA_I_II_szavazasi_korzet-1.pdf\" target=\"_blank\" rel=\"noopener\">Aj\u00e1nl\u00f3\u00edv minta<\/a><br \/>\n<a href=\"https:\/\/semmelweis.hu\/gytk\/files\/2026\/03\/SZAVAZOLAP_KT_Valasztas_MINTA_I_II_szavazasi_korzet.pdf\" target=\"_blank\" rel=\"noopener\">Szavaz\u00f3lap minta<\/a><br \/>\nV\u00e1laszt\u00e1si Bizotts\u00e1g hat\u00e1rozatai<\/p>\n<p><a href=\"https:\/\/semmelweis.hu\/gytk\/files\/2026\/03\/1_2026_III_16_GYTKKT_VB_hatarozat_a_valasztasi_nevjegyzek_veglegesiteserol-1.pdf\" target=\"_blank\" rel=\"noopener\">1\/2026 (III.16.) GYTKKT-VB. sz. hat\u00e1rozat a v\u00e1laszt\u00e1si n\u00e9vjegyz\u00e9k v\u00e9gleges\u00edt\u00e9s\u00e9r\u0151l<\/a><br \/>\n<a href=\"https:\/\/semmelweis.hu\/gytk\/files\/2026\/03\/2_2026_III_23_GYTKKT_VB_hatarozat.pdf\" target=\"_blank\" rel=\"noopener\">2\/2026(III.23.) GYTKKT-VB. sz. hat\u00e1rozata a jel\u00f6ltek nyilv\u00e1ntart\u00e1sba v\u00e9tel\u00e9r\u0151l<\/a><br \/>\n<a href=\"https:\/\/semmelweis.hu\/gytk\/files\/2026\/03\/3_2026_03-30GYTK-KT-VB.pdf\" target=\"_blank\" rel=\"noopener\">3\/2026 (III. 30.)GYTKKT-VB. sz. hat\u00e1rozat a v\u00e1laszt\u00e1s eredm\u00e9ny\u00e9r\u0151l<\/a><\/p>\n","protected":false},"author":101431,"featured_media":0,"parent":15,"menu_order":4,"comment_status":"closed","ping_status":"closed","template":"","meta":{"_acf_changed":false,"footnotes":""},"categories":[],"tags":[],"class_list":["post-18254","page","type-page","status-publish","hentry"],"acf":[],"_links":{"self":[{"href":"https:\/\/semmelweis.hu\/gytk\/wp-json\/wp\/v2\/pages\/18254","targetHints":{"allow":["GET"]}}],"collection":[{"href":"https:\/\/semmelweis.hu\/gytk\/wp-json\/wp\/v2\/pages"}],"about":[{"href":"https:\/\/semmelweis.hu\/gytk\/wp-json\/wp\/v2\/types\/page"}],"author":[{"embeddable":true,"href":"https:\/\/semmelweis.hu\/gytk\/wp-json\/wp\/v2\/users\/101431"}],"replies":[{"embeddable":true,"href":"https:\/\/semmelweis.hu\/gytk\/wp-json\/wp\/v2\/comments?post=18254"}],"version-history":[{"count":10,"href":"https:\/\/semmelweis.hu\/gytk\/wp-json\/wp\/v2\/pages\/18254\/revisions"}],"predecessor-version":[{"id":18352,"href":"https:\/\/semmelweis.hu\/gytk\/wp-json\/wp\/v2\/pages\/18254\/revisions\/18352"}],"up":[{"embeddable":true,"href":"https:\/\/semmelweis.hu\/gytk\/wp-json\/wp\/v2\/pages\/15"}],"wp:attachment":[{"href":"https:\/\/semmelweis.hu\/gytk\/wp-json\/wp\/v2\/media?parent=18254"}],"wp:term":[{"taxonomy":"category","embeddable":true,"href":"https:\/\/semmelweis.hu\/gytk\/wp-json\/wp\/v2\/categories?post=18254"},{"taxonomy":"post_tag","embeddable":true,"href":"https:\/\/semmelweis.hu\/gytk\/wp-json\/wp\/v2\/tags?post=18254"}],"curies":[{"name":"wp","href":"https:\/\/api.w.org\/{rel}","templated":true}]}}