{"id":17342,"date":"2025-05-21T09:29:58","date_gmt":"2025-05-21T07:29:58","guid":{"rendered":"https:\/\/semmelweis.hu\/gytk\/?page_id=17342"},"modified":"2025-05-21T09:30:54","modified_gmt":"2025-05-21T07:30:54","slug":"kari-tanacs-2025-majus-15","status":"publish","type":"page","link":"https:\/\/semmelweis.hu\/gytk\/a-karrol\/kari-tanacs\/kari-tanacs-eloterjesztesek\/kari-tanacs-2025-majus-15\/","title":{"rendered":"2025.m\u00e1jus 15."},"content":{"rendered":"<p style=\"padding-left: 160px;text-align: center\"><strong>Kari Tan\u00e1cs\u00fcl\u00e9s<\/strong><br \/>\n<strong>2025. m\u00e1jus 15. 12:00 \u00f3ra<\/strong><\/p>\n<p><a href=\"https:\/\/semmelweis.hu\/gytk\/files\/2025\/05\/Meghivo.pdf\" target=\"_blank\" rel=\"noopener\">Megh\u00edv\u00f3<\/a><\/p>\n<p style=\"padding-left: 40px\"><strong>1. napirendi pont<\/strong><\/p>\n<ul>\n<li><a href=\"https:\/\/semmelweis.hu\/gytk\/files\/2025\/05\/KT_Eloterjesztes_dekani_palyazat_velemenyezes.pdf\" target=\"_blank\" rel=\"noopener\">KT_El\u0151terjeszt\u00e9s_d\u00e9k\u00e1ni_\u00e1ll\u00e1sp\u00e1ly\u00e1zat_v\u00e9lem\u00e9nyez\u00e9se<\/a>\n<ul>\n<li><a href=\"https:\/\/semmelweis.hu\/gytk\/files\/2025\/05\/Dekani-palyazat_Antal_Istvan.zip\" target=\"_blank\" rel=\"noopener\">2sz_mell\u00e9klet_d\u00e9k\u00e1ni_p\u00e1ly\u00e1zat_AI<\/a><\/li>\n<li><a href=\"https:\/\/semmelweis.hu\/gytk\/files\/2025\/05\/Antal_Istvan_kozlemenyei_ell_utan_hitelesitve.pdf\" target=\"_blank\" rel=\"noopener\">3sz_mell\u00e9klet_publik\u00e1ci\u00f3s_lista<\/a><\/li>\n<li><a href=\"https:\/\/semmelweis.hu\/gytk\/files\/2025\/05\/MTMT-osszefoglalo-tablazat_Antal_Istvan_hitelesitve.pdf\" target=\"_blank\" rel=\"noopener\">4sz_mell\u00e9klet_MTMT_\u00f6sszefoglal\u00f3_t\u00e1bl\u00e1zat<\/a><\/li>\n<li><a href=\"https:\/\/semmelweis.hu\/gytk\/files\/2025\/05\/Biralo-bizottsag-velemeny.pdf\" target=\"_blank\" rel=\"noopener\">5sz_mell\u00e9klet_B\u00edr\u00e1l\u00f3_Bizotts\u00e1g_v\u00e9lem\u00e9ny<\/a><\/li>\n<\/ul>\n<\/li>\n<\/ul>\n<p style=\"padding-left: 40px\"><strong>3. napirendi pont<\/strong><\/p>\n<ul>\n<li><a href=\"https:\/\/semmelweis.hu\/gytk\/files\/2025\/05\/KT_Eloterjesztes_oktatasi_dekanhelyettesi_palyazat_velemenyezes.pdf\" target=\"_blank\" rel=\"noopener\">KT_El\u0151terjeszt\u00e9s_oktat\u00e1si_d\u00e9k\u00e1nhelyettesi_\u00e1ll\u00e1sp\u00e1ly\u00e1zat_v\u00e9lem\u00e9nyez\u00e9se<\/a>\n<ul>\n<li><a href=\"https:\/\/semmelweis.hu\/gytk\/files\/2025\/05\/Tabi-Tamas_dekanhelyettesi-palyazat.pdf\" target=\"_blank\" rel=\"noopener\">2sz_mell\u00e9klet_d\u00e9k\u00e1nhelyettesi_p\u00e1ly\u00e1zat_TT<\/a><\/li>\n<li><a href=\"https:\/\/semmelweis.hu\/gytk\/files\/2025\/05\/Tabi_Tamas_ell.-utani-munkassaga_konv_hitelesitve-1.pdf\" target=\"_blank\" rel=\"noopener\">3sz_mell\u00e9klet_publik\u00e1ci\u00f3s_lista<\/a><\/li>\n<li><a href=\"https:\/\/semmelweis.hu\/gytk\/files\/2025\/05\/Tabi-Tamas-ell.-utani-MTMT-osszefoglalo-tablazat_hitelesitve.pdf\" target=\"_blank\" rel=\"noopener\">4sz_mell\u00e9klet_MTMT_\u00f6sszefoglal\u00f3_t\u00e1bl\u00e1zat<\/a><\/li>\n<\/ul>\n<\/li>\n<\/ul>\n<p style=\"padding-left: 40px\"><strong>4. napirendi pont<\/strong><\/p>\n<ul>\n<li><a href=\"https:\/\/semmelweis.hu\/gytk\/files\/2025\/05\/KT_Eloterjesztes_EGYGYSZI_igazgatoi_palyazat_velemenyezes.pdf\" target=\"_blank\" rel=\"noopener\">KT_El\u0151terjeszt\u00e9s_az_Egyetemi_Gy\u00f3gyszert\u00e1r_Gy\u00f3gyszer\u00fcgyi_Szervez\u00e9si_Int\u00e9zetben_ ki\u00edrt_igazgat\u00f3i_\u00e1ll\u00e1sp\u00e1ly\u00e1zat_v\u00e9lem\u00e9nyez\u00e9se<\/a>\n<ul>\n<li><a href=\"https:\/\/semmelweis.hu\/gytk\/files\/2025\/05\/Igazgatoi-palyazat-2025-Zelko-Romana_20250430.pdf\" target=\"_blank\" rel=\"noopener\">2sz_mell\u00e9klet_int\u00e9zetigazgat\u00f3i_p\u00e1ly\u00e1zat_MTMT_\u00f6sszefoglal\u00f3_t\u00e1bl\u00e1zat_ZR<\/a><\/li>\n<li><a href=\"https:\/\/semmelweis.hu\/gytk\/files\/2025\/05\/Zelko_Romana_publikacios-listaja_hitelesitett.pdf\" target=\"_blank\" rel=\"noopener\">3sz_mell\u00e9klet_publik\u00e1ci\u00f3s_lista<\/a><\/li>\n<li><a href=\"https:\/\/semmelweis.hu\/gytk\/files\/2025\/05\/Biralo_Bizottsag_velemenye_jegyzokonyv_jelenleti_20250513_ZelkoR_EGYGYSZI_igazgatoi_palyazata_alairt.pdf\" target=\"_blank\" rel=\"noopener\">4sz_mell\u00e9klet_B\u00edr\u00e1l\u00f3_Bizotts\u00e1g_v\u00e9lem\u00e9ny<\/a><\/li>\n<li><a href=\"https:\/\/semmelweis.hu\/gytk\/files\/2025\/05\/Munkavallaloi-forum_EGYGYSZI_20250513.pdf\" target=\"_blank\" rel=\"noopener\">5sz_mell\u00e9klet_Munkav\u00e1llal\u00f3i_F\u00f3rum_jegyz\u0151k\u00f6nyv<\/a><\/li>\n<\/ul>\n<\/li>\n<\/ul>\n<p style=\"padding-left: 40px\"><strong>5. napirendi pont<\/strong><\/p>\n<ul>\n<li><a href=\"https:\/\/semmelweis.hu\/gytk\/files\/2025\/05\/KT_Eloterjesztes_GYHI_palyazat_velemenyezese.pdf\" target=\"_blank\" rel=\"noopener\">KT_El\u0151terjeszt\u00e9s_a_Gy\u00f3gyszerhat\u00e1stani_Int\u00e9zetben_ki\u00edrt_igazgat\u00f3i_\u00e1ll\u00e1sp\u00e1ly\u00e1zat_v\u00e9lem\u00e9nyez\u00e9se<\/a>\n<ul>\n<li><a href=\"https:\/\/semmelweis.hu\/gytk\/files\/2025\/05\/Tabi-Tamas_Gyogyszerhatastan_Igazgatoi-palyazat_f.pdf\" target=\"_blank\" rel=\"noopener\">2sz_mell\u00e9klet_int\u00e9zetigazgat\u00f3i_p\u00e1ly\u00e1zat_TT<\/a><\/li>\n<li><a href=\"https:\/\/semmelweis.hu\/gytk\/files\/2025\/05\/Tabi_Tamas_ell.-utani-munkassaga_konv_hitelesitve.pdf\" target=\"_blank\" rel=\"noopener\">3sz_mell\u00e9klet_publik\u00e1ci\u00f3s_lista<\/a><\/li>\n<li><a href=\"https:\/\/semmelweis.hu\/gytk\/files\/2025\/05\/Tabi-Tamas-ell.-utani-MTMT-osszefoglalo-tablazat_hitelesitve-003.pdf\" target=\"_blank\" rel=\"noopener\">4sz_mell\u00e9klet_MTMT_\u00f6sszefoglal\u00f3_t\u00e1bl\u00e1zat<\/a><\/li>\n<li><a href=\"https:\/\/semmelweis.hu\/gytk\/files\/2025\/05\/Biralo_Bizottsag_velemenye_jegyzokonyv_jelenleti_20250512_TabiT_GYHI_igazgatoi_palyazata_alairt.pdf\" target=\"_blank\" rel=\"noopener\">5sz_mell\u00e9klet_B\u00edr\u00e1l\u00f3_Bizotts\u00e1g_v\u00e9lem\u00e9ny<\/a><\/li>\n<li><a href=\"https:\/\/semmelweis.hu\/gytk\/files\/2025\/05\/Munkavallaloi-forum-II_jegyzokonyv-es-jelenleti-iv.pdf\" target=\"_blank\" rel=\"noopener\">6sz_mell\u00e9klet_Munkav\u00e1llal\u00f3i_F\u00f3rum_jegyz\u0151k\u00f6nyv<\/a><\/li>\n<\/ul>\n<\/li>\n<\/ul>\n<p style=\"padding-left: 40px\"><strong>6. napirendi pont<\/strong><\/p>\n<ul>\n<li><a href=\"https:\/\/semmelweis.hu\/gytk\/files\/2025\/05\/KT_Eloterjesztes_cimzetes_egyetemi_docensi_cim_adomanyozasanak_velemenyezese.pdf\" target=\"_blank\" rel=\"noopener\">KT_El\u0151terjeszt\u00e9s_az_Egyetem_\u00e1ltal_adom\u00e1nyozhat\u00f3_\u00f3raad\u00f3i_c\u00edmekre_t\u00f6rt\u00e9n\u0151_javaslatok_v\u00e9lem\u00e9nyez\u00e9se\u00a0<\/a><\/li>\n<\/ul>\n<ul>\n<li style=\"list-style-type: none\">\n<ul>\n<li><a href=\"https:\/\/semmelweis.hu\/gytk\/files\/2025\/05\/6napirend_2a_szamu_melleklet_felterjesztes_KERDOIV_c_egyetemi-docens_Kovacs_Kiss-Dorottya.pdf\" target=\"_blank\" rel=\"noopener\">2a_mell\u00e9klet_Dr_Kiss_Dorottya_felterjeszt\u00e9s_K\u00c9RD\u0150\u00cdV<\/a><\/li>\n<li><a href=\"https:\/\/semmelweis.hu\/gytk\/files\/2025\/05\/6napirend_3a_szamu_melleklet_CV_Kovacs_Kiss_Dorottya.pdf\" target=\"_blank\" rel=\"noopener\">3a_mell\u00e9klet_Dr_Kiss_Dorottya_CV<\/a><\/li>\n<li><a href=\"https:\/\/semmelweis.hu\/gytk\/files\/2025\/05\/6napriend_4a_szamu_melleklet_publikacios_lista_Kovacs_Kiss_Dorottya.pdf\" target=\"_blank\" rel=\"noopener\">4a_mell\u00e9klet_Dr_Kiss_Dorottya_publik\u00e1ci\u00f3s_lista<\/a><\/li>\n<li><a href=\"https:\/\/semmelweis.hu\/gytk\/files\/2025\/05\/6napirend_5a_szamu_melleklet_vegzettseget_igazolo_dokumentumok_Kovacs_Kis_Dorottya.pdf\" target=\"_blank\" rel=\"noopener\">5a_mell\u00e9klet_Dr_Kiss_Dorottya_diplomam\u00e1solatok\u00a0<\/a><\/li>\n<\/ul>\n<\/li>\n<\/ul>\n<ul>\n<li style=\"list-style-type: none\">\n<ul>\n<li><a href=\"https:\/\/semmelweis.hu\/gytk\/files\/2025\/05\/6napirend_2b_szamu_melleklet_felterjesztes_KERDOIV_c_egyetemi-docens_Kovacs-Kristof.pdf\" target=\"_blank\" rel=\"noopener\">2b_mell\u00e9klet_Dr_ Kov\u00e1cs_Krist\u00f3f_felterjeszt\u00e9s_K\u00c9RD\u0150\u00cdV<\/a><\/li>\n<li><a href=\"https:\/\/semmelweis.hu\/gytk\/files\/2025\/05\/6napirend_3b_szamu_melleklet_CV_Kovacs_Kristof.pdf\" target=\"_blank\" rel=\"noopener\">3b_mell\u00e9klet_Dr_Kov\u00e1cs_Krist\u00f3f_CV<\/a><\/li>\n<li><a href=\"https:\/\/semmelweis.hu\/gytk\/files\/2025\/05\/6napirend_4b_szamu_melleklet_publikacios_lista_Kovacs_Kristof.pdf\" target=\"_blank\" rel=\"noopener\">4b_mell\u00e9klet_Dr_Kov\u00e1cs_Krist\u00f3f_publik\u00e1ci\u00f3s_lista<\/a><\/li>\n<li><a href=\"https:\/\/semmelweis.hu\/gytk\/files\/2025\/05\/6napirend_5b_szamu_melleklet_vegzettseget_igazolo_dokumentumok_Kovacs_Kristof.pdf\" target=\"_blank\" rel=\"noopener\">5b_mell\u00e9klet_Dr_Kov\u00e1cs_Krist\u00f3f_diplomam\u00e1solatok<\/a><\/li>\n<\/ul>\n<\/li>\n<\/ul>\n<p style=\"padding-left: 40px\"><strong>7. napirendi pont<\/strong><\/p>\n<ul>\n<li><a href=\"https:\/\/semmelweis.hu\/gytk\/files\/2025\/05\/KT_Eloterjesztes_2025_evi_zarovizsga_bizottsagok_szemelyi_osszetetelenek_meghatarozasahoz.pdf\" target=\"_blank\" rel=\"noopener\">KT_El\u0151terjeszt\u00e9s_javaslat_a_2025_\u00e9vi_z\u00e1r\u00f3vizsga_bizotts\u00e1gok_szem\u00e9lyi_\u00f6sszet\u00e9tel\u00e9re<\/a><\/li>\n<\/ul>\n<p style=\"padding-left: 40px\"><strong>8. napirendi pont<\/strong><\/p>\n<ul>\n<li><a href=\"https:\/\/semmelweis.hu\/gytk\/files\/2025\/05\/KT_Eloterjesztes__a_2025_evi_Jubileumi_diszoklevelek_odaitelesere.pdf\" target=\"_blank\" rel=\"noopener\">KT_El\u0151terjeszt\u00e9s_a_2025_\u00e9vi_jubileumi_d\u00edszoklevelek_oda\u00edt\u00e9l\u00e9se<\/a>\n<ul>\n<li><a href=\"https:\/\/semmelweis.hu\/gytk\/files\/2025\/05\/Kari-Tanacs-jubilansok-nevsora-1.pdf\" target=\"_blank\" rel=\"noopener\">2sz_mell\u00e9klet_Jubileumi_d\u00edszoklevelet_ig\u00e9nyl\u0151k_n\u00e9vsora<\/a><\/li>\n<\/ul>\n<\/li>\n<\/ul>\n<p style=\"padding-left: 40px\"><strong>9. napirendi pont<\/strong><\/p>\n<ul>\n<li><a href=\"https:\/\/semmelweis.hu\/gytk\/files\/2025\/05\/9_napirend_KT_Eloterjesztes_Pannonia_Osztondijprogram_kari_eljarasrend_2025_alairt.pdf\">KT_El\u0151terjeszt\u00e9s_a_Pann\u00f3nia_\u00d6szt\u00f6nd\u00edjprogramhoz_kapcsol\u00f3d\u00f3_kari_elj\u00e1r\u00e1si_rend_elfogad\u00e1sa<\/a>\n<ul>\n<li><a href=\"https:\/\/semmelweis.hu\/gytk\/files\/2025\/05\/9napireind_2szamu_melleklet_Pannonia_Osztondij_GYTK_kari_eljarasrend_20250515_honlapra.pdf\">2sz_mell\u00e9klet_Pann\u00f3nia_\u00d6szt\u00f6nd\u00edjprogramhoz_kapcsol\u00f3d\u00f3_kari_elj\u00e1r\u00e1srend<\/a><\/li>\n<\/ul>\n<\/li>\n<\/ul>\n<p style=\"padding-left: 40px\"><strong>10. napirendi pont<\/strong><\/p>\n<ul>\n<li>T\u00e1j\u00e9koztat\u00f3 az el\u0151z\u0151 f\u00e9l\u00e9v (2024\/2025\/1) tanulm\u00e1nyi eredm\u00e9nyeir\u0151l\n<ul>\n<li><a href=\"https:\/\/semmelweis.hu\/gytk\/files\/2025\/05\/10.-napirendi-pont-1a-melleklet_magyar.pdf\" target=\"_blank\" rel=\"noopener\">1a mell\u00e9klet_magyar<\/a><\/li>\n<li><a href=\"https:\/\/semmelweis.hu\/gytk\/files\/2025\/05\/10.-napirendi-pont-1b-mellekle_angol.pdf\" target=\"_blank\" rel=\"noopener\">1b mell\u00e9klet_angol<\/a><\/li>\n<li><a href=\"https:\/\/semmelweis.hu\/gytk\/files\/2025\/05\/10.-napirendi-pont-1c-melleklet.pdf\" target=\"_blank\" rel=\"noopener\">1c mell\u00e9klet_n\u00e9met<\/a><\/li>\n<\/ul>\n<\/li>\n<\/ul>\n<p style=\"padding-left: 40px\"><strong>10. napirendi pont<\/strong><\/p>\n<ul>\n<li><a href=\"https:\/\/semmelweis.hu\/gytk\/files\/2025\/05\/11napirend_Szakkepzohelyek-akkreditacios-kerelme.pdf\" target=\"_blank\" rel=\"noopener\">Szakk\u00e9pz\u0151helyek akkredit\u00e1ci\u00f3s k\u00e9relme<\/a><\/li>\n<\/ul>\n<p>&nbsp;<\/p>\n","protected":false},"excerpt":{"rendered":"<p>Kari Tan\u00e1cs\u00fcl\u00e9s 2025. m\u00e1jus 15. 12:00 \u00f3ra <a href=\"https:\/\/semmelweis.hu\/gytk\/files\/2025\/05\/Meghivo.pdf\" target=\"_blank\" rel=\"noopener\">Megh\u00edv\u00f3<\/a> 1. napirendi pont <a href=\"https:\/\/semmelweis.hu\/gytk\/files\/2025\/05\/KT_Eloterjesztes_dekani_palyazat_velemenyezes.pdf\" target=\"_blank\" rel=\"noopener\">KT_El\u0151terjeszt\u00e9s_d\u00e9k\u00e1ni_\u00e1ll\u00e1sp\u00e1ly\u00e1zat_v\u00e9lem\u00e9nyez\u00e9se<\/a> <a href=\"https:\/\/semmelweis.hu\/gytk\/files\/2025\/05\/Dekani-palyazat_Antal_Istvan.zip\" target=\"_blank\" rel=\"noopener\">2sz_mell\u00e9klet_d\u00e9k\u00e1ni_p\u00e1ly\u00e1zat_AI<\/a> <a href=\"https:\/\/semmelweis.hu\/gytk\/files\/2025\/05\/Antal_Istvan_kozlemenyei_ell_utan_hitelesitve.pdf\" target=\"_blank\" rel=\"noopener\">3sz_mell\u00e9klet_publik\u00e1ci\u00f3s_lista<\/a> <a href=\"https:\/\/semmelweis.hu\/gytk\/files\/2025\/05\/MTMT-osszefoglalo-tablazat_Antal_Istvan_hitelesitve.pdf\" target=\"_blank\" rel=\"noopener\">4sz_mell\u00e9klet_MTMT_\u00f6sszefoglal\u00f3_t\u00e1bl\u00e1zat<\/a> <a href=\"https:\/\/semmelweis.hu\/gytk\/files\/2025\/05\/Biralo-bizottsag-velemeny.pdf\" target=\"_blank\" rel=\"noopener\">5sz_mell\u00e9klet_B\u00edr\u00e1l\u00f3_Bizotts\u00e1g_v\u00e9lem\u00e9ny<\/a> 3. napirendi pont <a href=\"https:\/\/semmelweis.hu\/gytk\/files\/2025\/05\/KT_Eloterjesztes_oktatasi_dekanhelyettesi_palyazat_velemenyezes.pdf\" target=\"_blank\" rel=\"noopener\">KT_El\u0151terjeszt\u00e9s_oktat\u00e1si_d\u00e9k\u00e1nhelyettesi_\u00e1ll\u00e1sp\u00e1ly\u00e1zat_v\u00e9lem\u00e9nyez\u00e9se<\/a> <a href=\"https:\/\/semmelweis.hu\/gytk\/files\/2025\/05\/Tabi-Tamas_dekanhelyettesi-palyazat.pdf\" target=\"_blank\" rel=\"noopener\">2sz_mell\u00e9klet_d\u00e9k\u00e1nhelyettesi_p\u00e1ly\u00e1zat_TT<\/a> <a href=\"https:\/\/semmelweis.hu\/gytk\/files\/2025\/05\/Tabi_Tamas_ell.-utani-munkassaga_konv_hitelesitve-1.pdf\" target=\"_blank\" rel=\"noopener\">3sz_mell\u00e9klet_publik\u00e1ci\u00f3s_lista<\/a> <a href=\"https:\/\/semmelweis.hu\/gytk\/files\/2025\/05\/Tabi-Tamas-ell.-utani-MTMT-osszefoglalo-tablazat_hitelesitve.pdf\" target=\"_blank\" rel=\"noopener\">4sz_mell\u00e9klet_MTMT_\u00f6sszefoglal\u00f3_t\u00e1bl\u00e1zat<\/a> 4. napirendi pont <a href=\"https:\/\/semmelweis.hu\/gytk\/files\/2025\/05\/KT_Eloterjesztes_EGYGYSZI_igazgatoi_palyazat_velemenyezes.pdf\" target=\"_blank\" rel=\"noopener\">KT_El\u0151terjeszt\u00e9s_az_Egyetemi_Gy\u00f3gyszert\u00e1r_Gy\u00f3gyszer\u00fcgyi_Szervez\u00e9si_Int\u00e9zetben_ ki\u00edrt_igazgat\u00f3i_\u00e1ll\u00e1sp\u00e1ly\u00e1zat_v\u00e9lem\u00e9nyez\u00e9se<\/a> <a href=\"https:\/\/semmelweis.hu\/gytk\/files\/2025\/05\/Igazgatoi-palyazat-2025-Zelko-Romana_20250430.pdf\" target=\"_blank\" rel=\"noopener\">2sz_mell\u00e9klet_int\u00e9zetigazgat\u00f3i_p\u00e1ly\u00e1zat_MTMT_\u00f6sszefoglal\u00f3_t\u00e1bl\u00e1zat_ZR<\/a> <a href=\"https:\/\/semmelweis.hu\/gytk\/files\/2025\/05\/Zelko_Romana_publikacios-listaja_hitelesitett.pdf\" target=\"_blank\" rel=\"noopener\">3sz_mell\u00e9klet_publik\u00e1ci\u00f3s_lista<\/a> <a href=\"https:\/\/semmelweis.hu\/gytk\/files\/2025\/05\/Biralo_Bizottsag_velemenye_jegyzokonyv_jelenleti_20250513_ZelkoR_EGYGYSZI_igazgatoi_palyazata_alairt.pdf\" target=\"_blank\" rel=\"noopener\">4sz_mell\u00e9klet_B\u00edr\u00e1l\u00f3_Bizotts\u00e1g_v\u00e9lem\u00e9ny<\/a> <a href=\"https:\/\/semmelweis.hu\/gytk\/files\/2025\/05\/Munkavallaloi-forum_EGYGYSZI_20250513.pdf\" target=\"_blank\" rel=\"noopener\">5sz_mell\u00e9klet_Munkav\u00e1llal\u00f3i_F\u00f3rum_jegyz\u0151k\u00f6nyv<\/a> 5. napirendi pont <a href=\"https:\/\/semmelweis.hu\/gytk\/files\/2025\/05\/KT_Eloterjesztes_GYHI_palyazat_velemenyezese.pdf\" target=\"_blank\" rel=\"noopener\">KT_El\u0151terjeszt\u00e9s_a_Gy\u00f3gyszerhat\u00e1stani_Int\u00e9zetben_ki\u00edrt_igazgat\u00f3i_\u00e1ll\u00e1sp\u00e1ly\u00e1zat_v\u00e9lem\u00e9nyez\u00e9se<\/a> <a href=\"https:\/\/semmelweis.hu\/gytk\/files\/2025\/05\/Tabi-Tamas_Gyogyszerhatastan_Igazgatoi-palyazat_f.pdf\" target=\"_blank\" rel=\"noopener\">2sz_mell\u00e9klet_int\u00e9zetigazgat\u00f3i_p\u00e1ly\u00e1zat_TT<\/a> <a href=\"https:\/\/semmelweis.hu\/gytk\/files\/2025\/05\/Tabi_Tamas_ell.-utani-munkassaga_konv_hitelesitve.pdf\" target=\"_blank\" rel=\"noopener\">3sz_mell\u00e9klet_publik\u00e1ci\u00f3s_lista<\/a> <a href=\"https:\/\/semmelweis.hu\/gytk\/files\/2025\/05\/Tabi-Tamas-ell.-utani-MTMT-osszefoglalo-tablazat_hitelesitve-003.pdf\" target=\"_blank\" rel=\"noopener\">4sz_mell\u00e9klet_MTMT_\u00f6sszefoglal\u00f3_t\u00e1bl\u00e1zat<\/a> <a href=\"https:\/\/semmelweis.hu\/gytk\/files\/2025\/05\/Biralo_Bizottsag_velemenye_jegyzokonyv_jelenleti_20250512_TabiT_GYHI_igazgatoi_palyazata_alairt.pdf\" target=\"_blank\" rel=\"noopener\">5sz_mell\u00e9klet_B\u00edr\u00e1l\u00f3_Bizotts\u00e1g_v\u00e9lem\u00e9ny<\/a> <a href=\"https:\/\/semmelweis.hu\/gytk\/files\/2025\/05\/Munkavallaloi-forum-II_jegyzokonyv-es-jelenleti-iv.pdf\" target=\"_blank\" rel=\"noopener\">6sz_mell\u00e9klet_Munkav\u00e1llal\u00f3i_F\u00f3rum_jegyz\u0151k\u00f6nyv<\/a> 6. napirendi pont <a href=\"https:\/\/semmelweis.hu\/gytk\/files\/2025\/05\/KT_Eloterjesztes_cimzetes_egyetemi_docensi_cim_adomanyozasanak_velemenyezese.pdf\" target=\"_blank\" rel=\"noopener\">KT_El\u0151terjeszt\u00e9s_az_Egyetem_\u00e1ltal_adom\u00e1nyozhat\u00f3_\u00f3raad\u00f3i_c\u00edmekre_t\u00f6rt\u00e9n\u0151_javaslatok_v\u00e9lem\u00e9nyez\u00e9se\u00a0<\/a> <a href=\"https:\/\/semmelweis.hu\/gytk\/files\/2025\/05\/6napirend_2a_szamu_melleklet_felterjesztes_KERDOIV_c_egyetemi-docens_Kovacs_Kiss-Dorottya.pdf\" target=\"_blank\" rel=\"noopener\">2a_mell\u00e9klet_Dr_Kiss_Dorottya_felterjeszt\u00e9s_K\u00c9RD\u0150\u00cdV<\/a> <a href=\"https:\/\/semmelweis.hu\/gytk\/files\/2025\/05\/6napirend_3a_szamu_melleklet_CV_Kovacs_Kiss_Dorottya.pdf\" target=\"_blank\" rel=\"noopener\">3a_mell\u00e9klet_Dr_Kiss_Dorottya_CV<\/a> <a href=\"https:\/\/semmelweis.hu\/gytk\/files\/2025\/05\/6napriend_4a_szamu_melleklet_publikacios_lista_Kovacs_Kiss_Dorottya.pdf\" target=\"_blank\" rel=\"noopener\">4a_mell\u00e9klet_Dr_Kiss_Dorottya_publik\u00e1ci\u00f3s_lista<\/a> <a href=\"https:\/\/semmelweis.hu\/gytk\/files\/2025\/05\/6napirend_5a_szamu_melleklet_vegzettseget_igazolo_dokumentumok_Kovacs_Kis_Dorottya.pdf\" target=\"_blank\" rel=\"noopener\">5a_mell\u00e9klet_Dr_Kiss_Dorottya_diplomam\u00e1solatok\u00a0<\/a> <a href=\"https:\/\/semmelweis.hu\/gytk\/files\/2025\/05\/6napirend_2b_szamu_melleklet_felterjesztes_KERDOIV_c_egyetemi-docens_Kovacs-Kristof.pdf\" target=\"_blank\" rel=\"noopener\">2b_mell\u00e9klet_Dr_ Kov\u00e1cs_Krist\u00f3f_felterjeszt\u00e9s_K\u00c9RD\u0150\u00cdV<\/a> <a href=\"https:\/\/semmelweis.hu\/gytk\/files\/2025\/05\/6napirend_3b_szamu_melleklet_CV_Kovacs_Kristof.pdf\" target=\"_blank\" rel=\"noopener\">3b_mell\u00e9klet_Dr_Kov\u00e1cs_Krist\u00f3f_CV<\/a> <a href=\"https:\/\/semmelweis.hu\/gytk\/files\/2025\/05\/6napirend_4b_szamu_melleklet_publikacios_lista_Kovacs_Kristof.pdf\" target=\"_blank\" rel=\"noopener\">4b_mell\u00e9klet_Dr_Kov\u00e1cs_Krist\u00f3f_publik\u00e1ci\u00f3s_lista<\/a> <a href=\"https:\/\/semmelweis.hu\/gytk\/files\/2025\/05\/6napirend_5b_szamu_melleklet_vegzettseget_igazolo_dokumentumok_Kovacs_Kristof.pdf\" target=\"_blank\" rel=\"noopener\">5b_mell\u00e9klet_Dr_Kov\u00e1cs_Krist\u00f3f_diplomam\u00e1solatok<\/a> 7. napirendi pont <a href=\"https:\/\/semmelweis.hu\/gytk\/files\/2025\/05\/KT_Eloterjesztes_2025_evi_zarovizsga_bizottsagok_szemelyi_osszetetelenek_meghatarozasahoz.pdf\" target=\"_blank\" rel=\"noopener\">KT_El\u0151terjeszt\u00e9s_javaslat_a_2025_\u00e9vi_z\u00e1r\u00f3vizsga_bizotts\u00e1gok_szem\u00e9lyi_\u00f6sszet\u00e9tel\u00e9re<\/a> 8. napirendi pont <a href=\"https:\/\/semmelweis.hu\/gytk\/files\/2025\/05\/KT_Eloterjesztes__a_2025_evi_Jubileumi_diszoklevelek_odaitelesere.pdf\" target=\"_blank\" rel=\"noopener\">KT_El\u0151terjeszt\u00e9s_a_2025_\u00e9vi_jubileumi_d\u00edszoklevelek_oda\u00edt\u00e9l\u00e9se<\/a> <a href=\"https:\/\/semmelweis.hu\/gytk\/files\/2025\/05\/Kari-Tanacs-jubilansok-nevsora-1.pdf\" target=\"_blank\" rel=\"noopener\">2sz_mell\u00e9klet_Jubileumi_d\u00edszoklevelet_ig\u00e9nyl\u0151k_n\u00e9vsora<\/a> 9. napirendi pont <a href=\"https:\/\/semmelweis.hu\/gytk\/files\/2025\/05\/9_napirend_KT_Eloterjesztes_Pannonia_Osztondijprogram_kari_eljarasrend_2025_alairt.pdf\">KT_El\u0151terjeszt\u00e9s_a_Pann\u00f3nia_\u00d6szt\u00f6nd\u00edjprogramhoz_kapcsol\u00f3d\u00f3_kari_elj\u00e1r\u00e1si_rend_elfogad\u00e1sa<\/a> <a href=\"https:\/\/semmelweis.hu\/gytk\/files\/2025\/05\/9napireind_2szamu_melleklet_Pannonia_Osztondij_GYTK_kari_eljarasrend_20250515_honlapra.pdf\">2sz_mell\u00e9klet_Pann\u00f3nia_\u00d6szt\u00f6nd\u00edjprogramhoz_kapcsol\u00f3d\u00f3_kari_elj\u00e1r\u00e1srend<\/a> 10. napirendi pont T\u00e1j\u00e9koztat\u00f3 az el\u0151z\u0151 f\u00e9l\u00e9v (2024\/2025\/1) tanulm\u00e1nyi eredm\u00e9nyeir\u0151l <a href=\"https:\/\/semmelweis.hu\/gytk\/files\/2025\/05\/10.-napirendi-pont-1a-melleklet_magyar.pdf\" target=\"_blank\" rel=\"noopener\">1a mell\u00e9klet_magyar<\/a> <a href=\"https:\/\/semmelweis.hu\/gytk\/files\/2025\/05\/10.-napirendi-pont-1b-mellekle_angol.pdf\" target=\"_blank\" rel=\"noopener\">1b mell\u00e9klet_angol<\/a> <a href=\"https:\/\/semmelweis.hu\/gytk\/files\/2025\/05\/10.-napirendi-pont-1c-melleklet.pdf\" target=\"_blank\" rel=\"noopener\">1c mell\u00e9klet_n\u00e9met<\/a> 10. napirendi pont <a href=\"https:\/\/semmelweis.hu\/gytk\/files\/2025\/05\/11napirend_Szakkepzohelyek-akkreditacios-kerelme.pdf\" target=\"_blank\" rel=\"noopener\">Szakk\u00e9pz\u0151helyek akkredit\u00e1ci\u00f3s k\u00e9relme<\/a> &hellip;<\/p>\n","protected":false},"author":101431,"featured_media":0,"parent":5323,"menu_order":61,"comment_status":"closed","ping_status":"closed","template":"","meta":{"_acf_changed":false,"footnotes":""},"categories":[],"tags":[],"class_list":["post-17342","page","type-page","status-publish","hentry"],"acf":[],"_links":{"self":[{"href":"https:\/\/semmelweis.hu\/gytk\/wp-json\/wp\/v2\/pages\/17342","targetHints":{"allow":["GET"]}}],"collection":[{"href":"https:\/\/semmelweis.hu\/gytk\/wp-json\/wp\/v2\/pages"}],"about":[{"href":"https:\/\/semmelweis.hu\/gytk\/wp-json\/wp\/v2\/types\/page"}],"author":[{"embeddable":true,"href":"https:\/\/semmelweis.hu\/gytk\/wp-json\/wp\/v2\/users\/101431"}],"replies":[{"embeddable":true,"href":"https:\/\/semmelweis.hu\/gytk\/wp-json\/wp\/v2\/comments?post=17342"}],"version-history":[{"count":3,"href":"https:\/\/semmelweis.hu\/gytk\/wp-json\/wp\/v2\/pages\/17342\/revisions"}],"predecessor-version":[{"id":17345,"href":"https:\/\/semmelweis.hu\/gytk\/wp-json\/wp\/v2\/pages\/17342\/revisions\/17345"}],"up":[{"embeddable":true,"href":"https:\/\/semmelweis.hu\/gytk\/wp-json\/wp\/v2\/pages\/5323"}],"wp:attachment":[{"href":"https:\/\/semmelweis.hu\/gytk\/wp-json\/wp\/v2\/media?parent=17342"}],"wp:term":[{"taxonomy":"category","embeddable":true,"href":"https:\/\/semmelweis.hu\/gytk\/wp-json\/wp\/v2\/categories?post=17342"},{"taxonomy":"post_tag","embeddable":true,"href":"https:\/\/semmelweis.hu\/gytk\/wp-json\/wp\/v2\/tags?post=17342"}],"curies":[{"name":"wp","href":"https:\/\/api.w.org\/{rel}","templated":true}]}}