{"id":16820,"date":"2024-12-05T10:47:44","date_gmt":"2024-12-05T09:47:44","guid":{"rendered":"https:\/\/semmelweis.hu\/gytk\/?page_id=16820"},"modified":"2024-12-05T10:48:27","modified_gmt":"2024-12-05T09:48:27","slug":"2024-december-4","status":"publish","type":"page","link":"https:\/\/semmelweis.hu\/gytk\/a-karrol\/kari-tanacs\/kari-tanacs-eloterjesztesek\/2024-december-4\/","title":{"rendered":"2024. december 4."},"content":{"rendered":"<p style=\"padding-left: 160px;text-align: center\"><span style=\"font-size: 12pt\"><strong>Kari Tan\u00e1cs \u00fcl\u00e9s 2024. december 4. 14:00<\/strong><\/span><\/p>\n<p style=\"text-align: justify\"><span style=\"font-size: 12pt\"><strong><a href=\"https:\/\/semmelweis.hu\/gytk\/files\/2024\/11\/Meghivo.pdf\" target=\"_blank\" rel=\"noopener\">Megh\u00edv\u00f3<\/a><\/strong><\/span><\/p>\n<p style=\"text-align: justify\"><span style=\"font-size: 12pt\"><strong>2. napirendi pont<\/strong><\/span><\/p>\n<ul style=\"text-align: justify\">\n<li><strong><span style=\"font-size: 12pt\"><a href=\"https:\/\/semmelweis.hu\/gytk\/files\/2024\/11\/KT_Eloterjesztes_kari_allando_bizottsagok_osszetetelenek_modositasa_TMB.pdf\" target=\"_blank\" rel=\"noopener\">KT_El\u0151terjeszt\u00e9s_a Kari_\u00e1lland\u00f3_bizotts\u00e1g_szem\u00e9lyi_\u00f6sszet\u00e9tel\u00e9nek_m\u00f3dos\u00edt\u00e1sa<\/a><\/span><\/strong><\/li>\n<\/ul>\n<p style=\"text-align: justify\"><span style=\"font-size: 12pt\"><strong>3. napirendi pont<\/strong><\/span><\/p>\n<ul style=\"text-align: justify\">\n<li><span style=\"font-size: 12pt\"><a href=\"https:\/\/semmelweis.hu\/gytk\/files\/2024\/11\/KT_Eloterjesztes_nyelvi_kovetelmenyek_potositasa_a_hatalyos_mintatantervekben_szenatusi_felhatalmazas_alapjan.pdf\" target=\"_blank\" rel=\"noopener\"><strong>KT_El\u0151terjeszt\u00e9s_Nyelvi_k\u00f6vetelm\u00e9nyek_pontos\u00edt\u00e1sa_a_hat\u00e1lyos_mintatantervben_szen\u00e1tusi_felhatalmaz\u00e1s_szerint<\/strong><\/a><\/span><\/li>\n<\/ul>\n<p style=\"padding-left: 40px\"><span style=\"font-size: 12pt\"><a href=\"https:\/\/semmelweis.hu\/gytk\/files\/2024\/11\/3_napirendi_pont_2sz_melleklet_Nyelvi-kovetelmeny-I.evf_MINTATANTERV_2024_25.pdf\" target=\"_blank\" rel=\"noopener\">3_napirendi_pont_2sz_mell\u00e9klet_Nyelvi_k\u00f6vetelm\u00e9ny_I.\u00e9vf_MINTATANTERV_2024_25<\/a><\/span><\/p>\n<p style=\"padding-left: 40px\"><span style=\"font-size: 12pt\"><a href=\"https:\/\/semmelweis.hu\/gytk\/files\/2024\/11\/3_napirendi_pont_3sz_melleklet_Nyelvi-kovetelmeny-II.evf_MINTATANTERV_2024_25.pdf\" target=\"_blank\" rel=\"noopener\">3_napirendi_pont_3sz_mell\u00e9klet_Nyelvi_k\u00f6vetelm\u00e9ny_ II.\u00e9vf_MINTATANTERV_2024_25<\/a><\/span><\/p>\n<p style=\"padding-left: 40px\"><span style=\"font-size: 12pt\"><a href=\"https:\/\/semmelweis.hu\/gytk\/files\/2024\/11\/3_napirendi_pont_4sz_melleklet_Nyelvi-kovetelmeny-III.evf_MINTATANTERV_2024_25.pdf\" target=\"_blank\" rel=\"noopener\">3_napirendi_pont_4sz_mell\u00e9klet_Nyelvi_k\u00f6vetelm\u00e9ny_ III.\u00e9vf_MINTATANTERV_2024_25<\/a><\/span><\/p>\n<p style=\"padding-left: 40px\"><span style=\"font-size: 12pt\"><a href=\"https:\/\/semmelweis.hu\/gytk\/files\/2024\/11\/3_napirendi_pont_5sz_melleklet_Nyelvi-kovetelmeny-IV.evf_MINTATANTERV_2024_25.pdf\" target=\"_blank\" rel=\"noopener\">3_napirendi_pont_5sz_mell\u00e9klet_Nyelvi_k\u00f6vetelm\u00e9ny_ IV.\u00e9vf_MINTATANTERV_2024_25<\/a><\/span><\/p>\n<p style=\"padding-left: 40px\"><span style=\"font-size: 12pt\"><a href=\"https:\/\/semmelweis.hu\/gytk\/files\/2024\/11\/3_napirendi_pont_6sz_melleklet_Nyelvi-kovetelmeny-V.evf_MINTATANTERV_2024_25-1.pdf\" target=\"_blank\" rel=\"noopener\">3_napirendi_pont_6sz_mell\u00e9klet_Nyelvi k\u00f6vetelm\u00e9ny V.\u00e9vf_MINTATANTERV_2024_25<\/a><\/span><\/p>\n<p style=\"text-align: justify\"><span style=\"font-size: 12pt\"><strong>4. napirendi pont<\/strong><\/span><\/p>\n<ul style=\"text-align: justify\">\n<li><strong><span style=\"font-size: 12pt\"><a href=\"https:\/\/semmelweis.hu\/gytk\/files\/2024\/11\/KT_Eloterjesztes_OMHV_kari_eljarasrend_felulvizsgalata.pdf\" target=\"_blank\" rel=\"noopener\">KT_El\u0151terjeszt\u00e9s_az_Oktat\u00f3i_Munka_Hallgat\u00f3i_V\u00e9lem\u00e9nyez\u00e9se_kari_elj\u00e1r\u00e1srend_fel\u00fclvizsg\u00e1lata<\/a><\/span><\/strong>\n<ul style=\"text-align: justify\">\n<li><span style=\"font-size: 12pt\"><a href=\"https:\/\/semmelweis.hu\/gytk\/files\/2024\/11\/OMHV_eljarasrend_felulvizsgalat_20241121_V3.pdf\" target=\"_blank\" rel=\"noopener\">4napirendi_pont_2sz_mell\u00e9klet_OMHV_elj\u00e1r\u00e1srend_fel\u00fclvizsg\u00e1lat<\/a><\/span><\/li>\n<\/ul>\n<\/li>\n<\/ul>\n<p style=\"text-align: justify\"><span style=\"font-size: 12pt\"><strong>5. napirendi pont<\/strong><\/span><\/p>\n<p><span style=\"font-size: 12pt\"><strong>T\u00e1j\u00e9koztat\u00f3_az_el\u0151z\u0151_f\u00e9l\u00e9v_2023\/2024\/2_tanulm\u00e1nyi_eredm\u00e9nyeir\u0151l<\/strong><\/span><\/p>\n<ul>\n<li><span style=\"font-size: 12pt\"><a href=\"https:\/\/semmelweis.hu\/gytk\/files\/2024\/11\/5.-napirendi-pont_1a_melleklet_tajekoztato_a-2023_2024_1_felev_eredmenyeirol_magyar.pdf\" target=\"_blank\" rel=\"noopener\">5. napirendi pont_1a_mell\u00e9klet_t\u00e1j\u00e9koztat\u00f3_a 2023_2024_2_f\u00e9l\u00e9v_eredm\u00e9nyeir\u0151l_magyar<\/a><\/span><\/li>\n<li><span style=\"font-size: 12pt\"><a href=\"https:\/\/semmelweis.hu\/gytk\/files\/2024\/11\/5.-napirendi-pont_1b_melleklet_tajekoztato_a-2023_2024_1_felev_eredmenyeirol_angol.pdf\" target=\"_blank\" rel=\"noopener\">5. napirendi pont_1b_mell\u00e9klet_t\u00e1j\u00e9koztat\u00f3_a 2023_2024_2_f\u00e9l\u00e9v_eredm\u00e9nyeir\u0151l_angol<\/a><\/span><\/li>\n<li><span style=\"font-size: 12pt\"><a href=\"https:\/\/semmelweis.hu\/gytk\/files\/2024\/11\/5.-napirendi-pont_1c_melleklet_tajekoztato_a-2023_2024_1_felev_eredmenyeirol_nemet.pdf\" target=\"_blank\" rel=\"noopener\">5. napirendi pont_1c_mell\u00e9klet_t\u00e1j\u00e9koztat\u00f3_a 2023_2024_2_f\u00e9l\u00e9v_eredm\u00e9nyeir\u0151l_n\u00e9met<\/a><\/span><\/li>\n<\/ul>\n<p style=\"text-align: justify\"><span style=\"font-size: 12pt\"><strong>6. napirendi pont<\/strong><\/span><\/p>\n<ul style=\"text-align: justify\">\n<li><strong><span style=\"font-size: 12pt\"><a href=\"https:\/\/semmelweis.hu\/gytk\/files\/2024\/11\/Szakkepzohelyek-akkreditaciojanak-velemenyezese_.pdf\" target=\"_blank\" rel=\"noopener\">Szakk\u00e9pz\u0151helyek akkredit\u00e1ci\u00f3j\u00e1nak v\u00e9lem\u00e9nyez\u00e9se<\/a><\/span><\/strong><\/li>\n<\/ul>\n<p style=\"text-align: justify\">\u00a0<\/p>\n","protected":false},"excerpt":{"rendered":"<p>Kari Tan\u00e1cs \u00fcl\u00e9s 2024. december 4. 14:00<br \/>\n<a href=\"https:\/\/semmelweis.hu\/gytk\/files\/2024\/11\/Meghivo.pdf\" target=\"_blank\" rel=\"noopener\">Megh\u00edv\u00f3<\/a><br \/>\n2. napirendi pont<\/p>\n<p><a href=\"https:\/\/semmelweis.hu\/gytk\/files\/2024\/11\/KT_Eloterjesztes_kari_allando_bizottsagok_osszetetelenek_modositasa_TMB.pdf\" target=\"_blank\" rel=\"noopener\">KT_El\u0151terjeszt\u00e9s_a Kari_\u00e1lland\u00f3_bizotts\u00e1g_szem\u00e9lyi_\u00f6sszet\u00e9tel\u00e9nek_m\u00f3dos\u00edt\u00e1sa<\/a><\/p>\n<p>3. napirendi pont<\/p>\n<p><a href=\"https:\/\/semmelweis.hu\/gytk\/files\/2024\/11\/KT_Eloterjesztes_nyelvi_kovetelmenyek_potositasa_a_hatalyos_mintatantervekben_szenatusi_felhatalmazas_alapjan.pdf\" target=\"_blank\" rel=\"noopener\">KT_El\u0151terjeszt\u00e9s_Nyelvi_k\u00f6vetelm\u00e9nyek_pontos\u00edt\u00e1sa_a_hat\u00e1lyos_mintatantervben_szen\u00e1tusi_felhatalmaz\u00e1s_szerint<\/a><\/p>\n<p><a href=\"https:\/\/semmelweis.hu\/gytk\/files\/2024\/11\/3_napirendi_pont_2sz_melleklet_Nyelvi-kovetelmeny-I.evf_MINTATANTERV_2024_25.pdf\" target=\"_blank\" rel=\"noopener\">3_napirendi_pont_2sz_mell\u00e9klet_Nyelvi_k\u00f6vetelm\u00e9ny_I.\u00e9vf_MINTATANTERV_2024_25<\/a><br \/>\n<a href=\"https:\/\/semmelweis.hu\/gytk\/files\/2024\/11\/3_napirendi_pont_3sz_melleklet_Nyelvi-kovetelmeny-II.evf_MINTATANTERV_2024_25.pdf\" target=\"_blank\" rel=\"noopener\">3_napirendi_pont_3sz_mell\u00e9klet_Nyelvi_k\u00f6vetelm\u00e9ny_ II.\u00e9vf_MINTATANTERV_2024_25<\/a><br \/>\n<a href=\"https:\/\/semmelweis.hu\/gytk\/files\/2024\/11\/3_napirendi_pont_4sz_melleklet_Nyelvi-kovetelmeny-III.evf_MINTATANTERV_2024_25.pdf\" target=\"_blank\" rel=\"noopener\">3_napirendi_pont_4sz_mell\u00e9klet_Nyelvi_k\u00f6vetelm\u00e9ny_ III.\u00e9vf_MINTATANTERV_2024_25<\/a><br \/>\n<a href=\"https:\/\/semmelweis.hu\/gytk\/files\/2024\/11\/3_napirendi_pont_5sz_melleklet_Nyelvi-kovetelmeny-IV.evf_MINTATANTERV_2024_25.pdf\" target=\"_blank\" rel=\"noopener\">3_napirendi_pont_5sz_mell\u00e9klet_Nyelvi_k\u00f6vetelm\u00e9ny_ IV.\u00e9vf_MINTATANTERV_2024_25<\/a><br \/>\n<a href=\"https:\/\/semmelweis.hu\/gytk\/files\/2024\/11\/3_napirendi_pont_6sz_melleklet_Nyelvi-kovetelmeny-V.evf_MINTATANTERV_2024_25-1.pdf\" target=\"_blank\" rel=\"noopener\">3_napirendi_pont_6sz_mell\u00e9klet_Nyelvi k\u00f6vetelm\u00e9ny V.\u00e9vf_MINTATANTERV_2024_25<\/a><br \/>\n4. napirendi pont<\/p>\n<p><a href=\"https:\/\/semmelweis.hu\/gytk\/files\/2024\/11\/KT_Eloterjesztes_OMHV_kari_eljarasrend_felulvizsgalata.pdf\" target=\"_blank\" rel=\"noopener\">KT_El\u0151terjeszt\u00e9s_az_Oktat\u00f3i_Munka_Hallgat\u00f3i_V\u00e9lem\u00e9nyez\u00e9se_kari_elj\u00e1r\u00e1srend_fel\u00fclvizsg\u00e1lata<\/a><\/p>\n<p><a href=\"https:\/\/semmelweis.hu\/gytk\/files\/2024\/11\/OMHV_eljarasrend_felulvizsgalat_20241121_V3.pdf\" target=\"_blank\" rel=\"noopener\">4napirendi_pont_2sz_mell\u00e9klet_OMHV_elj\u00e1r\u00e1srend_fel\u00fclvizsg\u00e1lat<\/a><\/p>\n<p>5. napirendi pont<br \/>\nT\u00e1j\u00e9koztat\u00f3_az_el\u0151z\u0151_f\u00e9l\u00e9v_2023\/2024\/2_tanulm\u00e1nyi_eredm\u00e9nyeir\u0151l<\/p>\n<p><a href=\"https:\/\/semmelweis.hu\/gytk\/files\/2024\/11\/5.-napirendi-pont_1a_melleklet_tajekoztato_a-2023_2024_1_felev_eredmenyeirol_magyar.pdf\" target=\"_blank\" rel=\"noopener\">5. napirendi pont_1a_mell\u00e9klet_t\u00e1j\u00e9koztat\u00f3_a 2023_2024_2_f\u00e9l\u00e9v_eredm\u00e9nyeir\u0151l_magyar<\/a><br \/>\n<a href=\"https:\/\/semmelweis.hu\/gytk\/files\/2024\/11\/5.-napirendi-pont_1b_melleklet_tajekoztato_a-2023_2024_1_felev_eredmenyeirol_angol.pdf\" target=\"_blank\" rel=\"noopener\">5. napirendi pont_1b_mell\u00e9klet_t\u00e1j\u00e9koztat\u00f3_a 2023_2024_2_f\u00e9l\u00e9v_eredm\u00e9nyeir\u0151l_angol<\/a><br \/>\n<a href=\"https:\/\/semmelweis.hu\/gytk\/files\/2024\/11\/5.-napirendi-pont_1c_melleklet_tajekoztato_a-2023_2024_1_felev_eredmenyeirol_nemet.pdf\" target=\"_blank\" rel=\"noopener\">5. napirendi pont_1c_mell\u00e9klet_t\u00e1j\u00e9koztat\u00f3_a 2023_2024_2_f\u00e9l\u00e9v_eredm\u00e9nyeir\u0151l_n\u00e9met<\/a><\/p>\n<p>6. napirendi pont<\/p>\n<p><a href=\"https:\/\/semmelweis.hu\/gytk\/files\/2024\/11\/Szakkepzohelyek-akkreditaciojanak-velemenyezese_.pdf\" target=\"_blank\" rel=\"noopener\">Szakk\u00e9pz\u0151helyek akkredit\u00e1ci\u00f3j\u00e1nak v\u00e9lem\u00e9nyez\u00e9se<\/a><\/p>\n<p>\u00a0<\/p>\n","protected":false},"author":101431,"featured_media":0,"parent":5323,"menu_order":59,"comment_status":"closed","ping_status":"closed","template":"","meta":{"_acf_changed":false,"footnotes":""},"categories":[],"tags":[],"class_list":["post-16820","page","type-page","status-publish","hentry"],"acf":[],"_links":{"self":[{"href":"https:\/\/semmelweis.hu\/gytk\/wp-json\/wp\/v2\/pages\/16820","targetHints":{"allow":["GET"]}}],"collection":[{"href":"https:\/\/semmelweis.hu\/gytk\/wp-json\/wp\/v2\/pages"}],"about":[{"href":"https:\/\/semmelweis.hu\/gytk\/wp-json\/wp\/v2\/types\/page"}],"author":[{"embeddable":true,"href":"https:\/\/semmelweis.hu\/gytk\/wp-json\/wp\/v2\/users\/101431"}],"replies":[{"embeddable":true,"href":"https:\/\/semmelweis.hu\/gytk\/wp-json\/wp\/v2\/comments?post=16820"}],"version-history":[{"count":2,"href":"https:\/\/semmelweis.hu\/gytk\/wp-json\/wp\/v2\/pages\/16820\/revisions"}],"predecessor-version":[{"id":16822,"href":"https:\/\/semmelweis.hu\/gytk\/wp-json\/wp\/v2\/pages\/16820\/revisions\/16822"}],"up":[{"embeddable":true,"href":"https:\/\/semmelweis.hu\/gytk\/wp-json\/wp\/v2\/pages\/5323"}],"wp:attachment":[{"href":"https:\/\/semmelweis.hu\/gytk\/wp-json\/wp\/v2\/media?parent=16820"}],"wp:term":[{"taxonomy":"category","embeddable":true,"href":"https:\/\/semmelweis.hu\/gytk\/wp-json\/wp\/v2\/categories?post=16820"},{"taxonomy":"post_tag","embeddable":true,"href":"https:\/\/semmelweis.hu\/gytk\/wp-json\/wp\/v2\/tags?post=16820"}],"curies":[{"name":"wp","href":"https:\/\/api.w.org\/{rel}","templated":true}]}}